{"id":10130,"date":"2026-02-24T10:19:18","date_gmt":"2026-02-24T10:19:18","guid":{"rendered":"https:\/\/jassmine.com\/concert\/monika-borzym-z-wasowskim-do-lozka\/"},"modified":"2026-03-04T15:42:20","modified_gmt":"2026-03-04T15:42:20","slug":"monika-borzym-z-wasowskim-do-lozka","status":"publish","type":"concert","link":"https:\/\/jassmine.com\/en\/concert\/monika-borzym-z-wasowskim-do-lozka\/","title":{"rendered":"Monika Borzym: z Wasowskim do \u0142\u00f3\u017cka"},"content":{"rendered":"\n<div id=\"heading-text-block_699d7b26181d8\" class=\"heading-text\">\n\n  <div>\n        <h2 class=\"heading-text__heading font-serif fs-24 lh-1-28 fs-dt-40 lh-1-2\">Monika Borzym powraca na wiosn\u0119 do Jassmine! Jej najnowszy projekt to piosenki Jej ukochanego polskiego kompozytora, Jerzego Wasowskiego.<\/h2>\n      <\/div>\n\n  <div>\n        <div class=\"heading-text__content fs-20 ls-0-4 lh-1-4\">\n      <p><span style=\"font-weight: 400;\">Bliskie zwi\u0105zki Moniki z tw\u00f3rczo\u015bci\u0105 pana Jerzego trwaj\u0105 od wielu lat. \u201eKocham Jerzego Wasowskiego za Jego lekko\u015b\u0107, za jego muzyczny dowcip, jazzow\u0105 fraz\u0119, ale r\u00f3wnie\u017c poruszaj\u0105c\u0105 we mnie wszystko liryk\u0119. Jego muzyka jest dla mnie \u017ar\u00f3d\u0142em wzrusze\u0144, ciarek na ca\u0142ym ciele, mokrych oczu, chichotu, szerokiego u\u015bmiechu i ogromnej ch\u0119ci \u015bpiewania! Bo ja naprawd\u0119 \u015bpiewam dla takich piosenek. Gdyby nie by\u0142o na \u015bwiecie kompozycji Pana Jerzego, to znaj\u0105c m\u00f3j temperament, pewnie ju\u017c dawno \u015bpiewanie by mi si\u0119 po prostu znudzi\u0142o.\u201d<\/span><\/p>\n<p><span style=\"font-weight: 400;\">Monika \u015bpiewa piosenki Wasowskiego od liceum i jedn\u0105 z wi\u0119kszych frajd jej artystycznego \u017cycia by\u0142o za\u015bpiewanie w duecie z Panem Jerzym piosenki \u201eFortuna Ko\u0142em si\u0119 toczy\u201d w aran\u017cacji Krzysztofa Herdzina na p\u0142ycie \u201eWasowski Odnaleziony. Kto\u015b zbudzi\u0142 mnie\u201d w 2013r. W 2017 wcieli\u0142a si\u0119 w Kalin\u0119 J\u0119drusik w programie TTBZ \u015bpiewaj\u0105c \u201eBo we mnie jest sex\u201d W 2024 roku wyst\u0105pi\u0142a z Big Bandem Uniwersytetu Fryderyka Chopina w programie \u201eNie tylko Wasowski\u201d.<\/span><\/p>\n<p><span style=\"font-weight: 400;\">Album z piosenkami Jerzego Wasowskiego uka\u017ce si\u0119 jesieni\u0105 2025 roku przy wsp\u00f3\u0142pracy z Fundacj\u0105 im. Jerzego Wasowskiego. Artystka dokona\u0142a wyboru piosenek tak aby uk\u0142ada\u0142y si\u0119 w koncept natury muzyczno-terapeutycznej zwiazanej z Jej zawodem psychoseksuolo\u017cki. Koncept \u0142\u0105cz\u0105cy lirycznew\u0105tki mi\u0142osne z naturaln\u0105 urod\u0105 tych piosenek zaaran\u017cowanych na trio: Krzysztof Dys \u2013 fortepian, Maciej Szczyci\u0144ski \u2013 kontrabas, Marcin U\u0142anowski \u2013 perkusja, z wokalem Moniki. Na p\u0142ycie obok piosenek takich jak m.in. \u017begnaj Kotku, Mi\u0142o\u015b\u0107 u w\u00f3d, B\u0105d\u017a dobry i dla m\u0119\u017ca, Lubi\u0119 byc szcz\u0119\u015bliwa \u2013 znajdzie si\u0119 premierowy utw\u00f3r, do kt\u00f3rego tekst napisa\u0142 Grzegorz Wasowski \u2013 \u201eZ Wasowskim do \u0142\u00f3\u017cka\u201d.<\/span><\/p>\n    <\/div>\n      <\/div>\n\n<\/div>\n\n<div id=\"asset-block_699d7b26195c5\" class=\"asset-block\">\n\n  \n<figure\n  class=\"asset asset-block__asset\"\n  data-asset\n    >\n\n  <img decoding=\"async\" width=\"2102\" height=\"1402\" src=\"https:\/\/jassmine.com\/wp-content\/uploads\/2026\/02\/DSC08979f.png\" class=\"asset__image dt-only\" alt=\"\" loading=\"lazy\" srcset=\"https:\/\/jassmine.com\/wp-content\/uploads\/2026\/02\/DSC08979f.png 2102w, https:\/\/jassmine.com\/wp-content\/uploads\/2026\/02\/DSC08979f-960x640.png 960w, https:\/\/jassmine.com\/wp-content\/uploads\/2026\/02\/DSC08979f-1280x854.png 1280w, https:\/\/jassmine.com\/wp-content\/uploads\/2026\/02\/DSC08979f-540x360.png 540w, https:\/\/jassmine.com\/wp-content\/uploads\/2026\/02\/DSC08979f-768x512.png 768w, https:\/\/jassmine.com\/wp-content\/uploads\/2026\/02\/DSC08979f-1536x1024.png 1536w, https:\/\/jassmine.com\/wp-content\/uploads\/2026\/02\/DSC08979f-2048x1366.png 2048w\" sizes=\"auto, (max-width: 2102px) 100vw, 2102px\" \/><img decoding=\"async\" width=\"2102\" height=\"1402\" src=\"https:\/\/jassmine.com\/wp-content\/uploads\/2026\/02\/DSC08979f.png\" class=\"asset__image asset__image--mob mob-only\" alt=\"\" loading=\"lazy\" srcset=\"https:\/\/jassmine.com\/wp-content\/uploads\/2026\/02\/DSC08979f.png 2102w, https:\/\/jassmine.com\/wp-content\/uploads\/2026\/02\/DSC08979f-960x640.png 960w, https:\/\/jassmine.com\/wp-content\/uploads\/2026\/02\/DSC08979f-1280x854.png 1280w, https:\/\/jassmine.com\/wp-content\/uploads\/2026\/02\/DSC08979f-540x360.png 540w, https:\/\/jassmine.com\/wp-content\/uploads\/2026\/02\/DSC08979f-768x512.png 768w, https:\/\/jassmine.com\/wp-content\/uploads\/2026\/02\/DSC08979f-1536x1024.png 1536w, https:\/\/jassmine.com\/wp-content\/uploads\/2026\/02\/DSC08979f-2048x1366.png 2048w\" sizes=\"auto, (max-width: 2102px) 100vw, 2102px\" \/>\n<\/figure>\n\n<\/div>\n\n<section id=\"band-block_699d7b261acac\" class=\"band font-sans-title fs-20 lh-1-4 ls-0-4 fs-dt-32 lh-dt-1-04 ls-dt-0\">\n\n  <div class=\"band__column band__column--title\">\n      <p class=\"band__title\">The band<\/p>\n    <\/div>\n\n  <div class=\"band__column band__column--band\">\n  \n    <ul class=\"unstyled-list band__list\">\n      \n      <li class=\"band__item\">\n\n        <span class=\"band__name\">Monika Borzym<\/span>\n                <span class=\"band__description fs-12 lh-1-12 fs-dt-20 lh-dt-1-4 ls-dt-0-4\">wokal<\/span>\n        \n      <\/li>\n\n      \n      <li class=\"band__item\">\n\n        <span class=\"band__name\">Krzysztof Dys<\/span>\n                <span class=\"band__description fs-12 lh-1-12 fs-dt-20 lh-dt-1-4 ls-dt-0-4\">fortepian<\/span>\n        \n      <\/li>\n\n      \n      <li class=\"band__item\">\n\n        <span class=\"band__name\">Maciej Szczyci\u0144ski<\/span>\n                <span class=\"band__description fs-12 lh-1-12 fs-dt-20 lh-dt-1-4 ls-dt-0-4\"> kontrabas <\/span>\n        \n      <\/li>\n\n      \n      <li class=\"band__item\">\n\n        <span class=\"band__name\">Marcin U\u0142anowski<\/span>\n                <span class=\"band__description fs-12 lh-1-12 fs-dt-20 lh-dt-1-4 ls-dt-0-4\">perkusja <\/span>\n        \n      <\/li>\n\n      \n      <li class=\"band__item\">\n\n        <span class=\"band__name\">Henryk Mi\u015bkiewicz<\/span>\n                <span class=\"band__description fs-12 lh-1-12 fs-dt-20 lh-dt-1-4 ls-dt-0-4\">saksofon<\/span>\n        \n      <\/li>\n\n      \n    <\/ul>\n\n    <\/div>\n\n<\/section>\n\n<figure class=\"wp-block-embed is-type-video is-provider-youtube wp-block-embed-youtube wp-embed-aspect-4-3 wp-has-aspect-ratio\"><div class=\"wp-block-embed__wrapper\">\r\n<iframe loading=\"lazy\" title=\"Monika Borzym - &quot;Takie Cia\u0142o&quot;\" width=\"500\" height=\"375\" src=\"https:\/\/www.youtube.com\/embed\/BJC3XW7dn9M?feature=oembed\" frameborder=\"0\" allow=\"accelerometer; autoplay; clipboard-write; encrypted-media; gyroscope; picture-in-picture; web-share\" referrerpolicy=\"strict-origin-when-cross-origin\" allowfullscreen><\/iframe>\r\n<\/div><\/figure><br>\n\n<section id=\"apple-embed-block_699d7b261b2f0\" class=\"apple-embed\">\n  <iframe allow=\"autoplay *; encrypted-media *;\" frameborder=\"0\" height=\"450\" style=\"width:100%;max-width:660px;overflow:hidden;background:transparent;\" sandbox=\"allow-forms allow-popups allow-same-origin allow-scripts allow-storage-access-by-user-activation allow-top-navigation-by-user-activation\" src=\"https:\/\/embed.music.apple.com\/pl\/album\/ko%C5%82ysanki-dla-doros%C5%82ych\/1729662644?l=pl\"><\/iframe><\/section>\n\n<section id=\"concert-info-block_699d7b261bece\" class=\"concert-info\">\n\n  <div class=\"concert-info__column concert-info__column--info fs-20 lh-1-4 ls-0-4 fs-dt-32 lh-dt-1-04 ls-dt-0\">\n      <p class=\"concert-info__info\">Door 19:00<br \/>\r\nStart 20:30<\/p>\n    <\/div>\n\n  <div class=\"concert-info__column concert-info__column--additional fs-20 lh-1-4 ls-0-4\">\n      <p class=\"concert-info__additional\">We do not take table reservations. <br \/>\r\nWe encourage you to arrive early and find a seat.<\/p>\n    <\/div>\n\n<\/section>\n","protected":false},"template":"","meta":{"_acf_changed":false,"inline_featured_image":false},"class_list":["post-10130","concert","type-concert","status-publish","hentry"],"acf":[],"yoast_head":"<!-- This site is optimized with the Yoast SEO plugin v26.4 - https:\/\/yoast.com\/wordpress\/plugins\/seo\/ -->\n<title>Monika Borzym: z Wasowskim do \u0142\u00f3\u017cka - jassmine<\/title>\n<meta name=\"robots\" content=\"index, follow, max-snippet:-1, max-image-preview:large, max-video-preview:-1\" \/>\n<link rel=\"canonical\" href=\"https:\/\/jassmine.com\/en\/concert\/monika-borzym-z-wasowskim-do-lozka\/\" \/>\n<meta property=\"og:locale\" content=\"en_US\" \/>\n<meta property=\"og:type\" content=\"article\" \/>\n<meta property=\"og:title\" content=\"Monika Borzym: z Wasowskim do \u0142\u00f3\u017cka - jassmine\" \/>\n<meta property=\"og:url\" content=\"https:\/\/jassmine.com\/en\/concert\/monika-borzym-z-wasowskim-do-lozka\/\" \/>\n<meta property=\"og:site_name\" content=\"jassmine\" \/>\n<meta property=\"article:modified_time\" content=\"2026-03-04T15:42:20+00:00\" \/>\n<meta name=\"twitter:card\" content=\"summary_large_image\" \/>\n<script type=\"application\/ld+json\" class=\"yoast-schema-graph\">{\"@context\":\"https:\/\/schema.org\",\"@graph\":[{\"@type\":\"WebPage\",\"@id\":\"https:\/\/jassmine.com\/en\/concert\/monika-borzym-z-wasowskim-do-lozka\/\",\"url\":\"https:\/\/jassmine.com\/en\/concert\/monika-borzym-z-wasowskim-do-lozka\/\",\"name\":\"Monika Borzym: z Wasowskim do \u0142\u00f3\u017cka - jassmine\",\"isPartOf\":{\"@id\":\"https:\/\/jassmine.com\/en\/#website\"},\"datePublished\":\"2026-02-24T10:19:18+00:00\",\"dateModified\":\"2026-03-04T15:42:20+00:00\",\"breadcrumb\":{\"@id\":\"https:\/\/jassmine.com\/en\/concert\/monika-borzym-z-wasowskim-do-lozka\/#breadcrumb\"},\"inLanguage\":\"en-US\",\"potentialAction\":[{\"@type\":\"ReadAction\",\"target\":[\"https:\/\/jassmine.com\/en\/concert\/monika-borzym-z-wasowskim-do-lozka\/\"]}]},{\"@type\":\"BreadcrumbList\",\"@id\":\"https:\/\/jassmine.com\/en\/concert\/monika-borzym-z-wasowskim-do-lozka\/#breadcrumb\",\"itemListElement\":[{\"@type\":\"ListItem\",\"position\":1,\"name\":\"Home\",\"item\":\"https:\/\/jassmine.com\/en\/\"},{\"@type\":\"ListItem\",\"position\":2,\"name\":\"Monika Borzym: z Wasowskim do \u0142\u00f3\u017cka\"}]},{\"@type\":\"WebSite\",\"@id\":\"https:\/\/jassmine.com\/en\/#website\",\"url\":\"https:\/\/jassmine.com\/en\/\",\"name\":\"jassmine\",\"description\":\"\",\"potentialAction\":[{\"@type\":\"SearchAction\",\"target\":{\"@type\":\"EntryPoint\",\"urlTemplate\":\"https:\/\/jassmine.com\/en\/?s={search_term_string}\"},\"query-input\":{\"@type\":\"PropertyValueSpecification\",\"valueRequired\":true,\"valueName\":\"search_term_string\"}}],\"inLanguage\":\"en-US\"}]}<\/script>\n<!-- \/ Yoast SEO plugin. -->","yoast_head_json":{"title":"Monika Borzym: z Wasowskim do \u0142\u00f3\u017cka - jassmine","robots":{"index":"index","follow":"follow","max-snippet":"max-snippet:-1","max-image-preview":"max-image-preview:large","max-video-preview":"max-video-preview:-1"},"canonical":"https:\/\/jassmine.com\/en\/concert\/monika-borzym-z-wasowskim-do-lozka\/","og_locale":"en_US","og_type":"article","og_title":"Monika Borzym: z Wasowskim do \u0142\u00f3\u017cka - jassmine","og_url":"https:\/\/jassmine.com\/en\/concert\/monika-borzym-z-wasowskim-do-lozka\/","og_site_name":"jassmine","article_modified_time":"2026-03-04T15:42:20+00:00","twitter_card":"summary_large_image","schema":{"@context":"https:\/\/schema.org","@graph":[{"@type":"WebPage","@id":"https:\/\/jassmine.com\/en\/concert\/monika-borzym-z-wasowskim-do-lozka\/","url":"https:\/\/jassmine.com\/en\/concert\/monika-borzym-z-wasowskim-do-lozka\/","name":"Monika Borzym: z Wasowskim do \u0142\u00f3\u017cka - jassmine","isPartOf":{"@id":"https:\/\/jassmine.com\/en\/#website"},"datePublished":"2026-02-24T10:19:18+00:00","dateModified":"2026-03-04T15:42:20+00:00","breadcrumb":{"@id":"https:\/\/jassmine.com\/en\/concert\/monika-borzym-z-wasowskim-do-lozka\/#breadcrumb"},"inLanguage":"en-US","potentialAction":[{"@type":"ReadAction","target":["https:\/\/jassmine.com\/en\/concert\/monika-borzym-z-wasowskim-do-lozka\/"]}]},{"@type":"BreadcrumbList","@id":"https:\/\/jassmine.com\/en\/concert\/monika-borzym-z-wasowskim-do-lozka\/#breadcrumb","itemListElement":[{"@type":"ListItem","position":1,"name":"Home","item":"https:\/\/jassmine.com\/en\/"},{"@type":"ListItem","position":2,"name":"Monika Borzym: z Wasowskim do \u0142\u00f3\u017cka"}]},{"@type":"WebSite","@id":"https:\/\/jassmine.com\/en\/#website","url":"https:\/\/jassmine.com\/en\/","name":"jassmine","description":"","potentialAction":[{"@type":"SearchAction","target":{"@type":"EntryPoint","urlTemplate":"https:\/\/jassmine.com\/en\/?s={search_term_string}"},"query-input":{"@type":"PropertyValueSpecification","valueRequired":true,"valueName":"search_term_string"}}],"inLanguage":"en-US"}]}},"_links":{"self":[{"href":"https:\/\/jassmine.com\/en\/wp-json\/wp\/v2\/concert\/10130","targetHints":{"allow":["GET"]}}],"collection":[{"href":"https:\/\/jassmine.com\/en\/wp-json\/wp\/v2\/concert"}],"about":[{"href":"https:\/\/jassmine.com\/en\/wp-json\/wp\/v2\/types\/concert"}],"wp:attachment":[{"href":"https:\/\/jassmine.com\/en\/wp-json\/wp\/v2\/media?parent=10130"}],"curies":[{"name":"wp","href":"https:\/\/api.w.org\/{rel}","templated":true}]}}

Monika Borzym: z Wasowskim do łóżka

<div id="heading-text-block_699d7b26181d8" class="heading-text">

  <div>
        <h2 class="heading-text__heading font-serif fs-24 lh-1-28 fs-dt-40 lh-1-2">Monika Borzym powraca na wiosnę do Jassmine! Jej najnowszy projekt to piosenki Jej ukochanego polskiego kompozytora, Jerzego Wasowskiego.</h2>
      </div>

  <div>
        <div class="heading-text__content fs-20 ls-0-4 lh-1-4">
      <p><span style="font-weight: 400;">Bliskie związki Moniki z twórczością pana Jerzego trwają od wielu lat. „Kocham Jerzego Wasowskiego za Jego lekkość, za jego muzyczny dowcip, jazzową frazę, ale również poruszającą we mnie wszystko lirykę. Jego muzyka jest dla mnie źródłem wzruszeń, ciarek na całym ciele, mokrych oczu, chichotu, szerokiego uśmiechu i ogromnej chęci śpiewania! Bo ja naprawdę śpiewam dla takich piosenek. Gdyby nie było na świecie kompozycji Pana Jerzego, to znając mój temperament, pewnie już dawno śpiewanie by mi się po prostu znudziło.”</span></p>
<p><span style="font-weight: 400;">Monika śpiewa piosenki Wasowskiego od liceum i jedną z większych frajd jej artystycznego życia było zaśpiewanie w duecie z Panem Jerzym piosenki „Fortuna Kołem się toczy” w aranżacji Krzysztofa Herdzina na płycie „Wasowski Odnaleziony. Ktoś zbudził mnie” w 2013r. W 2017 wcieliła się w Kalinę Jędrusik w programie TTBZ śpiewając „Bo we mnie jest sex” W 2024 roku wystąpiła z Big Bandem Uniwersytetu Fryderyka Chopina w programie „Nie tylko Wasowski”.</span></p>
<p><span style="font-weight: 400;">Album z piosenkami Jerzego Wasowskiego ukaże się jesienią 2025 roku przy współpracy z Fundacją im. Jerzego Wasowskiego. Artystka dokonała wyboru piosenek tak aby układały się w koncept natury muzyczno-terapeutycznej zwiazanej z Jej zawodem psychoseksuolożki. Koncept łączący lirycznewątki miłosne z naturalną urodą tych piosenek zaaranżowanych na trio: Krzysztof Dys – fortepian, Maciej Szczyciński – kontrabas, Marcin Ułanowski – perkusja, z wokalem Moniki. Na płycie obok piosenek takich jak m.in. Żegnaj Kotku, Miłość u wód, Bądź dobry i dla męża, Lubię byc szczęśliwa – znajdzie się premierowy utwór, do którego tekst napisał Grzegorz Wasowski – „Z Wasowskim do łóżka”.</span></p>
    </div>
      </div>

</div>

<div id="asset-block_699d7b26195c5" class="asset-block">

  
<figure
  class="asset asset-block__asset"
  data-asset
    >

  <img decoding="async" width="2102" height="1402" src="https://jassmine.com/wp-content/uploads/2026/02/DSC08979f.png" class="asset__image dt-only" alt="" loading="lazy" srcset="https://jassmine.com/wp-content/uploads/2026/02/DSC08979f.png 2102w, https://jassmine.com/wp-content/uploads/2026/02/DSC08979f-960x640.png 960w, https://jassmine.com/wp-content/uploads/2026/02/DSC08979f-1280x854.png 1280w, https://jassmine.com/wp-content/uploads/2026/02/DSC08979f-540x360.png 540w, https://jassmine.com/wp-content/uploads/2026/02/DSC08979f-768x512.png 768w, https://jassmine.com/wp-content/uploads/2026/02/DSC08979f-1536x1024.png 1536w, https://jassmine.com/wp-content/uploads/2026/02/DSC08979f-2048x1366.png 2048w" sizes="auto, (max-width: 2102px) 100vw, 2102px" /><img decoding="async" width="2102" height="1402" src="https://jassmine.com/wp-content/uploads/2026/02/DSC08979f.png" class="asset__image asset__image--mob mob-only" alt="" loading="lazy" srcset="https://jassmine.com/wp-content/uploads/2026/02/DSC08979f.png 2102w, https://jassmine.com/wp-content/uploads/2026/02/DSC08979f-960x640.png 960w, https://jassmine.com/wp-content/uploads/2026/02/DSC08979f-1280x854.png 1280w, https://jassmine.com/wp-content/uploads/2026/02/DSC08979f-540x360.png 540w, https://jassmine.com/wp-content/uploads/2026/02/DSC08979f-768x512.png 768w, https://jassmine.com/wp-content/uploads/2026/02/DSC08979f-1536x1024.png 1536w, https://jassmine.com/wp-content/uploads/2026/02/DSC08979f-2048x1366.png 2048w" sizes="auto, (max-width: 2102px) 100vw, 2102px" />
</figure>

</div>

<section id="band-block_699d7b261acac" class="band font-sans-title fs-20 lh-1-4 ls-0-4 fs-dt-32 lh-dt-1-04 ls-dt-0">

  <div class="band__column band__column--title">
      <p class="band__title">The band</p>
    </div>

  <div class="band__column band__column--band">
  
    <ul class="unstyled-list band__list">
      
      <li class="band__item">

        <span class="band__name">Monika Borzym</span>
                <span class="band__description fs-12 lh-1-12 fs-dt-20 lh-dt-1-4 ls-dt-0-4">wokal</span>
        
      </li>

      
      <li class="band__item">

        <span class="band__name">Krzysztof Dys</span>
                <span class="band__description fs-12 lh-1-12 fs-dt-20 lh-dt-1-4 ls-dt-0-4">fortepian</span>
        
      </li>

      
      <li class="band__item">

        <span class="band__name">Maciej Szczyciński</span>
                <span class="band__description fs-12 lh-1-12 fs-dt-20 lh-dt-1-4 ls-dt-0-4"> kontrabas </span>
        
      </li>

      
      <li class="band__item">

        <span class="band__name">Marcin Ułanowski</span>
                <span class="band__description fs-12 lh-1-12 fs-dt-20 lh-dt-1-4 ls-dt-0-4">perkusja </span>
        
      </li>

      
      <li class="band__item">

        <span class="band__name">Henryk Miśkiewicz</span>
                <span class="band__description fs-12 lh-1-12 fs-dt-20 lh-dt-1-4 ls-dt-0-4">saksofon</span>
        
      </li>

      
    </ul>

    </div>

</section>

<figure class="wp-block-embed is-type-video is-provider-youtube wp-block-embed-youtube wp-embed-aspect-4-3 wp-has-aspect-ratio"><div class="wp-block-embed__wrapper">
<iframe loading="lazy" title="Monika Borzym - &quot;Takie Ciało&quot;" width="500" height="375" src="https://www.youtube.com/embed/BJC3XW7dn9M?feature=oembed" frameborder="0" allow="accelerometer; autoplay; clipboard-write; encrypted-media; gyroscope; picture-in-picture; web-share" referrerpolicy="strict-origin-when-cross-origin" allowfullscreen></iframe>
</div></figure><br>

<section id="apple-embed-block_699d7b261b2f0" class="apple-embed">
  <iframe allow="autoplay *; encrypted-media *;" frameborder="0" height="450" style="width:100%;max-width:660px;overflow:hidden;background:transparent;" sandbox="allow-forms allow-popups allow-same-origin allow-scripts allow-storage-access-by-user-activation allow-top-navigation-by-user-activation" src="https://embed.music.apple.com/pl/album/ko%C5%82ysanki-dla-doros%C5%82ych/1729662644?l=pl"></iframe></section>

<section id="concert-info-block_699d7b261bece" class="concert-info">

  <div class="concert-info__column concert-info__column--info fs-20 lh-1-4 ls-0-4 fs-dt-32 lh-dt-1-04 ls-dt-0">
      <p class="concert-info__info">Door 19:00<br />
Start 20:30</p>
    </div>

  <div class="concert-info__column concert-info__column--additional fs-20 lh-1-4 ls-0-4">
      <p class="concert-info__additional">We do not take table reservations. <br />
We encourage you to arrive early and find a seat.</p>
    </div>

</section>

<!-- This site is optimized with the Yoast SEO plugin v26.4 - https://yoast.com/wordpress/plugins/seo/ -->
<title>Monika Borzym: z Wasowskim do łóżka - jassmine</title>
<meta name="robots" content="index, follow, max-snippet:-1, max-image-preview:large, max-video-preview:-1" />
<link rel="canonical" href="https://jassmine.com/en/concert/monika-borzym-z-wasowskim-do-lozka/" />
<meta property="og:locale" content="en_US" />
<meta property="og:type" content="article" />
<meta property="og:title" content="Monika Borzym: z Wasowskim do łóżka - jassmine" />
<meta property="og:url" content="https://jassmine.com/en/concert/monika-borzym-z-wasowskim-do-lozka/" />
<meta property="og:site_name" content="jassmine" />
<meta property="article:modified_time" content="2026-03-04T15:42:20+00:00" />
<meta name="twitter:card" content="summary_large_image" />
<script type="application/ld+json" class="yoast-schema-graph">{"@context":"https://schema.org","@graph":[{"@type":"WebPage","@id":"https://jassmine.com/en/concert/monika-borzym-z-wasowskim-do-lozka/","url":"https://jassmine.com/en/concert/monika-borzym-z-wasowskim-do-lozka/","name":"Monika Borzym: z Wasowskim do łóżka - jassmine","isPartOf":{"@id":"https://jassmine.com/en/#website"},"datePublished":"2026-02-24T10:19:18+00:00","dateModified":"2026-03-04T15:42:20+00:00","breadcrumb":{"@id":"https://jassmine.com/en/concert/monika-borzym-z-wasowskim-do-lozka/#breadcrumb"},"inLanguage":"en-US","potentialAction":[{"@type":"ReadAction","target":["https://jassmine.com/en/concert/monika-borzym-z-wasowskim-do-lozka/"]}]},{"@type":"BreadcrumbList","@id":"https://jassmine.com/en/concert/monika-borzym-z-wasowskim-do-lozka/#breadcrumb","itemListElement":[{"@type":"ListItem","position":1,"name":"Home","item":"https://jassmine.com/en/"},{"@type":"ListItem","position":2,"name":"Monika Borzym: z Wasowskim do łóżka"}]},{"@type":"WebSite","@id":"https://jassmine.com/en/#website","url":"https://jassmine.com/en/","name":"jassmine","description":"","potentialAction":[{"@type":"SearchAction","target":{"@type":"EntryPoint","urlTemplate":"https://jassmine.com/en/?s={search_term_string}"},"query-input":{"@type":"PropertyValueSpecification","valueRequired":true,"valueName":"search_term_string"}}],"inLanguage":"en-US"}]}</script>
<!-- / Yoast SEO plugin. -->

Monika Borzym: z Wasowskim do łóżka - jassmine
