{"id":1098,"date":"2022-03-15T15:59:30","date_gmt":"2022-03-15T14:59:30","guid":{"rendered":"https:\/\/jassmine.com\/?post_type=events&amp;p=1098"},"modified":"2022-03-15T15:59:30","modified_gmt":"2022-03-15T14:59:30","slug":"30-03-wojtek-w-czechoslowacji","status":"publish","type":"concert","link":"https:\/\/jassmine.com\/en\/concert\/30-03-wojtek-w-czechoslowacji\/","title":{"rendered":"30\/03: Wojtek w Czechos\u0142owacji"},"content":{"rendered":"\n<p>Z okazji reedycji drugiego albumu Wojtek Mazolewski Quintet \u201eWojtek w Czechos\u0142owacji&#8221; i wydawnictwa na winylu zapraszamy Was na specjalny koncert w Jassmine!<\/p>\n\n\n\n<p>Rok 2011 by\u0142 prze\u0142omowy dla WMQ. Po kilku latach budowania zespo\u0142u i swojego stylu, Wojtek Mazolewski Quintet zadebiutowa\u0142 p\u0142yt\u0105 \u201cSmells Like Tape Spirit\u201d.<br><br>Kilka miesi\u0119cy p\u00f3\u017aniej, na fali energetycznej trasy koncertowej, zesp\u00f3\u0142 wyl\u0105dowa\u0142 w studio. Mazolewski zaprosi\u0142 do wsp\u00f3\u0142pracy kolektyw DJski \u201eNiewinni Czarodzieje\u201d &#8211; Envee i Maceo Wyro. Tym samym zesp\u00f3\u0142, po pierwszej w pe\u0142ni akustycznej p\u0142ycie, przypomnia\u0142 o swoich szerokich zainteresowaniach oraz zwi\u0105zkach z muzyk\u0105 i \u015brodowiskiem muzyki klubowej i elektronicznej. 24 pa\u017adziernika 2011 roku ukaza\u0142 si\u0119 album zatytu\u0142owany \u201eWojtek w Czechos\u0142owacji\u201d sygnowany jako Wojtek Mazolewski Quintet.<br><br>Wojtek Mazolewski: &#8220;Ciesz\u0119 si\u0119, \u017ce uzupe\u0142niamy nasz\u0105 dyskografi\u0119 winylow\u0105 o drugi album \u201eWwCz\u201d. Ten album to pe\u0142ne spontaniczno\u015bci oddanie si\u0119 rytua\u0142owi kolektywnego grania muzyki. Pr\u00f3ba po\u0142\u0105czenia akustycznego grania wywodz\u0105cego si\u0119 z klasycznych zespo\u0142\u00f3w takich jak AEOCH, ze \u015brodowiskiem muzyki klubowej i elektronicznej. Co\u015b, co dzi\u015b wydaje si\u0119 by\u0107 ju\u017c naturalnym zjawiskiem na scenach Londynu czy Los Angeles, dla nas zacz\u0119\u0142o si\u0119 w\u0142a\u015bnie wtedy.<br><br>Cudownie, \u017ce uda\u0142o nam si\u0119 to wtedy zrealizowa\u0107. Maceo Wyro by\u0142 promotorem i animatorem kolektywnej kultury elektronicznej, DJ i mi\u0142o\u015bnikiem winyli. By\u0142 cudownym, radosnym cz\u0142owiekiem, z kt\u00f3rym wspaniale by\u0142o wymienia\u0107 si\u0119 inspiracjami i rozmawia\u0107 o \u017cyciu i muzyce. Jest to chyba jedyna p\u0142yta, na kt\u00f3rej mo\u017cemy us\u0142ysze\u0107 Maceo jak m\u00f3wi, \u015bmieje si\u0119 i robi muzyk\u0119 jednocze\u015bnie.\u201d<\/p>\n\n\n\n<p>Pos\u0142uchaj:<br>NIONIO:&nbsp;<a href=\"https:\/\/youtu.be\/afU0GEL9sB8\">https:\/\/youtu.be\/afU0GEL9sB8<\/a><br>Chase The Devil:&nbsp;<a href=\"https:\/\/youtu.be\/K1_hbX6t09k\">https:\/\/youtu.be\/K1_hbX6t09k<\/a><br><br>Sk\u0142ad:<br>Wojtek Mazolewski &#8211; kontrabas<br>Jakub Janicki &#8211; perkusja<br>Asia Duda &#8211; fortepian<br>Oskar Torok \u2013 tr\u0105bka<br>Marek Pospieszalski &#8211; saksofon<\/p>\n\n\n\n<p>Drzwi 19:00<br>Koncert 20:30<br><br>Do zobaczenia!<\/p>\n","protected":false},"template":"","meta":{"_acf_changed":false,"inline_featured_image":false},"class_list":["post-1098","concert","type-concert","status-publish","hentry"],"acf":[],"yoast_head":"<!-- This site is optimized with the Yoast SEO plugin v26.4 - https:\/\/yoast.com\/wordpress\/plugins\/seo\/ -->\n<title>30\/03: Wojtek w Czechos\u0142owacji - jassmine<\/title>\n<meta name=\"robots\" content=\"index, follow, max-snippet:-1, max-image-preview:large, max-video-preview:-1\" \/>\n<link rel=\"canonical\" href=\"https:\/\/jassmine.com\/en\/concert\/30-03-wojtek-w-czechoslowacji\/\" \/>\n<meta property=\"og:locale\" content=\"en_US\" \/>\n<meta property=\"og:type\" content=\"article\" \/>\n<meta property=\"og:title\" content=\"30\/03: Wojtek w Czechos\u0142owacji - jassmine\" \/>\n<meta property=\"og:description\" content=\"Z okazji reedycji drugiego albumu Wojtek Mazolewski Quintet \u201eWojtek w Czechos\u0142owacji&#8221; i wydawnictwa na winylu zapraszamy Was na specjalny koncert w Jassmine! Rok 2011 by\u0142 prze\u0142omowy dla WMQ. Po kilku latach budowania zespo\u0142u i swojego stylu, Wojtek Mazolewski Quintet zadebiutowa\u0142 p\u0142yt\u0105 \u201cSmells Like Tape Spirit\u201d. Kilka miesi\u0119cy p\u00f3\u017aniej, na fali energetycznej trasy koncertowej, zesp\u00f3\u0142 wyl\u0105dowa\u0142 [&hellip;]\" \/>\n<meta property=\"og:url\" content=\"https:\/\/jassmine.com\/en\/concert\/30-03-wojtek-w-czechoslowacji\/\" \/>\n<meta property=\"og:site_name\" content=\"jassmine\" \/>\n<meta name=\"twitter:card\" content=\"summary_large_image\" \/>\n<meta name=\"twitter:label1\" content=\"Est. reading time\" \/>\n\t<meta name=\"twitter:data1\" content=\"2 minutes\" \/>\n<script type=\"application\/ld+json\" class=\"yoast-schema-graph\">{\"@context\":\"https:\/\/schema.org\",\"@graph\":[{\"@type\":\"WebPage\",\"@id\":\"https:\/\/jassmine.com\/en\/concert\/30-03-wojtek-w-czechoslowacji\/\",\"url\":\"https:\/\/jassmine.com\/en\/concert\/30-03-wojtek-w-czechoslowacji\/\",\"name\":\"30\/03: Wojtek w Czechos\u0142owacji - jassmine\",\"isPartOf\":{\"@id\":\"https:\/\/jassmine.com\/en\/#website\"},\"datePublished\":\"2022-03-15T14:59:30+00:00\",\"breadcrumb\":{\"@id\":\"https:\/\/jassmine.com\/en\/concert\/30-03-wojtek-w-czechoslowacji\/#breadcrumb\"},\"inLanguage\":\"en-US\",\"potentialAction\":[{\"@type\":\"ReadAction\",\"target\":[\"https:\/\/jassmine.com\/en\/concert\/30-03-wojtek-w-czechoslowacji\/\"]}]},{\"@type\":\"BreadcrumbList\",\"@id\":\"https:\/\/jassmine.com\/en\/concert\/30-03-wojtek-w-czechoslowacji\/#breadcrumb\",\"itemListElement\":[{\"@type\":\"ListItem\",\"position\":1,\"name\":\"Home\",\"item\":\"https:\/\/jassmine.com\/en\/\"},{\"@type\":\"ListItem\",\"position\":2,\"name\":\"30\/03: Wojtek w Czechos\u0142owacji\"}]},{\"@type\":\"WebSite\",\"@id\":\"https:\/\/jassmine.com\/en\/#website\",\"url\":\"https:\/\/jassmine.com\/en\/\",\"name\":\"jassmine\",\"description\":\"\",\"potentialAction\":[{\"@type\":\"SearchAction\",\"target\":{\"@type\":\"EntryPoint\",\"urlTemplate\":\"https:\/\/jassmine.com\/en\/?s={search_term_string}\"},\"query-input\":{\"@type\":\"PropertyValueSpecification\",\"valueRequired\":true,\"valueName\":\"search_term_string\"}}],\"inLanguage\":\"en-US\"}]}<\/script>\n<!-- \/ Yoast SEO plugin. -->","yoast_head_json":{"title":"30\/03: Wojtek w Czechos\u0142owacji - jassmine","robots":{"index":"index","follow":"follow","max-snippet":"max-snippet:-1","max-image-preview":"max-image-preview:large","max-video-preview":"max-video-preview:-1"},"canonical":"https:\/\/jassmine.com\/en\/concert\/30-03-wojtek-w-czechoslowacji\/","og_locale":"en_US","og_type":"article","og_title":"30\/03: Wojtek w Czechos\u0142owacji - jassmine","og_description":"Z okazji reedycji drugiego albumu Wojtek Mazolewski Quintet \u201eWojtek w Czechos\u0142owacji&#8221; i wydawnictwa na winylu zapraszamy Was na specjalny koncert w Jassmine! Rok 2011 by\u0142 prze\u0142omowy dla WMQ. Po kilku latach budowania zespo\u0142u i swojego stylu, Wojtek Mazolewski Quintet zadebiutowa\u0142 p\u0142yt\u0105 \u201cSmells Like Tape Spirit\u201d. Kilka miesi\u0119cy p\u00f3\u017aniej, na fali energetycznej trasy koncertowej, zesp\u00f3\u0142 wyl\u0105dowa\u0142 [&hellip;]","og_url":"https:\/\/jassmine.com\/en\/concert\/30-03-wojtek-w-czechoslowacji\/","og_site_name":"jassmine","twitter_card":"summary_large_image","twitter_misc":{"Est. reading time":"2 minutes"},"schema":{"@context":"https:\/\/schema.org","@graph":[{"@type":"WebPage","@id":"https:\/\/jassmine.com\/en\/concert\/30-03-wojtek-w-czechoslowacji\/","url":"https:\/\/jassmine.com\/en\/concert\/30-03-wojtek-w-czechoslowacji\/","name":"30\/03: Wojtek w Czechos\u0142owacji - jassmine","isPartOf":{"@id":"https:\/\/jassmine.com\/en\/#website"},"datePublished":"2022-03-15T14:59:30+00:00","breadcrumb":{"@id":"https:\/\/jassmine.com\/en\/concert\/30-03-wojtek-w-czechoslowacji\/#breadcrumb"},"inLanguage":"en-US","potentialAction":[{"@type":"ReadAction","target":["https:\/\/jassmine.com\/en\/concert\/30-03-wojtek-w-czechoslowacji\/"]}]},{"@type":"BreadcrumbList","@id":"https:\/\/jassmine.com\/en\/concert\/30-03-wojtek-w-czechoslowacji\/#breadcrumb","itemListElement":[{"@type":"ListItem","position":1,"name":"Home","item":"https:\/\/jassmine.com\/en\/"},{"@type":"ListItem","position":2,"name":"30\/03: Wojtek w Czechos\u0142owacji"}]},{"@type":"WebSite","@id":"https:\/\/jassmine.com\/en\/#website","url":"https:\/\/jassmine.com\/en\/","name":"jassmine","description":"","potentialAction":[{"@type":"SearchAction","target":{"@type":"EntryPoint","urlTemplate":"https:\/\/jassmine.com\/en\/?s={search_term_string}"},"query-input":{"@type":"PropertyValueSpecification","valueRequired":true,"valueName":"search_term_string"}}],"inLanguage":"en-US"}]}},"_links":{"self":[{"href":"https:\/\/jassmine.com\/en\/wp-json\/wp\/v2\/concert\/1098","targetHints":{"allow":["GET"]}}],"collection":[{"href":"https:\/\/jassmine.com\/en\/wp-json\/wp\/v2\/concert"}],"about":[{"href":"https:\/\/jassmine.com\/en\/wp-json\/wp\/v2\/types\/concert"}],"wp:attachment":[{"href":"https:\/\/jassmine.com\/en\/wp-json\/wp\/v2\/media?parent=1098"}],"curies":[{"name":"wp","href":"https:\/\/api.w.org\/{rel}","templated":true}]}}

30/03: Wojtek w Czechosłowacji

<p>Z okazji reedycji drugiego albumu Wojtek Mazolewski Quintet „Wojtek w Czechosłowacji&#8221; i wydawnictwa na winylu zapraszamy Was na specjalny koncert w Jassmine!</p>



<p>Rok 2011 był przełomowy dla WMQ. Po kilku latach budowania zespołu i swojego stylu, Wojtek Mazolewski Quintet zadebiutował płytą “Smells Like Tape Spirit”.<br><br>Kilka miesięcy później, na fali energetycznej trasy koncertowej, zespół wylądował w studio. Mazolewski zaprosił do współpracy kolektyw DJski „Niewinni Czarodzieje” &#8211; Envee i Maceo Wyro. Tym samym zespół, po pierwszej w pełni akustycznej płycie, przypomniał o swoich szerokich zainteresowaniach oraz związkach z muzyką i środowiskiem muzyki klubowej i elektronicznej. 24 października 2011 roku ukazał się album zatytułowany „Wojtek w Czechosłowacji” sygnowany jako Wojtek Mazolewski Quintet.<br><br>Wojtek Mazolewski: &#8220;Cieszę się, że uzupełniamy naszą dyskografię winylową o drugi album „WwCz”. Ten album to pełne spontaniczności oddanie się rytuałowi kolektywnego grania muzyki. Próba połączenia akustycznego grania wywodzącego się z klasycznych zespołów takich jak AEOCH, ze środowiskiem muzyki klubowej i elektronicznej. Coś, co dziś wydaje się być już naturalnym zjawiskiem na scenach Londynu czy Los Angeles, dla nas zaczęło się właśnie wtedy.<br><br>Cudownie, że udało nam się to wtedy zrealizować. Maceo Wyro był promotorem i animatorem kolektywnej kultury elektronicznej, DJ i miłośnikiem winyli. Był cudownym, radosnym człowiekiem, z którym wspaniale było wymieniać się inspiracjami i rozmawiać o życiu i muzyce. Jest to chyba jedyna płyta, na której możemy usłyszeć Maceo jak mówi, śmieje się i robi muzykę jednocześnie.”</p>



<p>Posłuchaj:<br>NIONIO:&nbsp;<a href="https://youtu.be/afU0GEL9sB8">https://youtu.be/afU0GEL9sB8</a><br>Chase The Devil:&nbsp;<a href="https://youtu.be/K1_hbX6t09k">https://youtu.be/K1_hbX6t09k</a><br><br>Skład:<br>Wojtek Mazolewski &#8211; kontrabas<br>Jakub Janicki &#8211; perkusja<br>Asia Duda &#8211; fortepian<br>Oskar Torok – trąbka<br>Marek Pospieszalski &#8211; saksofon</p>



<p>Drzwi 19:00<br>Koncert 20:30<br><br>Do zobaczenia!</p>

<!-- This site is optimized with the Yoast SEO plugin v26.4 - https://yoast.com/wordpress/plugins/seo/ -->
<title>30/03: Wojtek w Czechosłowacji - jassmine</title>
<meta name="robots" content="index, follow, max-snippet:-1, max-image-preview:large, max-video-preview:-1" />
<link rel="canonical" href="https://jassmine.com/en/concert/30-03-wojtek-w-czechoslowacji/" />
<meta property="og:locale" content="en_US" />
<meta property="og:type" content="article" />
<meta property="og:title" content="30/03: Wojtek w Czechosłowacji - jassmine" />
<meta property="og:description" content="Z okazji reedycji drugiego albumu Wojtek Mazolewski Quintet „Wojtek w Czechosłowacji&#8221; i wydawnictwa na winylu zapraszamy Was na specjalny koncert w Jassmine! Rok 2011 był przełomowy dla WMQ. Po kilku latach budowania zespołu i swojego stylu, Wojtek Mazolewski Quintet zadebiutował płytą “Smells Like Tape Spirit”. Kilka miesięcy później, na fali energetycznej trasy koncertowej, zespół wylądował [&hellip;]" />
<meta property="og:url" content="https://jassmine.com/en/concert/30-03-wojtek-w-czechoslowacji/" />
<meta property="og:site_name" content="jassmine" />
<meta name="twitter:card" content="summary_large_image" />
<meta name="twitter:label1" content="Est. reading time" />
	<meta name="twitter:data1" content="2 minutes" />
<script type="application/ld+json" class="yoast-schema-graph">{"@context":"https://schema.org","@graph":[{"@type":"WebPage","@id":"https://jassmine.com/en/concert/30-03-wojtek-w-czechoslowacji/","url":"https://jassmine.com/en/concert/30-03-wojtek-w-czechoslowacji/","name":"30/03: Wojtek w Czechosłowacji - jassmine","isPartOf":{"@id":"https://jassmine.com/en/#website"},"datePublished":"2022-03-15T14:59:30+00:00","breadcrumb":{"@id":"https://jassmine.com/en/concert/30-03-wojtek-w-czechoslowacji/#breadcrumb"},"inLanguage":"en-US","potentialAction":[{"@type":"ReadAction","target":["https://jassmine.com/en/concert/30-03-wojtek-w-czechoslowacji/"]}]},{"@type":"BreadcrumbList","@id":"https://jassmine.com/en/concert/30-03-wojtek-w-czechoslowacji/#breadcrumb","itemListElement":[{"@type":"ListItem","position":1,"name":"Home","item":"https://jassmine.com/en/"},{"@type":"ListItem","position":2,"name":"30/03: Wojtek w Czechosłowacji"}]},{"@type":"WebSite","@id":"https://jassmine.com/en/#website","url":"https://jassmine.com/en/","name":"jassmine","description":"","potentialAction":[{"@type":"SearchAction","target":{"@type":"EntryPoint","urlTemplate":"https://jassmine.com/en/?s={search_term_string}"},"query-input":{"@type":"PropertyValueSpecification","valueRequired":true,"valueName":"search_term_string"}}],"inLanguage":"en-US"}]}</script>
<!-- / Yoast SEO plugin. -->

30/03: Wojtek w Czechosłowacji - jassmine

Z okazji reedycji drugiego albumu Wojtek Mazolewski Quintet „Wojtek w Czechosłowacji&#8221; i wydawnictwa na winylu zapraszamy Was na specjalny koncert w Jassmine! Rok 2011 był przełomowy dla WMQ. Po kilku latach budowania zespołu i swojego stylu, Wojtek Mazolewski Quintet zadebiutował płytą “Smells Like Tape Spirit”. Kilka miesięcy później, na fali energetycznej trasy koncertowej, zespół wylądował [&hellip;]
