{"id":1180,"date":"2022-04-13T09:12:17","date_gmt":"2022-04-13T07:12:17","guid":{"rendered":"https:\/\/jassmine.com\/?post_type=events&amp;p=1180"},"modified":"2022-04-13T09:12:17","modified_gmt":"2022-04-13T07:12:17","slug":"24-04-szkolka-niedzielna-z-marcinem-maseckim-vol-ii","status":"publish","type":"concert","link":"https:\/\/jassmine.com\/en\/concert\/24-04-szkolka-niedzielna-z-marcinem-maseckim-vol-ii\/","title":{"rendered":"24\/04: Szk\u00f3\u0142ka Niedzielna z Marcinem Maseckim vol. II"},"content":{"rendered":"\n<p>UWAGA! Osoby do 18 r.\u017c. wchodz\u0105 na wydarzenie za darmo (pod opiek\u0105 osoby doros\u0142ej)Zapraszamy na drugie z czterech wydarze\u0144 naszej inicjatywy SZK\u00d3\u0141KA NIEDZIELNA, podczas kt\u00f3rej Marcin Masecki przybli\u017cy jej uczestnikom standardy jazzowe i historie, jakie za nimi stoj\u0105. B\u0119dziemy si\u0119 bawi\u0107, uczy\u0107, s\u0142ucha\u0107 i wsp\u00f3lnie poznawa\u0107 klasyk\u0119 jazzu.<br><br>Marcin Masecki to jeden z najbardziej oryginalnych i wszechstronnych muzyk\u00f3w na polskiej scenie muzycznej. Gra na wszystkich instrumentach klawiszowych, komponuje, dyryguje, aran\u017cuje i kuratoruje. Jego dzia\u0142alno\u015b\u0107 obejmuje szerokie spektrum stylistyczne, a wirtuozowskie \u0142\u0105czenie gatunk\u00f3w oraz \u0142amanie granicy mi\u0119dzy sztuk\u0105 wysok\u0105, a rozrywkow\u0105 sta\u0142y si\u0119 jego znakami rozpoznawczymi. Pierwsz\u0105 pasj\u0105 Maseckiego jest jazz i muzyka improwizowana.<\/p>\n\n\n\n<p>Drzwi \u2013 12:00<br>Start szk\u00f3\u0142ki \u2013 13:00<\/p>\n\n\n\n<p>Do zobaczenia w Jassmine!<\/p>\n","protected":false},"template":"","meta":{"_acf_changed":false,"inline_featured_image":false},"class_list":["post-1180","concert","type-concert","status-publish","hentry"],"acf":[],"yoast_head":"<!-- This site is optimized with the Yoast SEO plugin v26.4 - https:\/\/yoast.com\/wordpress\/plugins\/seo\/ -->\n<title>24\/04: Szk\u00f3\u0142ka Niedzielna z Marcinem Maseckim vol. II - jassmine<\/title>\n<meta name=\"robots\" content=\"index, follow, max-snippet:-1, max-image-preview:large, max-video-preview:-1\" \/>\n<link rel=\"canonical\" href=\"https:\/\/jassmine.com\/en\/concert\/24-04-szkolka-niedzielna-z-marcinem-maseckim-vol-ii\/\" \/>\n<meta property=\"og:locale\" content=\"en_US\" \/>\n<meta property=\"og:type\" content=\"article\" \/>\n<meta property=\"og:title\" content=\"24\/04: Szk\u00f3\u0142ka Niedzielna z Marcinem Maseckim vol. II - jassmine\" \/>\n<meta property=\"og:description\" content=\"UWAGA! Osoby do 18 r.\u017c. wchodz\u0105 na wydarzenie za darmo (pod opiek\u0105 osoby doros\u0142ej)Zapraszamy na drugie z czterech wydarze\u0144 naszej inicjatywy SZK\u00d3\u0141KA NIEDZIELNA, podczas kt\u00f3rej Marcin Masecki przybli\u017cy jej uczestnikom standardy jazzowe i historie, jakie za nimi stoj\u0105. B\u0119dziemy si\u0119 bawi\u0107, uczy\u0107, s\u0142ucha\u0107 i wsp\u00f3lnie poznawa\u0107 klasyk\u0119 jazzu. Marcin Masecki to jeden z najbardziej oryginalnych [&hellip;]\" \/>\n<meta property=\"og:url\" content=\"https:\/\/jassmine.com\/en\/concert\/24-04-szkolka-niedzielna-z-marcinem-maseckim-vol-ii\/\" \/>\n<meta property=\"og:site_name\" content=\"jassmine\" \/>\n<meta name=\"twitter:card\" content=\"summary_large_image\" \/>\n<meta name=\"twitter:label1\" content=\"Est. reading time\" \/>\n\t<meta name=\"twitter:data1\" content=\"1 minute\" \/>\n<script type=\"application\/ld+json\" class=\"yoast-schema-graph\">{\"@context\":\"https:\/\/schema.org\",\"@graph\":[{\"@type\":\"WebPage\",\"@id\":\"https:\/\/jassmine.com\/en\/concert\/24-04-szkolka-niedzielna-z-marcinem-maseckim-vol-ii\/\",\"url\":\"https:\/\/jassmine.com\/en\/concert\/24-04-szkolka-niedzielna-z-marcinem-maseckim-vol-ii\/\",\"name\":\"24\/04: Szk\u00f3\u0142ka Niedzielna z Marcinem Maseckim vol. II - jassmine\",\"isPartOf\":{\"@id\":\"https:\/\/jassmine.com\/en\/#website\"},\"datePublished\":\"2022-04-13T07:12:17+00:00\",\"breadcrumb\":{\"@id\":\"https:\/\/jassmine.com\/en\/concert\/24-04-szkolka-niedzielna-z-marcinem-maseckim-vol-ii\/#breadcrumb\"},\"inLanguage\":\"en-US\",\"potentialAction\":[{\"@type\":\"ReadAction\",\"target\":[\"https:\/\/jassmine.com\/en\/concert\/24-04-szkolka-niedzielna-z-marcinem-maseckim-vol-ii\/\"]}]},{\"@type\":\"BreadcrumbList\",\"@id\":\"https:\/\/jassmine.com\/en\/concert\/24-04-szkolka-niedzielna-z-marcinem-maseckim-vol-ii\/#breadcrumb\",\"itemListElement\":[{\"@type\":\"ListItem\",\"position\":1,\"name\":\"Home\",\"item\":\"https:\/\/jassmine.com\/en\/\"},{\"@type\":\"ListItem\",\"position\":2,\"name\":\"24\/04: Szk\u00f3\u0142ka Niedzielna z Marcinem Maseckim vol. II\"}]},{\"@type\":\"WebSite\",\"@id\":\"https:\/\/jassmine.com\/en\/#website\",\"url\":\"https:\/\/jassmine.com\/en\/\",\"name\":\"jassmine\",\"description\":\"\",\"potentialAction\":[{\"@type\":\"SearchAction\",\"target\":{\"@type\":\"EntryPoint\",\"urlTemplate\":\"https:\/\/jassmine.com\/en\/?s={search_term_string}\"},\"query-input\":{\"@type\":\"PropertyValueSpecification\",\"valueRequired\":true,\"valueName\":\"search_term_string\"}}],\"inLanguage\":\"en-US\"}]}<\/script>\n<!-- \/ Yoast SEO plugin. -->","yoast_head_json":{"title":"24\/04: Szk\u00f3\u0142ka Niedzielna z Marcinem Maseckim vol. II - jassmine","robots":{"index":"index","follow":"follow","max-snippet":"max-snippet:-1","max-image-preview":"max-image-preview:large","max-video-preview":"max-video-preview:-1"},"canonical":"https:\/\/jassmine.com\/en\/concert\/24-04-szkolka-niedzielna-z-marcinem-maseckim-vol-ii\/","og_locale":"en_US","og_type":"article","og_title":"24\/04: Szk\u00f3\u0142ka Niedzielna z Marcinem Maseckim vol. II - jassmine","og_description":"UWAGA! Osoby do 18 r.\u017c. wchodz\u0105 na wydarzenie za darmo (pod opiek\u0105 osoby doros\u0142ej)Zapraszamy na drugie z czterech wydarze\u0144 naszej inicjatywy SZK\u00d3\u0141KA NIEDZIELNA, podczas kt\u00f3rej Marcin Masecki przybli\u017cy jej uczestnikom standardy jazzowe i historie, jakie za nimi stoj\u0105. B\u0119dziemy si\u0119 bawi\u0107, uczy\u0107, s\u0142ucha\u0107 i wsp\u00f3lnie poznawa\u0107 klasyk\u0119 jazzu. Marcin Masecki to jeden z najbardziej oryginalnych [&hellip;]","og_url":"https:\/\/jassmine.com\/en\/concert\/24-04-szkolka-niedzielna-z-marcinem-maseckim-vol-ii\/","og_site_name":"jassmine","twitter_card":"summary_large_image","twitter_misc":{"Est. reading time":"1 minute"},"schema":{"@context":"https:\/\/schema.org","@graph":[{"@type":"WebPage","@id":"https:\/\/jassmine.com\/en\/concert\/24-04-szkolka-niedzielna-z-marcinem-maseckim-vol-ii\/","url":"https:\/\/jassmine.com\/en\/concert\/24-04-szkolka-niedzielna-z-marcinem-maseckim-vol-ii\/","name":"24\/04: Szk\u00f3\u0142ka Niedzielna z Marcinem Maseckim vol. II - jassmine","isPartOf":{"@id":"https:\/\/jassmine.com\/en\/#website"},"datePublished":"2022-04-13T07:12:17+00:00","breadcrumb":{"@id":"https:\/\/jassmine.com\/en\/concert\/24-04-szkolka-niedzielna-z-marcinem-maseckim-vol-ii\/#breadcrumb"},"inLanguage":"en-US","potentialAction":[{"@type":"ReadAction","target":["https:\/\/jassmine.com\/en\/concert\/24-04-szkolka-niedzielna-z-marcinem-maseckim-vol-ii\/"]}]},{"@type":"BreadcrumbList","@id":"https:\/\/jassmine.com\/en\/concert\/24-04-szkolka-niedzielna-z-marcinem-maseckim-vol-ii\/#breadcrumb","itemListElement":[{"@type":"ListItem","position":1,"name":"Home","item":"https:\/\/jassmine.com\/en\/"},{"@type":"ListItem","position":2,"name":"24\/04: Szk\u00f3\u0142ka Niedzielna z Marcinem Maseckim vol. II"}]},{"@type":"WebSite","@id":"https:\/\/jassmine.com\/en\/#website","url":"https:\/\/jassmine.com\/en\/","name":"jassmine","description":"","potentialAction":[{"@type":"SearchAction","target":{"@type":"EntryPoint","urlTemplate":"https:\/\/jassmine.com\/en\/?s={search_term_string}"},"query-input":{"@type":"PropertyValueSpecification","valueRequired":true,"valueName":"search_term_string"}}],"inLanguage":"en-US"}]}},"_links":{"self":[{"href":"https:\/\/jassmine.com\/en\/wp-json\/wp\/v2\/concert\/1180","targetHints":{"allow":["GET"]}}],"collection":[{"href":"https:\/\/jassmine.com\/en\/wp-json\/wp\/v2\/concert"}],"about":[{"href":"https:\/\/jassmine.com\/en\/wp-json\/wp\/v2\/types\/concert"}],"wp:attachment":[{"href":"https:\/\/jassmine.com\/en\/wp-json\/wp\/v2\/media?parent=1180"}],"curies":[{"name":"wp","href":"https:\/\/api.w.org\/{rel}","templated":true}]}}

24/04: Szkółka Niedzielna z Marcinem Maseckim vol. II

<p>UWAGA! Osoby do 18 r.ż. wchodzą na wydarzenie za darmo (pod opieką osoby dorosłej)Zapraszamy na drugie z czterech wydarzeń naszej inicjatywy SZKÓŁKA NIEDZIELNA, podczas której Marcin Masecki przybliży jej uczestnikom standardy jazzowe i historie, jakie za nimi stoją. Będziemy się bawić, uczyć, słuchać i wspólnie poznawać klasykę jazzu.<br><br>Marcin Masecki to jeden z najbardziej oryginalnych i wszechstronnych muzyków na polskiej scenie muzycznej. Gra na wszystkich instrumentach klawiszowych, komponuje, dyryguje, aranżuje i kuratoruje. Jego działalność obejmuje szerokie spektrum stylistyczne, a wirtuozowskie łączenie gatunków oraz łamanie granicy między sztuką wysoką, a rozrywkową stały się jego znakami rozpoznawczymi. Pierwszą pasją Maseckiego jest jazz i muzyka improwizowana.</p>



<p>Drzwi – 12:00<br>Start szkółki – 13:00</p>



<p>Do zobaczenia w Jassmine!</p>

<!-- This site is optimized with the Yoast SEO plugin v26.4 - https://yoast.com/wordpress/plugins/seo/ -->
<title>24/04: Szkółka Niedzielna z Marcinem Maseckim vol. II - jassmine</title>
<meta name="robots" content="index, follow, max-snippet:-1, max-image-preview:large, max-video-preview:-1" />
<link rel="canonical" href="https://jassmine.com/en/concert/24-04-szkolka-niedzielna-z-marcinem-maseckim-vol-ii/" />
<meta property="og:locale" content="en_US" />
<meta property="og:type" content="article" />
<meta property="og:title" content="24/04: Szkółka Niedzielna z Marcinem Maseckim vol. II - jassmine" />
<meta property="og:description" content="UWAGA! Osoby do 18 r.ż. wchodzą na wydarzenie za darmo (pod opieką osoby dorosłej)Zapraszamy na drugie z czterech wydarzeń naszej inicjatywy SZKÓŁKA NIEDZIELNA, podczas której Marcin Masecki przybliży jej uczestnikom standardy jazzowe i historie, jakie za nimi stoją. Będziemy się bawić, uczyć, słuchać i wspólnie poznawać klasykę jazzu. Marcin Masecki to jeden z najbardziej oryginalnych [&hellip;]" />
<meta property="og:url" content="https://jassmine.com/en/concert/24-04-szkolka-niedzielna-z-marcinem-maseckim-vol-ii/" />
<meta property="og:site_name" content="jassmine" />
<meta name="twitter:card" content="summary_large_image" />
<meta name="twitter:label1" content="Est. reading time" />
	<meta name="twitter:data1" content="1 minute" />
<script type="application/ld+json" class="yoast-schema-graph">{"@context":"https://schema.org","@graph":[{"@type":"WebPage","@id":"https://jassmine.com/en/concert/24-04-szkolka-niedzielna-z-marcinem-maseckim-vol-ii/","url":"https://jassmine.com/en/concert/24-04-szkolka-niedzielna-z-marcinem-maseckim-vol-ii/","name":"24/04: Szkółka Niedzielna z Marcinem Maseckim vol. II - jassmine","isPartOf":{"@id":"https://jassmine.com/en/#website"},"datePublished":"2022-04-13T07:12:17+00:00","breadcrumb":{"@id":"https://jassmine.com/en/concert/24-04-szkolka-niedzielna-z-marcinem-maseckim-vol-ii/#breadcrumb"},"inLanguage":"en-US","potentialAction":[{"@type":"ReadAction","target":["https://jassmine.com/en/concert/24-04-szkolka-niedzielna-z-marcinem-maseckim-vol-ii/"]}]},{"@type":"BreadcrumbList","@id":"https://jassmine.com/en/concert/24-04-szkolka-niedzielna-z-marcinem-maseckim-vol-ii/#breadcrumb","itemListElement":[{"@type":"ListItem","position":1,"name":"Home","item":"https://jassmine.com/en/"},{"@type":"ListItem","position":2,"name":"24/04: Szkółka Niedzielna z Marcinem Maseckim vol. II"}]},{"@type":"WebSite","@id":"https://jassmine.com/en/#website","url":"https://jassmine.com/en/","name":"jassmine","description":"","potentialAction":[{"@type":"SearchAction","target":{"@type":"EntryPoint","urlTemplate":"https://jassmine.com/en/?s={search_term_string}"},"query-input":{"@type":"PropertyValueSpecification","valueRequired":true,"valueName":"search_term_string"}}],"inLanguage":"en-US"}]}</script>
<!-- / Yoast SEO plugin. -->

24/04: Szkółka Niedzielna z Marcinem Maseckim vol. II - jassmine

UWAGA! Osoby do 18 r.ż. wchodzą na wydarzenie za darmo (pod opieką osoby dorosłej)Zapraszamy na drugie z czterech wydarzeń naszej inicjatywy SZKÓŁKA NIEDZIELNA, podczas której Marcin Masecki przybliży jej uczestnikom standardy jazzowe i historie, jakie za nimi stoją. Będziemy się bawić, uczyć, słuchać i wspólnie poznawać klasykę jazzu. Marcin Masecki to jeden z najbardziej oryginalnych [&hellip;]
