{"id":1504,"date":"2022-09-23T14:46:07","date_gmt":"2022-09-23T12:46:07","guid":{"rendered":"https:\/\/jassmine.com\/?post_type=events&amp;p=1504"},"modified":"2022-09-23T14:46:07","modified_gmt":"2022-09-23T12:46:07","slug":"27-10-kuba-wiecek-presents-jazz-cats-vol-13","status":"publish","type":"concert","link":"https:\/\/jassmine.com\/en\/concert\/27-10-kuba-wiecek-presents-jazz-cats-vol-13\/","title":{"rendered":"27\/10: Kuba Wi\u0119cek presents Jazz Cats vol. 13 [SOLD OUT]"},"content":{"rendered":"\n<p>Nowy sezon, nowe rozdanie Jazz Cats!<\/p>\n\n\n\n<p>Jak w ka\u017cdej edycji, czeka nas zupe\u0142nie nowy sk\u0142ad, kt\u00f3ry wsp\u00f3lnie z Kub\u0105 Wi\u0119ckiem &#8211; gospodarzem cyklu &#8211; zagra Jam session w nowojorskim stylu.<\/p>\n\n\n\n<p>Kuba Wi\u0119cek jest saksofonist\u0105 i kompozytorem koncertuj\u0105cym z czo\u0142owymi przedstawicielami \u015bwiatowego jazzu. Co miesi\u0105c, razem z Kub\u0105, zapraszamy do wsp\u00f3lnego grania znakomitych muzyk\u00f3w. Us\u0142yszymy nie tylko jazzowe standardy, ale i improwizacje oraz&#8230; kto wie jak si\u0119 potoczy ich jam session i jakich niezapowiedzianych go\u015bci mo\u017cemy spodziewa\u0107 si\u0119 tym razem?<\/p>\n\n\n\n<p>Sk\u0142ad:<br>Monika Borzym &#8211; wokal<br>Kuba Wi\u0119cek &#8211; saksofon<br>Pola Atma\u0144ska &#8211; fortepian<br>Luca Curcio &#8211; kontrabas<br>Kuba Gudz &#8211; perkusja<\/p>\n\n\n\n<p>Go\u015bcie specjalni Junior Jazz Festival w trzecim secie:<br>FUNKY BOMBA TRIO COLLECTIVE PROJECT<br>Mateusz Tomiak &#8211; gitara<br>Kosma G\u00f3ra &#8211; gitara basowa<br>Kacper Kaczy\u0144ski &#8211; perkusja<\/p>\n\n\n\n<p>Drzwi 19:00<br>Koncert 20:30<\/p>\n\n\n\n<p>Do zobaczenia!<\/p>\n","protected":false},"template":"","meta":{"_acf_changed":false,"inline_featured_image":false},"class_list":["post-1504","concert","type-concert","status-publish","hentry"],"acf":[],"yoast_head":"<!-- This site is optimized with the Yoast SEO plugin v26.4 - https:\/\/yoast.com\/wordpress\/plugins\/seo\/ -->\n<title>27\/10: Kuba Wi\u0119cek presents Jazz Cats vol. 13 [SOLD OUT] - jassmine<\/title>\n<meta name=\"robots\" content=\"index, follow, max-snippet:-1, max-image-preview:large, max-video-preview:-1\" \/>\n<link rel=\"canonical\" href=\"https:\/\/jassmine.com\/en\/concert\/27-10-kuba-wiecek-presents-jazz-cats-vol-13\/\" \/>\n<meta property=\"og:locale\" content=\"en_US\" \/>\n<meta property=\"og:type\" content=\"article\" \/>\n<meta property=\"og:title\" content=\"27\/10: Kuba Wi\u0119cek presents Jazz Cats vol. 13 [SOLD OUT] - jassmine\" \/>\n<meta property=\"og:description\" content=\"Nowy sezon, nowe rozdanie Jazz Cats! Jak w ka\u017cdej edycji, czeka nas zupe\u0142nie nowy sk\u0142ad, kt\u00f3ry wsp\u00f3lnie z Kub\u0105 Wi\u0119ckiem &#8211; gospodarzem cyklu &#8211; zagra Jam session w nowojorskim stylu. Kuba Wi\u0119cek jest saksofonist\u0105 i kompozytorem koncertuj\u0105cym z czo\u0142owymi przedstawicielami \u015bwiatowego jazzu. Co miesi\u0105c, razem z Kub\u0105, zapraszamy do wsp\u00f3lnego grania znakomitych muzyk\u00f3w. Us\u0142yszymy nie [&hellip;]\" \/>\n<meta property=\"og:url\" content=\"https:\/\/jassmine.com\/en\/concert\/27-10-kuba-wiecek-presents-jazz-cats-vol-13\/\" \/>\n<meta property=\"og:site_name\" content=\"jassmine\" \/>\n<meta name=\"twitter:card\" content=\"summary_large_image\" \/>\n<meta name=\"twitter:label1\" content=\"Est. reading time\" \/>\n\t<meta name=\"twitter:data1\" content=\"1 minute\" \/>\n<script type=\"application\/ld+json\" class=\"yoast-schema-graph\">{\"@context\":\"https:\/\/schema.org\",\"@graph\":[{\"@type\":\"WebPage\",\"@id\":\"https:\/\/jassmine.com\/en\/concert\/27-10-kuba-wiecek-presents-jazz-cats-vol-13\/\",\"url\":\"https:\/\/jassmine.com\/en\/concert\/27-10-kuba-wiecek-presents-jazz-cats-vol-13\/\",\"name\":\"27\/10: Kuba Wi\u0119cek presents Jazz Cats vol. 13 [SOLD OUT] - jassmine\",\"isPartOf\":{\"@id\":\"https:\/\/jassmine.com\/en\/#website\"},\"datePublished\":\"2022-09-23T12:46:07+00:00\",\"breadcrumb\":{\"@id\":\"https:\/\/jassmine.com\/en\/concert\/27-10-kuba-wiecek-presents-jazz-cats-vol-13\/#breadcrumb\"},\"inLanguage\":\"en-US\",\"potentialAction\":[{\"@type\":\"ReadAction\",\"target\":[\"https:\/\/jassmine.com\/en\/concert\/27-10-kuba-wiecek-presents-jazz-cats-vol-13\/\"]}]},{\"@type\":\"BreadcrumbList\",\"@id\":\"https:\/\/jassmine.com\/en\/concert\/27-10-kuba-wiecek-presents-jazz-cats-vol-13\/#breadcrumb\",\"itemListElement\":[{\"@type\":\"ListItem\",\"position\":1,\"name\":\"Home\",\"item\":\"https:\/\/jassmine.com\/en\/\"},{\"@type\":\"ListItem\",\"position\":2,\"name\":\"27\/10: Kuba Wi\u0119cek presents Jazz Cats vol. 13 [SOLD OUT]\"}]},{\"@type\":\"WebSite\",\"@id\":\"https:\/\/jassmine.com\/en\/#website\",\"url\":\"https:\/\/jassmine.com\/en\/\",\"name\":\"jassmine\",\"description\":\"\",\"potentialAction\":[{\"@type\":\"SearchAction\",\"target\":{\"@type\":\"EntryPoint\",\"urlTemplate\":\"https:\/\/jassmine.com\/en\/?s={search_term_string}\"},\"query-input\":{\"@type\":\"PropertyValueSpecification\",\"valueRequired\":true,\"valueName\":\"search_term_string\"}}],\"inLanguage\":\"en-US\"}]}<\/script>\n<!-- \/ Yoast SEO plugin. -->","yoast_head_json":{"title":"27\/10: Kuba Wi\u0119cek presents Jazz Cats vol. 13 [SOLD OUT] - jassmine","robots":{"index":"index","follow":"follow","max-snippet":"max-snippet:-1","max-image-preview":"max-image-preview:large","max-video-preview":"max-video-preview:-1"},"canonical":"https:\/\/jassmine.com\/en\/concert\/27-10-kuba-wiecek-presents-jazz-cats-vol-13\/","og_locale":"en_US","og_type":"article","og_title":"27\/10: Kuba Wi\u0119cek presents Jazz Cats vol. 13 [SOLD OUT] - jassmine","og_description":"Nowy sezon, nowe rozdanie Jazz Cats! Jak w ka\u017cdej edycji, czeka nas zupe\u0142nie nowy sk\u0142ad, kt\u00f3ry wsp\u00f3lnie z Kub\u0105 Wi\u0119ckiem &#8211; gospodarzem cyklu &#8211; zagra Jam session w nowojorskim stylu. Kuba Wi\u0119cek jest saksofonist\u0105 i kompozytorem koncertuj\u0105cym z czo\u0142owymi przedstawicielami \u015bwiatowego jazzu. Co miesi\u0105c, razem z Kub\u0105, zapraszamy do wsp\u00f3lnego grania znakomitych muzyk\u00f3w. Us\u0142yszymy nie [&hellip;]","og_url":"https:\/\/jassmine.com\/en\/concert\/27-10-kuba-wiecek-presents-jazz-cats-vol-13\/","og_site_name":"jassmine","twitter_card":"summary_large_image","twitter_misc":{"Est. reading time":"1 minute"},"schema":{"@context":"https:\/\/schema.org","@graph":[{"@type":"WebPage","@id":"https:\/\/jassmine.com\/en\/concert\/27-10-kuba-wiecek-presents-jazz-cats-vol-13\/","url":"https:\/\/jassmine.com\/en\/concert\/27-10-kuba-wiecek-presents-jazz-cats-vol-13\/","name":"27\/10: Kuba Wi\u0119cek presents Jazz Cats vol. 13 [SOLD OUT] - jassmine","isPartOf":{"@id":"https:\/\/jassmine.com\/en\/#website"},"datePublished":"2022-09-23T12:46:07+00:00","breadcrumb":{"@id":"https:\/\/jassmine.com\/en\/concert\/27-10-kuba-wiecek-presents-jazz-cats-vol-13\/#breadcrumb"},"inLanguage":"en-US","potentialAction":[{"@type":"ReadAction","target":["https:\/\/jassmine.com\/en\/concert\/27-10-kuba-wiecek-presents-jazz-cats-vol-13\/"]}]},{"@type":"BreadcrumbList","@id":"https:\/\/jassmine.com\/en\/concert\/27-10-kuba-wiecek-presents-jazz-cats-vol-13\/#breadcrumb","itemListElement":[{"@type":"ListItem","position":1,"name":"Home","item":"https:\/\/jassmine.com\/en\/"},{"@type":"ListItem","position":2,"name":"27\/10: Kuba Wi\u0119cek presents Jazz Cats vol. 13 [SOLD OUT]"}]},{"@type":"WebSite","@id":"https:\/\/jassmine.com\/en\/#website","url":"https:\/\/jassmine.com\/en\/","name":"jassmine","description":"","potentialAction":[{"@type":"SearchAction","target":{"@type":"EntryPoint","urlTemplate":"https:\/\/jassmine.com\/en\/?s={search_term_string}"},"query-input":{"@type":"PropertyValueSpecification","valueRequired":true,"valueName":"search_term_string"}}],"inLanguage":"en-US"}]}},"_links":{"self":[{"href":"https:\/\/jassmine.com\/en\/wp-json\/wp\/v2\/concert\/1504","targetHints":{"allow":["GET"]}}],"collection":[{"href":"https:\/\/jassmine.com\/en\/wp-json\/wp\/v2\/concert"}],"about":[{"href":"https:\/\/jassmine.com\/en\/wp-json\/wp\/v2\/types\/concert"}],"wp:attachment":[{"href":"https:\/\/jassmine.com\/en\/wp-json\/wp\/v2\/media?parent=1504"}],"curies":[{"name":"wp","href":"https:\/\/api.w.org\/{rel}","templated":true}]}}

27/10: Kuba Więcek presents Jazz Cats vol. 13 [SOLD OUT]

<p>Nowy sezon, nowe rozdanie Jazz Cats!</p>



<p>Jak w każdej edycji, czeka nas zupełnie nowy skład, który wspólnie z Kubą Więckiem &#8211; gospodarzem cyklu &#8211; zagra Jam session w nowojorskim stylu.</p>



<p>Kuba Więcek jest saksofonistą i kompozytorem koncertującym z czołowymi przedstawicielami światowego jazzu. Co miesiąc, razem z Kubą, zapraszamy do wspólnego grania znakomitych muzyków. Usłyszymy nie tylko jazzowe standardy, ale i improwizacje oraz&#8230; kto wie jak się potoczy ich jam session i jakich niezapowiedzianych gości możemy spodziewać się tym razem?</p>



<p>Skład:<br>Monika Borzym &#8211; wokal<br>Kuba Więcek &#8211; saksofon<br>Pola Atmańska &#8211; fortepian<br>Luca Curcio &#8211; kontrabas<br>Kuba Gudz &#8211; perkusja</p>



<p>Goście specjalni Junior Jazz Festival w trzecim secie:<br>FUNKY BOMBA TRIO COLLECTIVE PROJECT<br>Mateusz Tomiak &#8211; gitara<br>Kosma Góra &#8211; gitara basowa<br>Kacper Kaczyński &#8211; perkusja</p>



<p>Drzwi 19:00<br>Koncert 20:30</p>



<p>Do zobaczenia!</p>

<!-- This site is optimized with the Yoast SEO plugin v26.4 - https://yoast.com/wordpress/plugins/seo/ -->
<title>27/10: Kuba Więcek presents Jazz Cats vol. 13 [SOLD OUT] - jassmine</title>
<meta name="robots" content="index, follow, max-snippet:-1, max-image-preview:large, max-video-preview:-1" />
<link rel="canonical" href="https://jassmine.com/en/concert/27-10-kuba-wiecek-presents-jazz-cats-vol-13/" />
<meta property="og:locale" content="en_US" />
<meta property="og:type" content="article" />
<meta property="og:title" content="27/10: Kuba Więcek presents Jazz Cats vol. 13 [SOLD OUT] - jassmine" />
<meta property="og:description" content="Nowy sezon, nowe rozdanie Jazz Cats! Jak w każdej edycji, czeka nas zupełnie nowy skład, który wspólnie z Kubą Więckiem &#8211; gospodarzem cyklu &#8211; zagra Jam session w nowojorskim stylu. Kuba Więcek jest saksofonistą i kompozytorem koncertującym z czołowymi przedstawicielami światowego jazzu. Co miesiąc, razem z Kubą, zapraszamy do wspólnego grania znakomitych muzyków. Usłyszymy nie [&hellip;]" />
<meta property="og:url" content="https://jassmine.com/en/concert/27-10-kuba-wiecek-presents-jazz-cats-vol-13/" />
<meta property="og:site_name" content="jassmine" />
<meta name="twitter:card" content="summary_large_image" />
<meta name="twitter:label1" content="Est. reading time" />
	<meta name="twitter:data1" content="1 minute" />
<script type="application/ld+json" class="yoast-schema-graph">{"@context":"https://schema.org","@graph":[{"@type":"WebPage","@id":"https://jassmine.com/en/concert/27-10-kuba-wiecek-presents-jazz-cats-vol-13/","url":"https://jassmine.com/en/concert/27-10-kuba-wiecek-presents-jazz-cats-vol-13/","name":"27/10: Kuba Więcek presents Jazz Cats vol. 13 [SOLD OUT] - jassmine","isPartOf":{"@id":"https://jassmine.com/en/#website"},"datePublished":"2022-09-23T12:46:07+00:00","breadcrumb":{"@id":"https://jassmine.com/en/concert/27-10-kuba-wiecek-presents-jazz-cats-vol-13/#breadcrumb"},"inLanguage":"en-US","potentialAction":[{"@type":"ReadAction","target":["https://jassmine.com/en/concert/27-10-kuba-wiecek-presents-jazz-cats-vol-13/"]}]},{"@type":"BreadcrumbList","@id":"https://jassmine.com/en/concert/27-10-kuba-wiecek-presents-jazz-cats-vol-13/#breadcrumb","itemListElement":[{"@type":"ListItem","position":1,"name":"Home","item":"https://jassmine.com/en/"},{"@type":"ListItem","position":2,"name":"27/10: Kuba Więcek presents Jazz Cats vol. 13 [SOLD OUT]"}]},{"@type":"WebSite","@id":"https://jassmine.com/en/#website","url":"https://jassmine.com/en/","name":"jassmine","description":"","potentialAction":[{"@type":"SearchAction","target":{"@type":"EntryPoint","urlTemplate":"https://jassmine.com/en/?s={search_term_string}"},"query-input":{"@type":"PropertyValueSpecification","valueRequired":true,"valueName":"search_term_string"}}],"inLanguage":"en-US"}]}</script>
<!-- / Yoast SEO plugin. -->

27/10: Kuba Więcek presents Jazz Cats vol. 13 [SOLD OUT] - jassmine

Nowy sezon, nowe rozdanie Jazz Cats! Jak w każdej edycji, czeka nas zupełnie nowy skład, który wspólnie z Kubą Więckiem &#8211; gospodarzem cyklu &#8211; zagra Jam session w nowojorskim stylu. Kuba Więcek jest saksofonistą i kompozytorem koncertującym z czołowymi przedstawicielami światowego jazzu. Co miesiąc, razem z Kubą, zapraszamy do wspólnego grania znakomitych muzyków. Usłyszymy nie [&hellip;]
