{"id":1595,"date":"2022-11-15T21:18:44","date_gmt":"2022-11-15T20:18:44","guid":{"rendered":"https:\/\/jassmine.com\/?post_type=events&amp;p=1595"},"modified":"2022-11-15T21:18:44","modified_gmt":"2022-11-15T20:18:44","slug":"9-12-henryk-dorota-miskiewicz","status":"publish","type":"concert","link":"https:\/\/jassmine.com\/en\/concert\/9-12-henryk-dorota-miskiewicz\/","title":{"rendered":"9\/12: Henryk &#038; Dorota Mi\u015bkiewicz [SOLD OUT]"},"content":{"rendered":"\n<p>Jedyna taka relacja na polskiej scenie jazzowej, wyj\u0105tkowa wi\u0119\u017a, kt\u00f3ra dzi\u0119ki muzycznej drodze jeszcze bardziej umacnia si\u0119 i w efekcie wypuszcza pi\u0119kne owoce. Ponownie w Jassmine \u2013 Dorota Mi\u015bkiewicz i Henryk Mi\u015bkiewicz, na jednej scenie. Zapraszamy!<\/p>\n\n\n\n<p><strong>\u201eNasza Mi\u0142o\u015b\u0107<\/strong>\u201d \u2013 wyj\u0105tkowy projekt muzyczny ojca i c\u00f3rki, saksofonisty i wokalistki jazzowej, kt\u00f3ry powsta\u0142 w roku&nbsp;<strong>70. urodzin Henryka Mi\u015bkiewicza<\/strong>. Premiera albumu mia\u0142a miejsce 22 marca 2021 r. Henryka Mi\u015bkiewicza mo\u017cna us\u0142ysze\u0107 prawie na ka\u017cdej polskiej p\u0142ycie, gra\u0142 w legendarnym zespole Jazz Carriers oraz w Studio Jazzowym Jana Ptaszyna Wr\u00f3blewskiego. Henryk liczy\u0142, \u017ce c\u00f3rka zostanie skrzypaczk\u0105 w orkiestrze, ale kariera Doroty potoczy\u0142a si\u0119 inaczej. W tym roku, g\u0142osami krytyk\u00f3w i dziennikarzy magazynu \u201eJazz Forum\u201d po raz kolejny zosta\u0142a uznana najlepsz\u0105 polsk\u0105 wokalistk\u0105. Nie tylko \u015bpiewa, komponuje, pisze teksty, ale tworzy ca\u0142o\u015bciowe projekty artystyczne. \u201eNasza Mi\u0142o\u015b\u0107\u201d to kolejny muzyczny pomys\u0142 Doroty, a zarazem osobisty prezent z okazji urodzin Henryka.<\/p>\n\n\n\n<p>Sk\u0142ad:<br>Dorota Mi\u015bkiewicz &#8211; \u015bpiew<br>Henryk Mi\u015bkiewicz &#8211; saksofony<br>Piotr Orzechowski \u201ePianohooligan\u201d &#8211; fortepian<br>S\u0142awomir Kurkiewicz &#8211; kontrabas<br>Micha\u0142 Mi\u015bkiewicz \u2013 perkusja<\/p>\n\n\n\n<p>Drzwi 19:00<br>Koncert 20:30<\/p>\n\n\n\n<p>Do zobaczenia!<\/p>\n","protected":false},"template":"","meta":{"_acf_changed":false,"inline_featured_image":false},"class_list":["post-1595","concert","type-concert","status-publish","hentry"],"acf":[],"yoast_head":"<!-- This site is optimized with the Yoast SEO plugin v26.4 - https:\/\/yoast.com\/wordpress\/plugins\/seo\/ -->\n<title>9\/12: Henryk &amp; Dorota Mi\u015bkiewicz [SOLD OUT] - jassmine<\/title>\n<meta name=\"robots\" content=\"index, follow, max-snippet:-1, max-image-preview:large, max-video-preview:-1\" \/>\n<link rel=\"canonical\" href=\"https:\/\/jassmine.com\/en\/concert\/9-12-henryk-dorota-miskiewicz\/\" \/>\n<meta property=\"og:locale\" content=\"en_US\" \/>\n<meta property=\"og:type\" content=\"article\" \/>\n<meta property=\"og:title\" content=\"9\/12: Henryk &amp; Dorota Mi\u015bkiewicz [SOLD OUT] - jassmine\" \/>\n<meta property=\"og:description\" content=\"Jedyna taka relacja na polskiej scenie jazzowej, wyj\u0105tkowa wi\u0119\u017a, kt\u00f3ra dzi\u0119ki muzycznej drodze jeszcze bardziej umacnia si\u0119 i w efekcie wypuszcza pi\u0119kne owoce. Ponownie w Jassmine \u2013 Dorota Mi\u015bkiewicz i Henryk Mi\u015bkiewicz, na jednej scenie. Zapraszamy! \u201eNasza Mi\u0142o\u015b\u0107\u201d \u2013 wyj\u0105tkowy projekt muzyczny ojca i c\u00f3rki, saksofonisty i wokalistki jazzowej, kt\u00f3ry powsta\u0142 w roku&nbsp;70. urodzin Henryka [&hellip;]\" \/>\n<meta property=\"og:url\" content=\"https:\/\/jassmine.com\/en\/concert\/9-12-henryk-dorota-miskiewicz\/\" \/>\n<meta property=\"og:site_name\" content=\"jassmine\" \/>\n<meta name=\"twitter:card\" content=\"summary_large_image\" \/>\n<meta name=\"twitter:label1\" content=\"Est. reading time\" \/>\n\t<meta name=\"twitter:data1\" content=\"1 minute\" \/>\n<script type=\"application\/ld+json\" class=\"yoast-schema-graph\">{\"@context\":\"https:\/\/schema.org\",\"@graph\":[{\"@type\":\"WebPage\",\"@id\":\"https:\/\/jassmine.com\/en\/concert\/9-12-henryk-dorota-miskiewicz\/\",\"url\":\"https:\/\/jassmine.com\/en\/concert\/9-12-henryk-dorota-miskiewicz\/\",\"name\":\"9\/12: Henryk & Dorota Mi\u015bkiewicz [SOLD OUT] - jassmine\",\"isPartOf\":{\"@id\":\"https:\/\/jassmine.com\/en\/#website\"},\"datePublished\":\"2022-11-15T20:18:44+00:00\",\"breadcrumb\":{\"@id\":\"https:\/\/jassmine.com\/en\/concert\/9-12-henryk-dorota-miskiewicz\/#breadcrumb\"},\"inLanguage\":\"en-US\",\"potentialAction\":[{\"@type\":\"ReadAction\",\"target\":[\"https:\/\/jassmine.com\/en\/concert\/9-12-henryk-dorota-miskiewicz\/\"]}]},{\"@type\":\"BreadcrumbList\",\"@id\":\"https:\/\/jassmine.com\/en\/concert\/9-12-henryk-dorota-miskiewicz\/#breadcrumb\",\"itemListElement\":[{\"@type\":\"ListItem\",\"position\":1,\"name\":\"Home\",\"item\":\"https:\/\/jassmine.com\/en\/\"},{\"@type\":\"ListItem\",\"position\":2,\"name\":\"9\/12: Henryk &#038; Dorota Mi\u015bkiewicz [SOLD OUT]\"}]},{\"@type\":\"WebSite\",\"@id\":\"https:\/\/jassmine.com\/en\/#website\",\"url\":\"https:\/\/jassmine.com\/en\/\",\"name\":\"jassmine\",\"description\":\"\",\"potentialAction\":[{\"@type\":\"SearchAction\",\"target\":{\"@type\":\"EntryPoint\",\"urlTemplate\":\"https:\/\/jassmine.com\/en\/?s={search_term_string}\"},\"query-input\":{\"@type\":\"PropertyValueSpecification\",\"valueRequired\":true,\"valueName\":\"search_term_string\"}}],\"inLanguage\":\"en-US\"}]}<\/script>\n<!-- \/ Yoast SEO plugin. -->","yoast_head_json":{"title":"9\/12: Henryk & Dorota Mi\u015bkiewicz [SOLD OUT] - jassmine","robots":{"index":"index","follow":"follow","max-snippet":"max-snippet:-1","max-image-preview":"max-image-preview:large","max-video-preview":"max-video-preview:-1"},"canonical":"https:\/\/jassmine.com\/en\/concert\/9-12-henryk-dorota-miskiewicz\/","og_locale":"en_US","og_type":"article","og_title":"9\/12: Henryk & Dorota Mi\u015bkiewicz [SOLD OUT] - jassmine","og_description":"Jedyna taka relacja na polskiej scenie jazzowej, wyj\u0105tkowa wi\u0119\u017a, kt\u00f3ra dzi\u0119ki muzycznej drodze jeszcze bardziej umacnia si\u0119 i w efekcie wypuszcza pi\u0119kne owoce. Ponownie w Jassmine \u2013 Dorota Mi\u015bkiewicz i Henryk Mi\u015bkiewicz, na jednej scenie. Zapraszamy! \u201eNasza Mi\u0142o\u015b\u0107\u201d \u2013 wyj\u0105tkowy projekt muzyczny ojca i c\u00f3rki, saksofonisty i wokalistki jazzowej, kt\u00f3ry powsta\u0142 w roku&nbsp;70. urodzin Henryka [&hellip;]","og_url":"https:\/\/jassmine.com\/en\/concert\/9-12-henryk-dorota-miskiewicz\/","og_site_name":"jassmine","twitter_card":"summary_large_image","twitter_misc":{"Est. reading time":"1 minute"},"schema":{"@context":"https:\/\/schema.org","@graph":[{"@type":"WebPage","@id":"https:\/\/jassmine.com\/en\/concert\/9-12-henryk-dorota-miskiewicz\/","url":"https:\/\/jassmine.com\/en\/concert\/9-12-henryk-dorota-miskiewicz\/","name":"9\/12: Henryk & Dorota Mi\u015bkiewicz [SOLD OUT] - jassmine","isPartOf":{"@id":"https:\/\/jassmine.com\/en\/#website"},"datePublished":"2022-11-15T20:18:44+00:00","breadcrumb":{"@id":"https:\/\/jassmine.com\/en\/concert\/9-12-henryk-dorota-miskiewicz\/#breadcrumb"},"inLanguage":"en-US","potentialAction":[{"@type":"ReadAction","target":["https:\/\/jassmine.com\/en\/concert\/9-12-henryk-dorota-miskiewicz\/"]}]},{"@type":"BreadcrumbList","@id":"https:\/\/jassmine.com\/en\/concert\/9-12-henryk-dorota-miskiewicz\/#breadcrumb","itemListElement":[{"@type":"ListItem","position":1,"name":"Home","item":"https:\/\/jassmine.com\/en\/"},{"@type":"ListItem","position":2,"name":"9\/12: Henryk &#038; Dorota Mi\u015bkiewicz [SOLD OUT]"}]},{"@type":"WebSite","@id":"https:\/\/jassmine.com\/en\/#website","url":"https:\/\/jassmine.com\/en\/","name":"jassmine","description":"","potentialAction":[{"@type":"SearchAction","target":{"@type":"EntryPoint","urlTemplate":"https:\/\/jassmine.com\/en\/?s={search_term_string}"},"query-input":{"@type":"PropertyValueSpecification","valueRequired":true,"valueName":"search_term_string"}}],"inLanguage":"en-US"}]}},"_links":{"self":[{"href":"https:\/\/jassmine.com\/en\/wp-json\/wp\/v2\/concert\/1595","targetHints":{"allow":["GET"]}}],"collection":[{"href":"https:\/\/jassmine.com\/en\/wp-json\/wp\/v2\/concert"}],"about":[{"href":"https:\/\/jassmine.com\/en\/wp-json\/wp\/v2\/types\/concert"}],"wp:attachment":[{"href":"https:\/\/jassmine.com\/en\/wp-json\/wp\/v2\/media?parent=1595"}],"curies":[{"name":"wp","href":"https:\/\/api.w.org\/{rel}","templated":true}]}}

9/12: Henryk &#038; Dorota Miśkiewicz [SOLD OUT]

<p>Jedyna taka relacja na polskiej scenie jazzowej, wyjątkowa więź, która dzięki muzycznej drodze jeszcze bardziej umacnia się i w efekcie wypuszcza piękne owoce. Ponownie w Jassmine – Dorota Miśkiewicz i Henryk Miśkiewicz, na jednej scenie. Zapraszamy!</p>



<p><strong>„Nasza Miłość</strong>” – wyjątkowy projekt muzyczny ojca i córki, saksofonisty i wokalistki jazzowej, który powstał w roku&nbsp;<strong>70. urodzin Henryka Miśkiewicza</strong>. Premiera albumu miała miejsce 22 marca 2021 r. Henryka Miśkiewicza można usłyszeć prawie na każdej polskiej płycie, grał w legendarnym zespole Jazz Carriers oraz w Studio Jazzowym Jana Ptaszyna Wróblewskiego. Henryk liczył, że córka zostanie skrzypaczką w orkiestrze, ale kariera Doroty potoczyła się inaczej. W tym roku, głosami krytyków i dziennikarzy magazynu „Jazz Forum” po raz kolejny została uznana najlepszą polską wokalistką. Nie tylko śpiewa, komponuje, pisze teksty, ale tworzy całościowe projekty artystyczne. „Nasza Miłość” to kolejny muzyczny pomysł Doroty, a zarazem osobisty prezent z okazji urodzin Henryka.</p>



<p>Skład:<br>Dorota Miśkiewicz &#8211; śpiew<br>Henryk Miśkiewicz &#8211; saksofony<br>Piotr Orzechowski „Pianohooligan” &#8211; fortepian<br>Sławomir Kurkiewicz &#8211; kontrabas<br>Michał Miśkiewicz – perkusja</p>



<p>Drzwi 19:00<br>Koncert 20:30</p>



<p>Do zobaczenia!</p>

<!-- This site is optimized with the Yoast SEO plugin v26.4 - https://yoast.com/wordpress/plugins/seo/ -->
<title>9/12: Henryk &amp; Dorota Miśkiewicz [SOLD OUT] - jassmine</title>
<meta name="robots" content="index, follow, max-snippet:-1, max-image-preview:large, max-video-preview:-1" />
<link rel="canonical" href="https://jassmine.com/en/concert/9-12-henryk-dorota-miskiewicz/" />
<meta property="og:locale" content="en_US" />
<meta property="og:type" content="article" />
<meta property="og:title" content="9/12: Henryk &amp; Dorota Miśkiewicz [SOLD OUT] - jassmine" />
<meta property="og:description" content="Jedyna taka relacja na polskiej scenie jazzowej, wyjątkowa więź, która dzięki muzycznej drodze jeszcze bardziej umacnia się i w efekcie wypuszcza piękne owoce. Ponownie w Jassmine – Dorota Miśkiewicz i Henryk Miśkiewicz, na jednej scenie. Zapraszamy! „Nasza Miłość” – wyjątkowy projekt muzyczny ojca i córki, saksofonisty i wokalistki jazzowej, który powstał w roku&nbsp;70. urodzin Henryka [&hellip;]" />
<meta property="og:url" content="https://jassmine.com/en/concert/9-12-henryk-dorota-miskiewicz/" />
<meta property="og:site_name" content="jassmine" />
<meta name="twitter:card" content="summary_large_image" />
<meta name="twitter:label1" content="Est. reading time" />
	<meta name="twitter:data1" content="1 minute" />
<script type="application/ld+json" class="yoast-schema-graph">{"@context":"https://schema.org","@graph":[{"@type":"WebPage","@id":"https://jassmine.com/en/concert/9-12-henryk-dorota-miskiewicz/","url":"https://jassmine.com/en/concert/9-12-henryk-dorota-miskiewicz/","name":"9/12: Henryk & Dorota Miśkiewicz [SOLD OUT] - jassmine","isPartOf":{"@id":"https://jassmine.com/en/#website"},"datePublished":"2022-11-15T20:18:44+00:00","breadcrumb":{"@id":"https://jassmine.com/en/concert/9-12-henryk-dorota-miskiewicz/#breadcrumb"},"inLanguage":"en-US","potentialAction":[{"@type":"ReadAction","target":["https://jassmine.com/en/concert/9-12-henryk-dorota-miskiewicz/"]}]},{"@type":"BreadcrumbList","@id":"https://jassmine.com/en/concert/9-12-henryk-dorota-miskiewicz/#breadcrumb","itemListElement":[{"@type":"ListItem","position":1,"name":"Home","item":"https://jassmine.com/en/"},{"@type":"ListItem","position":2,"name":"9/12: Henryk &#038; Dorota Miśkiewicz [SOLD OUT]"}]},{"@type":"WebSite","@id":"https://jassmine.com/en/#website","url":"https://jassmine.com/en/","name":"jassmine","description":"","potentialAction":[{"@type":"SearchAction","target":{"@type":"EntryPoint","urlTemplate":"https://jassmine.com/en/?s={search_term_string}"},"query-input":{"@type":"PropertyValueSpecification","valueRequired":true,"valueName":"search_term_string"}}],"inLanguage":"en-US"}]}</script>
<!-- / Yoast SEO plugin. -->

9/12: Henryk & Dorota Miśkiewicz [SOLD OUT] - jassmine

Jedyna taka relacja na polskiej scenie jazzowej, wyjątkowa więź, która dzięki muzycznej drodze jeszcze bardziej umacnia się i w efekcie wypuszcza piękne owoce. Ponownie w Jassmine – Dorota Miśkiewicz i Henryk Miśkiewicz, na jednej scenie. Zapraszamy! „Nasza Miłość” – wyjątkowy projekt muzyczny ojca i córki, saksofonisty i wokalistki jazzowej, który powstał w roku&nbsp;70. urodzin Henryka [&hellip;]
