{"id":1858,"date":"2023-02-22T09:30:41","date_gmt":"2023-02-22T08:30:41","guid":{"rendered":"https:\/\/jassmine.com\/?post_type=events&amp;p=1858"},"modified":"2023-02-22T09:30:41","modified_gmt":"2023-02-22T08:30:41","slug":"2-03-kuba-wiecek-presents-jazz-cats-vol-18","status":"publish","type":"concert","link":"https:\/\/jassmine.com\/en\/concert\/2-03-kuba-wiecek-presents-jazz-cats-vol-18\/","title":{"rendered":"2\/03: Kuba Wi\u0119cek presents Jazz Cats vol. 18"},"content":{"rendered":"\n<p>Kolejna edycja Jazz Cats!<\/p>\n\n\n\n<p>Kuba Wi\u0119cek jest saksofonist\u0105 i kompozytorem koncertuj\u0105cym z czo\u0142owymi przedstawicielami \u015bwiatowego jazzu. Co miesi\u0105c, razem z Kub\u0105, zapraszamy do wsp\u00f3lnego grania znakomitych muzyk\u00f3w. Us\u0142yszymy nie tylko jazzowe standardy, ale i improwizacje oraz&#8230; kto wie jak si\u0119 potoczy ich jam session i jakich niezapowiedzianych go\u015bci mo\u017cemy spodziewa\u0107 si\u0119 tym razem?<\/p>\n\n\n\n<p>Sk\u0142ad:<br>Kuba Wi\u0119cek &#8211; saksofon<br>Shachar Elnatan &#8211; gitara<br>Stanis\u0142aw Pa\u0144ta &#8211; fortepian<br>Aniel Someillan &#8211; kontrabas<br>\u0141ukasz \u017byta \u2013 perkusja<\/p>\n\n\n\n<p>Drzwi 19:00<br>Koncert 20:30<\/p>\n\n\n\n<p>Nie prowadzimy rezerwacji stolik\u00f3w. Zach\u0119camy do wcze\u015bniejszego przybycia i zaj\u0119cia miejsc.<br>Po wyprzedaniu koncertu nie b\u0119dzie prowadzona sprzeda\u017c na bramce. <br><br>Do zobaczenia!<br><\/p>\n","protected":false},"template":"","meta":{"_acf_changed":false,"inline_featured_image":false},"class_list":["post-1858","concert","type-concert","status-publish","hentry"],"acf":[],"yoast_head":"<!-- This site is optimized with the Yoast SEO plugin v26.4 - https:\/\/yoast.com\/wordpress\/plugins\/seo\/ -->\n<title>2\/03: Kuba Wi\u0119cek presents Jazz Cats vol. 18 - jassmine<\/title>\n<meta name=\"robots\" content=\"index, follow, max-snippet:-1, max-image-preview:large, max-video-preview:-1\" \/>\n<link rel=\"canonical\" href=\"https:\/\/jassmine.com\/en\/concert\/2-03-kuba-wiecek-presents-jazz-cats-vol-18\/\" \/>\n<meta property=\"og:locale\" content=\"en_US\" \/>\n<meta property=\"og:type\" content=\"article\" \/>\n<meta property=\"og:title\" content=\"2\/03: Kuba Wi\u0119cek presents Jazz Cats vol. 18 - jassmine\" \/>\n<meta property=\"og:description\" content=\"Kolejna edycja Jazz Cats! Kuba Wi\u0119cek jest saksofonist\u0105 i kompozytorem koncertuj\u0105cym z czo\u0142owymi przedstawicielami \u015bwiatowego jazzu. Co miesi\u0105c, razem z Kub\u0105, zapraszamy do wsp\u00f3lnego grania znakomitych muzyk\u00f3w. Us\u0142yszymy nie tylko jazzowe standardy, ale i improwizacje oraz&#8230; kto wie jak si\u0119 potoczy ich jam session i jakich niezapowiedzianych go\u015bci mo\u017cemy spodziewa\u0107 si\u0119 tym razem? Sk\u0142ad:Kuba Wi\u0119cek [&hellip;]\" \/>\n<meta property=\"og:url\" content=\"https:\/\/jassmine.com\/en\/concert\/2-03-kuba-wiecek-presents-jazz-cats-vol-18\/\" \/>\n<meta property=\"og:site_name\" content=\"jassmine\" \/>\n<meta name=\"twitter:card\" content=\"summary_large_image\" \/>\n<meta name=\"twitter:label1\" content=\"Est. reading time\" \/>\n\t<meta name=\"twitter:data1\" content=\"1 minute\" \/>\n<script type=\"application\/ld+json\" class=\"yoast-schema-graph\">{\"@context\":\"https:\/\/schema.org\",\"@graph\":[{\"@type\":\"WebPage\",\"@id\":\"https:\/\/jassmine.com\/en\/concert\/2-03-kuba-wiecek-presents-jazz-cats-vol-18\/\",\"url\":\"https:\/\/jassmine.com\/en\/concert\/2-03-kuba-wiecek-presents-jazz-cats-vol-18\/\",\"name\":\"2\/03: Kuba Wi\u0119cek presents Jazz Cats vol. 18 - jassmine\",\"isPartOf\":{\"@id\":\"https:\/\/jassmine.com\/en\/#website\"},\"datePublished\":\"2023-02-22T08:30:41+00:00\",\"breadcrumb\":{\"@id\":\"https:\/\/jassmine.com\/en\/concert\/2-03-kuba-wiecek-presents-jazz-cats-vol-18\/#breadcrumb\"},\"inLanguage\":\"en-US\",\"potentialAction\":[{\"@type\":\"ReadAction\",\"target\":[\"https:\/\/jassmine.com\/en\/concert\/2-03-kuba-wiecek-presents-jazz-cats-vol-18\/\"]}]},{\"@type\":\"BreadcrumbList\",\"@id\":\"https:\/\/jassmine.com\/en\/concert\/2-03-kuba-wiecek-presents-jazz-cats-vol-18\/#breadcrumb\",\"itemListElement\":[{\"@type\":\"ListItem\",\"position\":1,\"name\":\"Home\",\"item\":\"https:\/\/jassmine.com\/en\/\"},{\"@type\":\"ListItem\",\"position\":2,\"name\":\"2\/03: Kuba Wi\u0119cek presents Jazz Cats vol. 18\"}]},{\"@type\":\"WebSite\",\"@id\":\"https:\/\/jassmine.com\/en\/#website\",\"url\":\"https:\/\/jassmine.com\/en\/\",\"name\":\"jassmine\",\"description\":\"\",\"potentialAction\":[{\"@type\":\"SearchAction\",\"target\":{\"@type\":\"EntryPoint\",\"urlTemplate\":\"https:\/\/jassmine.com\/en\/?s={search_term_string}\"},\"query-input\":{\"@type\":\"PropertyValueSpecification\",\"valueRequired\":true,\"valueName\":\"search_term_string\"}}],\"inLanguage\":\"en-US\"}]}<\/script>\n<!-- \/ Yoast SEO plugin. -->","yoast_head_json":{"title":"2\/03: Kuba Wi\u0119cek presents Jazz Cats vol. 18 - jassmine","robots":{"index":"index","follow":"follow","max-snippet":"max-snippet:-1","max-image-preview":"max-image-preview:large","max-video-preview":"max-video-preview:-1"},"canonical":"https:\/\/jassmine.com\/en\/concert\/2-03-kuba-wiecek-presents-jazz-cats-vol-18\/","og_locale":"en_US","og_type":"article","og_title":"2\/03: Kuba Wi\u0119cek presents Jazz Cats vol. 18 - jassmine","og_description":"Kolejna edycja Jazz Cats! Kuba Wi\u0119cek jest saksofonist\u0105 i kompozytorem koncertuj\u0105cym z czo\u0142owymi przedstawicielami \u015bwiatowego jazzu. Co miesi\u0105c, razem z Kub\u0105, zapraszamy do wsp\u00f3lnego grania znakomitych muzyk\u00f3w. Us\u0142yszymy nie tylko jazzowe standardy, ale i improwizacje oraz&#8230; kto wie jak si\u0119 potoczy ich jam session i jakich niezapowiedzianych go\u015bci mo\u017cemy spodziewa\u0107 si\u0119 tym razem? Sk\u0142ad:Kuba Wi\u0119cek [&hellip;]","og_url":"https:\/\/jassmine.com\/en\/concert\/2-03-kuba-wiecek-presents-jazz-cats-vol-18\/","og_site_name":"jassmine","twitter_card":"summary_large_image","twitter_misc":{"Est. reading time":"1 minute"},"schema":{"@context":"https:\/\/schema.org","@graph":[{"@type":"WebPage","@id":"https:\/\/jassmine.com\/en\/concert\/2-03-kuba-wiecek-presents-jazz-cats-vol-18\/","url":"https:\/\/jassmine.com\/en\/concert\/2-03-kuba-wiecek-presents-jazz-cats-vol-18\/","name":"2\/03: Kuba Wi\u0119cek presents Jazz Cats vol. 18 - jassmine","isPartOf":{"@id":"https:\/\/jassmine.com\/en\/#website"},"datePublished":"2023-02-22T08:30:41+00:00","breadcrumb":{"@id":"https:\/\/jassmine.com\/en\/concert\/2-03-kuba-wiecek-presents-jazz-cats-vol-18\/#breadcrumb"},"inLanguage":"en-US","potentialAction":[{"@type":"ReadAction","target":["https:\/\/jassmine.com\/en\/concert\/2-03-kuba-wiecek-presents-jazz-cats-vol-18\/"]}]},{"@type":"BreadcrumbList","@id":"https:\/\/jassmine.com\/en\/concert\/2-03-kuba-wiecek-presents-jazz-cats-vol-18\/#breadcrumb","itemListElement":[{"@type":"ListItem","position":1,"name":"Home","item":"https:\/\/jassmine.com\/en\/"},{"@type":"ListItem","position":2,"name":"2\/03: Kuba Wi\u0119cek presents Jazz Cats vol. 18"}]},{"@type":"WebSite","@id":"https:\/\/jassmine.com\/en\/#website","url":"https:\/\/jassmine.com\/en\/","name":"jassmine","description":"","potentialAction":[{"@type":"SearchAction","target":{"@type":"EntryPoint","urlTemplate":"https:\/\/jassmine.com\/en\/?s={search_term_string}"},"query-input":{"@type":"PropertyValueSpecification","valueRequired":true,"valueName":"search_term_string"}}],"inLanguage":"en-US"}]}},"_links":{"self":[{"href":"https:\/\/jassmine.com\/en\/wp-json\/wp\/v2\/concert\/1858","targetHints":{"allow":["GET"]}}],"collection":[{"href":"https:\/\/jassmine.com\/en\/wp-json\/wp\/v2\/concert"}],"about":[{"href":"https:\/\/jassmine.com\/en\/wp-json\/wp\/v2\/types\/concert"}],"wp:attachment":[{"href":"https:\/\/jassmine.com\/en\/wp-json\/wp\/v2\/media?parent=1858"}],"curies":[{"name":"wp","href":"https:\/\/api.w.org\/{rel}","templated":true}]}}

2/03: Kuba Więcek presents Jazz Cats vol. 18

<p>Kolejna edycja Jazz Cats!</p>



<p>Kuba Więcek jest saksofonistą i kompozytorem koncertującym z czołowymi przedstawicielami światowego jazzu. Co miesiąc, razem z Kubą, zapraszamy do wspólnego grania znakomitych muzyków. Usłyszymy nie tylko jazzowe standardy, ale i improwizacje oraz&#8230; kto wie jak się potoczy ich jam session i jakich niezapowiedzianych gości możemy spodziewać się tym razem?</p>



<p>Skład:<br>Kuba Więcek &#8211; saksofon<br>Shachar Elnatan &#8211; gitara<br>Stanisław Pańta &#8211; fortepian<br>Aniel Someillan &#8211; kontrabas<br>Łukasz Żyta – perkusja</p>



<p>Drzwi 19:00<br>Koncert 20:30</p>



<p>Nie prowadzimy rezerwacji stolików. Zachęcamy do wcześniejszego przybycia i zajęcia miejsc.<br>Po wyprzedaniu koncertu nie będzie prowadzona sprzedaż na bramce. <br><br>Do zobaczenia!<br></p>

<!-- This site is optimized with the Yoast SEO plugin v26.4 - https://yoast.com/wordpress/plugins/seo/ -->
<title>2/03: Kuba Więcek presents Jazz Cats vol. 18 - jassmine</title>
<meta name="robots" content="index, follow, max-snippet:-1, max-image-preview:large, max-video-preview:-1" />
<link rel="canonical" href="https://jassmine.com/en/concert/2-03-kuba-wiecek-presents-jazz-cats-vol-18/" />
<meta property="og:locale" content="en_US" />
<meta property="og:type" content="article" />
<meta property="og:title" content="2/03: Kuba Więcek presents Jazz Cats vol. 18 - jassmine" />
<meta property="og:description" content="Kolejna edycja Jazz Cats! Kuba Więcek jest saksofonistą i kompozytorem koncertującym z czołowymi przedstawicielami światowego jazzu. Co miesiąc, razem z Kubą, zapraszamy do wspólnego grania znakomitych muzyków. Usłyszymy nie tylko jazzowe standardy, ale i improwizacje oraz&#8230; kto wie jak się potoczy ich jam session i jakich niezapowiedzianych gości możemy spodziewać się tym razem? Skład:Kuba Więcek [&hellip;]" />
<meta property="og:url" content="https://jassmine.com/en/concert/2-03-kuba-wiecek-presents-jazz-cats-vol-18/" />
<meta property="og:site_name" content="jassmine" />
<meta name="twitter:card" content="summary_large_image" />
<meta name="twitter:label1" content="Est. reading time" />
	<meta name="twitter:data1" content="1 minute" />
<script type="application/ld+json" class="yoast-schema-graph">{"@context":"https://schema.org","@graph":[{"@type":"WebPage","@id":"https://jassmine.com/en/concert/2-03-kuba-wiecek-presents-jazz-cats-vol-18/","url":"https://jassmine.com/en/concert/2-03-kuba-wiecek-presents-jazz-cats-vol-18/","name":"2/03: Kuba Więcek presents Jazz Cats vol. 18 - jassmine","isPartOf":{"@id":"https://jassmine.com/en/#website"},"datePublished":"2023-02-22T08:30:41+00:00","breadcrumb":{"@id":"https://jassmine.com/en/concert/2-03-kuba-wiecek-presents-jazz-cats-vol-18/#breadcrumb"},"inLanguage":"en-US","potentialAction":[{"@type":"ReadAction","target":["https://jassmine.com/en/concert/2-03-kuba-wiecek-presents-jazz-cats-vol-18/"]}]},{"@type":"BreadcrumbList","@id":"https://jassmine.com/en/concert/2-03-kuba-wiecek-presents-jazz-cats-vol-18/#breadcrumb","itemListElement":[{"@type":"ListItem","position":1,"name":"Home","item":"https://jassmine.com/en/"},{"@type":"ListItem","position":2,"name":"2/03: Kuba Więcek presents Jazz Cats vol. 18"}]},{"@type":"WebSite","@id":"https://jassmine.com/en/#website","url":"https://jassmine.com/en/","name":"jassmine","description":"","potentialAction":[{"@type":"SearchAction","target":{"@type":"EntryPoint","urlTemplate":"https://jassmine.com/en/?s={search_term_string}"},"query-input":{"@type":"PropertyValueSpecification","valueRequired":true,"valueName":"search_term_string"}}],"inLanguage":"en-US"}]}</script>
<!-- / Yoast SEO plugin. -->

2/03: Kuba Więcek presents Jazz Cats vol. 18 - jassmine

Kolejna edycja Jazz Cats! Kuba Więcek jest saksofonistą i kompozytorem koncertującym z czołowymi przedstawicielami światowego jazzu. Co miesiąc, razem z Kubą, zapraszamy do wspólnego grania znakomitych muzyków. Usłyszymy nie tylko jazzowe standardy, ale i improwizacje oraz&#8230; kto wie jak się potoczy ich jam session i jakich niezapowiedzianych gości możemy spodziewać się tym razem? Skład:Kuba Więcek [&hellip;]
