{"id":1926,"date":"2023-03-28T14:52:08","date_gmt":"2023-03-28T12:52:08","guid":{"rendered":"https:\/\/jassmine.com\/?post_type=events&amp;p=1926"},"modified":"2023-03-28T14:52:08","modified_gmt":"2023-03-28T12:52:08","slug":"27-04-wojtek-mazolewski-yugen-koncert-premierowy","status":"publish","type":"concert","link":"https:\/\/jassmine.com\/en\/concert\/27-04-wojtek-mazolewski-yugen-koncert-premierowy\/","title":{"rendered":"27\/04: Wojtek Mazolewski YUGEN &#8211; koncert premierowy [SOLD OUT]"},"content":{"rendered":"\n<p>Zapraszamy na PREMIEROWY koncert z nowa p\u0142yt\u0105 Wojtka Mazolewskiego nagran\u0105 z zespo\u0142em YUGEN 2 pt.: \u201eJESTEM\u201d.<\/p>\n\n\n\n<p>Sk\u0142ad:<br>Krzysztof Kawa\u0142ko<br>Pola Atma\u0144ska<br>Marcin Pendowski<br>Bruno Jasie\u0144ski<br>Wojtek Mazolewski<\/p>\n\n\n\n<p>Drzwi 19:00<br>Koncert 20:30<\/p>\n\n\n\n<p>Nie prowadzimy rezerwacji stolik\u00f3w. Zach\u0119camy do wcze\u015bniejszego przybycia i zaj\u0119cia miejsc.<br>Po wyprzedaniu koncertu nie b\u0119dzie prowadzona sprzeda\u017c na bramce. Do zobaczenia!<br><\/p>\n","protected":false},"template":"","meta":{"_acf_changed":false,"inline_featured_image":false},"class_list":["post-1926","concert","type-concert","status-publish","hentry"],"acf":[],"yoast_head":"<!-- This site is optimized with the Yoast SEO plugin v26.4 - https:\/\/yoast.com\/wordpress\/plugins\/seo\/ -->\n<title>27\/04: Wojtek Mazolewski YUGEN - koncert premierowy [SOLD OUT] - jassmine<\/title>\n<meta name=\"robots\" content=\"index, follow, max-snippet:-1, max-image-preview:large, max-video-preview:-1\" \/>\n<link rel=\"canonical\" href=\"https:\/\/jassmine.com\/en\/concert\/27-04-wojtek-mazolewski-yugen-koncert-premierowy\/\" \/>\n<meta property=\"og:locale\" content=\"en_US\" \/>\n<meta property=\"og:type\" content=\"article\" \/>\n<meta property=\"og:title\" content=\"27\/04: Wojtek Mazolewski YUGEN - koncert premierowy [SOLD OUT] - jassmine\" \/>\n<meta property=\"og:description\" content=\"Zapraszamy na PREMIEROWY koncert z nowa p\u0142yt\u0105 Wojtka Mazolewskiego nagran\u0105 z zespo\u0142em YUGEN 2 pt.: \u201eJESTEM\u201d. Sk\u0142ad:Krzysztof Kawa\u0142koPola Atma\u0144skaMarcin PendowskiBruno Jasie\u0144skiWojtek Mazolewski Drzwi 19:00Koncert 20:30 Nie prowadzimy rezerwacji stolik\u00f3w. Zach\u0119camy do wcze\u015bniejszego przybycia i zaj\u0119cia miejsc.Po wyprzedaniu koncertu nie b\u0119dzie prowadzona sprzeda\u017c na bramce. Do zobaczenia!\" \/>\n<meta property=\"og:url\" content=\"https:\/\/jassmine.com\/en\/concert\/27-04-wojtek-mazolewski-yugen-koncert-premierowy\/\" \/>\n<meta property=\"og:site_name\" content=\"jassmine\" \/>\n<meta name=\"twitter:card\" content=\"summary_large_image\" \/>\n<script type=\"application\/ld+json\" class=\"yoast-schema-graph\">{\"@context\":\"https:\/\/schema.org\",\"@graph\":[{\"@type\":\"WebPage\",\"@id\":\"https:\/\/jassmine.com\/en\/concert\/27-04-wojtek-mazolewski-yugen-koncert-premierowy\/\",\"url\":\"https:\/\/jassmine.com\/en\/concert\/27-04-wojtek-mazolewski-yugen-koncert-premierowy\/\",\"name\":\"27\/04: Wojtek Mazolewski YUGEN - koncert premierowy [SOLD OUT] - jassmine\",\"isPartOf\":{\"@id\":\"https:\/\/jassmine.com\/en\/#website\"},\"datePublished\":\"2023-03-28T12:52:08+00:00\",\"breadcrumb\":{\"@id\":\"https:\/\/jassmine.com\/en\/concert\/27-04-wojtek-mazolewski-yugen-koncert-premierowy\/#breadcrumb\"},\"inLanguage\":\"en-US\",\"potentialAction\":[{\"@type\":\"ReadAction\",\"target\":[\"https:\/\/jassmine.com\/en\/concert\/27-04-wojtek-mazolewski-yugen-koncert-premierowy\/\"]}]},{\"@type\":\"BreadcrumbList\",\"@id\":\"https:\/\/jassmine.com\/en\/concert\/27-04-wojtek-mazolewski-yugen-koncert-premierowy\/#breadcrumb\",\"itemListElement\":[{\"@type\":\"ListItem\",\"position\":1,\"name\":\"Home\",\"item\":\"https:\/\/jassmine.com\/en\/\"},{\"@type\":\"ListItem\",\"position\":2,\"name\":\"27\/04: Wojtek Mazolewski YUGEN &#8211; koncert premierowy [SOLD OUT]\"}]},{\"@type\":\"WebSite\",\"@id\":\"https:\/\/jassmine.com\/en\/#website\",\"url\":\"https:\/\/jassmine.com\/en\/\",\"name\":\"jassmine\",\"description\":\"\",\"potentialAction\":[{\"@type\":\"SearchAction\",\"target\":{\"@type\":\"EntryPoint\",\"urlTemplate\":\"https:\/\/jassmine.com\/en\/?s={search_term_string}\"},\"query-input\":{\"@type\":\"PropertyValueSpecification\",\"valueRequired\":true,\"valueName\":\"search_term_string\"}}],\"inLanguage\":\"en-US\"}]}<\/script>\n<!-- \/ Yoast SEO plugin. -->","yoast_head_json":{"title":"27\/04: Wojtek Mazolewski YUGEN - koncert premierowy [SOLD OUT] - jassmine","robots":{"index":"index","follow":"follow","max-snippet":"max-snippet:-1","max-image-preview":"max-image-preview:large","max-video-preview":"max-video-preview:-1"},"canonical":"https:\/\/jassmine.com\/en\/concert\/27-04-wojtek-mazolewski-yugen-koncert-premierowy\/","og_locale":"en_US","og_type":"article","og_title":"27\/04: Wojtek Mazolewski YUGEN - koncert premierowy [SOLD OUT] - jassmine","og_description":"Zapraszamy na PREMIEROWY koncert z nowa p\u0142yt\u0105 Wojtka Mazolewskiego nagran\u0105 z zespo\u0142em YUGEN 2 pt.: \u201eJESTEM\u201d. Sk\u0142ad:Krzysztof Kawa\u0142koPola Atma\u0144skaMarcin PendowskiBruno Jasie\u0144skiWojtek Mazolewski Drzwi 19:00Koncert 20:30 Nie prowadzimy rezerwacji stolik\u00f3w. Zach\u0119camy do wcze\u015bniejszego przybycia i zaj\u0119cia miejsc.Po wyprzedaniu koncertu nie b\u0119dzie prowadzona sprzeda\u017c na bramce. Do zobaczenia!","og_url":"https:\/\/jassmine.com\/en\/concert\/27-04-wojtek-mazolewski-yugen-koncert-premierowy\/","og_site_name":"jassmine","twitter_card":"summary_large_image","schema":{"@context":"https:\/\/schema.org","@graph":[{"@type":"WebPage","@id":"https:\/\/jassmine.com\/en\/concert\/27-04-wojtek-mazolewski-yugen-koncert-premierowy\/","url":"https:\/\/jassmine.com\/en\/concert\/27-04-wojtek-mazolewski-yugen-koncert-premierowy\/","name":"27\/04: Wojtek Mazolewski YUGEN - koncert premierowy [SOLD OUT] - jassmine","isPartOf":{"@id":"https:\/\/jassmine.com\/en\/#website"},"datePublished":"2023-03-28T12:52:08+00:00","breadcrumb":{"@id":"https:\/\/jassmine.com\/en\/concert\/27-04-wojtek-mazolewski-yugen-koncert-premierowy\/#breadcrumb"},"inLanguage":"en-US","potentialAction":[{"@type":"ReadAction","target":["https:\/\/jassmine.com\/en\/concert\/27-04-wojtek-mazolewski-yugen-koncert-premierowy\/"]}]},{"@type":"BreadcrumbList","@id":"https:\/\/jassmine.com\/en\/concert\/27-04-wojtek-mazolewski-yugen-koncert-premierowy\/#breadcrumb","itemListElement":[{"@type":"ListItem","position":1,"name":"Home","item":"https:\/\/jassmine.com\/en\/"},{"@type":"ListItem","position":2,"name":"27\/04: Wojtek Mazolewski YUGEN &#8211; koncert premierowy [SOLD OUT]"}]},{"@type":"WebSite","@id":"https:\/\/jassmine.com\/en\/#website","url":"https:\/\/jassmine.com\/en\/","name":"jassmine","description":"","potentialAction":[{"@type":"SearchAction","target":{"@type":"EntryPoint","urlTemplate":"https:\/\/jassmine.com\/en\/?s={search_term_string}"},"query-input":{"@type":"PropertyValueSpecification","valueRequired":true,"valueName":"search_term_string"}}],"inLanguage":"en-US"}]}},"_links":{"self":[{"href":"https:\/\/jassmine.com\/en\/wp-json\/wp\/v2\/concert\/1926","targetHints":{"allow":["GET"]}}],"collection":[{"href":"https:\/\/jassmine.com\/en\/wp-json\/wp\/v2\/concert"}],"about":[{"href":"https:\/\/jassmine.com\/en\/wp-json\/wp\/v2\/types\/concert"}],"wp:attachment":[{"href":"https:\/\/jassmine.com\/en\/wp-json\/wp\/v2\/media?parent=1926"}],"curies":[{"name":"wp","href":"https:\/\/api.w.org\/{rel}","templated":true}]}}

<p>Zapraszamy na PREMIEROWY koncert z nowa płytą Wojtka Mazolewskiego nagraną z zespołem YUGEN 2 pt.: „JESTEM”.</p>



<p>Skład:<br>Krzysztof Kawałko<br>Pola Atmańska<br>Marcin Pendowski<br>Bruno Jasieński<br>Wojtek Mazolewski</p>



<p>Drzwi 19:00<br>Koncert 20:30</p>



<p>Nie prowadzimy rezerwacji stolików. Zachęcamy do wcześniejszego przybycia i zajęcia miejsc.<br>Po wyprzedaniu koncertu nie będzie prowadzona sprzedaż na bramce. Do zobaczenia!<br></p>

<!-- This site is optimized with the Yoast SEO plugin v26.4 - https://yoast.com/wordpress/plugins/seo/ -->
<title>27/04: Wojtek Mazolewski YUGEN - koncert premierowy [SOLD OUT] - jassmine</title>
<meta name="robots" content="index, follow, max-snippet:-1, max-image-preview:large, max-video-preview:-1" />
<link rel="canonical" href="https://jassmine.com/en/concert/27-04-wojtek-mazolewski-yugen-koncert-premierowy/" />
<meta property="og:locale" content="en_US" />
<meta property="og:type" content="article" />
<meta property="og:title" content="27/04: Wojtek Mazolewski YUGEN - koncert premierowy [SOLD OUT] - jassmine" />
<meta property="og:description" content="Zapraszamy na PREMIEROWY koncert z nowa płytą Wojtka Mazolewskiego nagraną z zespołem YUGEN 2 pt.: „JESTEM”. Skład:Krzysztof KawałkoPola AtmańskaMarcin PendowskiBruno JasieńskiWojtek Mazolewski Drzwi 19:00Koncert 20:30 Nie prowadzimy rezerwacji stolików. Zachęcamy do wcześniejszego przybycia i zajęcia miejsc.Po wyprzedaniu koncertu nie będzie prowadzona sprzedaż na bramce. Do zobaczenia!" />
<meta property="og:url" content="https://jassmine.com/en/concert/27-04-wojtek-mazolewski-yugen-koncert-premierowy/" />
<meta property="og:site_name" content="jassmine" />
<meta name="twitter:card" content="summary_large_image" />
<script type="application/ld+json" class="yoast-schema-graph">{"@context":"https://schema.org","@graph":[{"@type":"WebPage","@id":"https://jassmine.com/en/concert/27-04-wojtek-mazolewski-yugen-koncert-premierowy/","url":"https://jassmine.com/en/concert/27-04-wojtek-mazolewski-yugen-koncert-premierowy/","name":"27/04: Wojtek Mazolewski YUGEN - koncert premierowy [SOLD OUT] - jassmine","isPartOf":{"@id":"https://jassmine.com/en/#website"},"datePublished":"2023-03-28T12:52:08+00:00","breadcrumb":{"@id":"https://jassmine.com/en/concert/27-04-wojtek-mazolewski-yugen-koncert-premierowy/#breadcrumb"},"inLanguage":"en-US","potentialAction":[{"@type":"ReadAction","target":["https://jassmine.com/en/concert/27-04-wojtek-mazolewski-yugen-koncert-premierowy/"]}]},{"@type":"BreadcrumbList","@id":"https://jassmine.com/en/concert/27-04-wojtek-mazolewski-yugen-koncert-premierowy/#breadcrumb","itemListElement":[{"@type":"ListItem","position":1,"name":"Home","item":"https://jassmine.com/en/"},{"@type":"ListItem","position":2,"name":"27/04: Wojtek Mazolewski YUGEN &#8211; koncert premierowy [SOLD OUT]"}]},{"@type":"WebSite","@id":"https://jassmine.com/en/#website","url":"https://jassmine.com/en/","name":"jassmine","description":"","potentialAction":[{"@type":"SearchAction","target":{"@type":"EntryPoint","urlTemplate":"https://jassmine.com/en/?s={search_term_string}"},"query-input":{"@type":"PropertyValueSpecification","valueRequired":true,"valueName":"search_term_string"}}],"inLanguage":"en-US"}]}</script>
<!-- / Yoast SEO plugin. -->

Zapraszamy na PREMIEROWY koncert z nowa płytą Wojtka Mazolewskiego nagraną z zespołem YUGEN 2 pt.: „JESTEM”. Skład:Krzysztof KawałkoPola AtmańskaMarcin PendowskiBruno JasieńskiWojtek Mazolewski Drzwi 19:00Koncert 20:30 Nie prowadzimy rezerwacji stolików. Zachęcamy do wcześniejszego przybycia i zajęcia miejsc.Po wyprzedaniu koncertu nie będzie prowadzona sprzedaż na bramce. Do zobaczenia!
