{"id":5821,"date":"2024-10-22T00:30:58","date_gmt":"2024-10-22T00:30:58","guid":{"rendered":"https:\/\/jassmine.8080.dev\/concert\/jazz-po-polsku-amalia-umeda-quartet\/"},"modified":"2024-10-22T00:38:32","modified_gmt":"2024-10-22T00:38:32","slug":"jazz-po-polsku-amalia-umeda-quartet","status":"publish","type":"concert","link":"https:\/\/jassmine.com\/en\/concert\/jazz-po-polsku-amalia-umeda-quartet\/","title":{"rendered":"Jazz Po Polsku: Amalia Umeda Quartet"},"content":{"rendered":"\n<div id=\"heading-text-block_6716f242e80e1\" class=\"heading-text\">\n\n  <div>\n        <h2 class=\"heading-text__heading font-serif fs-24 lh-1-28 fs-dt-40 lh-1-2\">\u201cAmalia Umeda Quartet to synteza czterech muzycznych osobowo\u015bci oraz r\u00f3\u017cnorodno\u015b\u0107 reakcji mi\u0119dzy nimi. Ka\u017cdy koncert jest procesem medytacji \u2013 pod\u0105\u017camy \u015bcie\u017ckami, kt\u00f3re wytyczamy w danym momencie. To jedna wielka historia z\u0142o\u017cona z r\u00f3\u017cnorodnych stan\u00f3w emocjonalnych, autentyczno\u015bci i pewnego rodzaju\u2026 surowej energii\u201d \u2013 Amalia Umeda. <\/h2>\n      <\/div>\n\n  <div>\n        <div class=\"heading-text__content fs-20 ls-0-4 lh-1-4\">\n      <p>W ramach projektu JAZZ PO POLSKU \u201eWarsaw Live Sessions\u201d odb\u0119d\u0105 si\u0119 kolejne autorskie koncerty czo\u0142\u00f3wki polskiej sceny jazzowej, a tak\u017ce go\u015bci z zagranicy.<\/p>\n<p>Zesp\u00f3\u0142 wyda\u0142 sw\u00f3j debiutancki album \u201cNowo\u015bwit\u201d w 2022 roku i promowa\u0142 go na mi\u0119dzynarodowej trasie, kt\u00f3ra by\u0142a efektem kwalifikacji zespo\u0142u do projektu Footprints Europe 2021. Nowo\u015bwit Footprints Tour obj\u0105\u0142 koncerty m. in. podczas Oslo Jazzfestival (Oslo, Norwegia), Umea Jazzfestival (Umea, Szwecja), Cologne Jazzweek \/ NICA Exchange (Kolonia, Niemcy), w Nasjonal Jazzscene (Oslo, Norwegia), Periscope (Lyon, Francja), Bimhuis (Amsterdam, Niderlandy).<\/p>\n    <\/div>\n      <\/div>\n\n<\/div>\n\n<div id=\"asset-block_6716f242ea4d4\" class=\"asset-block\">\n\n  \n<figure\n  class=\"asset asset-block__asset\"\n  data-asset\n    >\n\n  \n<\/figure>\n\n<\/div>\n\n<section id=\"band-block_6716f242ecbf6\" class=\"band font-sans-title fs-20 lh-1-4 ls-0-4 fs-dt-32 lh-dt-1-04 ls-dt-0\">\n\n  <div class=\"band__column band__column--title\">\n      <p class=\"band__title\">The band<\/p>\n    <\/div>\n\n  <div class=\"band__column band__column--band\">\n  \n    <ul class=\"unstyled-list band__list\">\n      \n      <li class=\"band__item\">\n\n        <span class=\"band__name\">Amalia Umeda<\/span>\n                <span class=\"band__description fs-12 lh-1-12 fs-dt-20 lh-dt-1-4 ls-dt-0-4\">skrzypce<\/span>\n        \n      <\/li>\n\n      \n      <li class=\"band__item\">\n\n        <span class=\"band__name\">Franciszek Raczkowski<\/span>\n                <span class=\"band__description fs-12 lh-1-12 fs-dt-20 lh-dt-1-4 ls-dt-0-4\">fortepian<\/span>\n        \n      <\/li>\n\n      \n      <li class=\"band__item\">\n\n        <span class=\"band__name\">Micha\u0142 Aftyka<\/span>\n                <span class=\"band__description fs-12 lh-1-12 fs-dt-20 lh-dt-1-4 ls-dt-0-4\">kontrabas <\/span>\n        \n      <\/li>\n\n      \n      <li class=\"band__item\">\n\n        <span class=\"band__name\">Micha\u0142 Szeligowski<\/span>\n                <span class=\"band__description fs-12 lh-1-12 fs-dt-20 lh-dt-1-4 ls-dt-0-4\">perkusja<\/span>\n        \n      <\/li>\n\n      \n    <\/ul>\n\n    <\/div>\n\n<\/section>\n\n<figure class=\"wp-block-embed is-type-video is-provider-youtube wp-block-embed-youtube wp-embed-aspect-16-9 wp-has-aspect-ratio\"><div class=\"wp-block-embed__wrapper\">\r\n<iframe loading=\"lazy\" title=\"Amalia Umeda Quartet - NOWO\u015aWIT (debut album)\" width=\"500\" height=\"281\" src=\"https:\/\/www.youtube.com\/embed\/7z9nqZ0fTQI?feature=oembed\" frameborder=\"0\" allow=\"accelerometer; autoplay; clipboard-write; encrypted-media; gyroscope; picture-in-picture; web-share\" referrerpolicy=\"strict-origin-when-cross-origin\" allowfullscreen><\/iframe>\r\n<\/div><\/figure>\r\n\n<section id=\"apple-embed-block_6716f242ed71b\" class=\"apple-embed\">\n  0<\/section>\n\n<section id=\"concert-info-block_6716f242eea14\" class=\"concert-info\">\n\n  <div class=\"concert-info__column concert-info__column--info fs-20 lh-1-4 ls-0-4 fs-dt-32 lh-dt-1-04 ls-dt-0\">\n      <p class=\"concert-info__info\">Door 19:00<br \/>\r\nConcert 20:30<\/p>\n    <\/div>\n\n  <div class=\"concert-info__column concert-info__column--additional fs-20 lh-1-4 ls-0-4\">\n      <p class=\"concert-info__additional\">We do not take table reservations. <br \/>\r\nWe encourage you to arrive early and secure a spot. <br \/>\r\nThe event is co-financed by the funds of the Capital City of Warsaw.<\/p>\n    <\/div>\n\n<\/section>\n","protected":false},"template":"","meta":{"_acf_changed":false,"inline_featured_image":false},"class_list":["post-5821","concert","type-concert","status-publish","hentry"],"acf":[],"yoast_head":"<!-- This site is optimized with the Yoast SEO plugin v26.4 - https:\/\/yoast.com\/wordpress\/plugins\/seo\/ -->\n<title>Jazz Po Polsku: Amalia Umeda Quartet - jassmine<\/title>\n<meta name=\"robots\" content=\"index, follow, max-snippet:-1, max-image-preview:large, max-video-preview:-1\" \/>\n<link rel=\"canonical\" href=\"https:\/\/jassmine.com\/en\/concert\/jazz-po-polsku-amalia-umeda-quartet\/\" \/>\n<meta property=\"og:locale\" content=\"en_US\" \/>\n<meta property=\"og:type\" content=\"article\" \/>\n<meta property=\"og:title\" content=\"Jazz Po Polsku: Amalia Umeda Quartet - jassmine\" \/>\n<meta property=\"og:url\" content=\"https:\/\/jassmine.com\/en\/concert\/jazz-po-polsku-amalia-umeda-quartet\/\" \/>\n<meta property=\"og:site_name\" content=\"jassmine\" \/>\n<meta property=\"article:modified_time\" content=\"2024-10-22T00:38:32+00:00\" \/>\n<meta name=\"twitter:card\" content=\"summary_large_image\" \/>\n<script type=\"application\/ld+json\" class=\"yoast-schema-graph\">{\"@context\":\"https:\/\/schema.org\",\"@graph\":[{\"@type\":\"WebPage\",\"@id\":\"https:\/\/jassmine.com\/en\/concert\/jazz-po-polsku-amalia-umeda-quartet\/\",\"url\":\"https:\/\/jassmine.com\/en\/concert\/jazz-po-polsku-amalia-umeda-quartet\/\",\"name\":\"Jazz Po Polsku: Amalia Umeda Quartet - jassmine\",\"isPartOf\":{\"@id\":\"https:\/\/jassmine.com\/en\/#website\"},\"datePublished\":\"2024-10-22T00:30:58+00:00\",\"dateModified\":\"2024-10-22T00:38:32+00:00\",\"breadcrumb\":{\"@id\":\"https:\/\/jassmine.com\/en\/concert\/jazz-po-polsku-amalia-umeda-quartet\/#breadcrumb\"},\"inLanguage\":\"en-US\",\"potentialAction\":[{\"@type\":\"ReadAction\",\"target\":[\"https:\/\/jassmine.com\/en\/concert\/jazz-po-polsku-amalia-umeda-quartet\/\"]}]},{\"@type\":\"BreadcrumbList\",\"@id\":\"https:\/\/jassmine.com\/en\/concert\/jazz-po-polsku-amalia-umeda-quartet\/#breadcrumb\",\"itemListElement\":[{\"@type\":\"ListItem\",\"position\":1,\"name\":\"Home\",\"item\":\"https:\/\/jassmine.com\/en\/\"},{\"@type\":\"ListItem\",\"position\":2,\"name\":\"Jazz Po Polsku: Amalia Umeda Quartet\"}]},{\"@type\":\"WebSite\",\"@id\":\"https:\/\/jassmine.com\/en\/#website\",\"url\":\"https:\/\/jassmine.com\/en\/\",\"name\":\"jassmine\",\"description\":\"\",\"potentialAction\":[{\"@type\":\"SearchAction\",\"target\":{\"@type\":\"EntryPoint\",\"urlTemplate\":\"https:\/\/jassmine.com\/en\/?s={search_term_string}\"},\"query-input\":{\"@type\":\"PropertyValueSpecification\",\"valueRequired\":true,\"valueName\":\"search_term_string\"}}],\"inLanguage\":\"en-US\"}]}<\/script>\n<!-- \/ Yoast SEO plugin. -->","yoast_head_json":{"title":"Jazz Po Polsku: Amalia Umeda Quartet - jassmine","robots":{"index":"index","follow":"follow","max-snippet":"max-snippet:-1","max-image-preview":"max-image-preview:large","max-video-preview":"max-video-preview:-1"},"canonical":"https:\/\/jassmine.com\/en\/concert\/jazz-po-polsku-amalia-umeda-quartet\/","og_locale":"en_US","og_type":"article","og_title":"Jazz Po Polsku: Amalia Umeda Quartet - jassmine","og_url":"https:\/\/jassmine.com\/en\/concert\/jazz-po-polsku-amalia-umeda-quartet\/","og_site_name":"jassmine","article_modified_time":"2024-10-22T00:38:32+00:00","twitter_card":"summary_large_image","schema":{"@context":"https:\/\/schema.org","@graph":[{"@type":"WebPage","@id":"https:\/\/jassmine.com\/en\/concert\/jazz-po-polsku-amalia-umeda-quartet\/","url":"https:\/\/jassmine.com\/en\/concert\/jazz-po-polsku-amalia-umeda-quartet\/","name":"Jazz Po Polsku: Amalia Umeda Quartet - jassmine","isPartOf":{"@id":"https:\/\/jassmine.com\/en\/#website"},"datePublished":"2024-10-22T00:30:58+00:00","dateModified":"2024-10-22T00:38:32+00:00","breadcrumb":{"@id":"https:\/\/jassmine.com\/en\/concert\/jazz-po-polsku-amalia-umeda-quartet\/#breadcrumb"},"inLanguage":"en-US","potentialAction":[{"@type":"ReadAction","target":["https:\/\/jassmine.com\/en\/concert\/jazz-po-polsku-amalia-umeda-quartet\/"]}]},{"@type":"BreadcrumbList","@id":"https:\/\/jassmine.com\/en\/concert\/jazz-po-polsku-amalia-umeda-quartet\/#breadcrumb","itemListElement":[{"@type":"ListItem","position":1,"name":"Home","item":"https:\/\/jassmine.com\/en\/"},{"@type":"ListItem","position":2,"name":"Jazz Po Polsku: Amalia Umeda Quartet"}]},{"@type":"WebSite","@id":"https:\/\/jassmine.com\/en\/#website","url":"https:\/\/jassmine.com\/en\/","name":"jassmine","description":"","potentialAction":[{"@type":"SearchAction","target":{"@type":"EntryPoint","urlTemplate":"https:\/\/jassmine.com\/en\/?s={search_term_string}"},"query-input":{"@type":"PropertyValueSpecification","valueRequired":true,"valueName":"search_term_string"}}],"inLanguage":"en-US"}]}},"_links":{"self":[{"href":"https:\/\/jassmine.com\/en\/wp-json\/wp\/v2\/concert\/5821","targetHints":{"allow":["GET"]}}],"collection":[{"href":"https:\/\/jassmine.com\/en\/wp-json\/wp\/v2\/concert"}],"about":[{"href":"https:\/\/jassmine.com\/en\/wp-json\/wp\/v2\/types\/concert"}],"wp:attachment":[{"href":"https:\/\/jassmine.com\/en\/wp-json\/wp\/v2\/media?parent=5821"}],"curies":[{"name":"wp","href":"https:\/\/api.w.org\/{rel}","templated":true}]}}

<div id="heading-text-block_6716f242e80e1" class="heading-text">

  <div>
        <h2 class="heading-text__heading font-serif fs-24 lh-1-28 fs-dt-40 lh-1-2">“Amalia Umeda Quartet to synteza czterech muzycznych osobowości oraz różnorodność reakcji między nimi. Każdy koncert jest procesem medytacji – podążamy ścieżkami, które wytyczamy w danym momencie. To jedna wielka historia złożona z różnorodnych stanów emocjonalnych, autentyczności i pewnego rodzaju… surowej energii” – Amalia Umeda. </h2>
      </div>

  <div>
        <div class="heading-text__content fs-20 ls-0-4 lh-1-4">
      <p>W ramach projektu JAZZ PO POLSKU „Warsaw Live Sessions” odbędą się kolejne autorskie koncerty czołówki polskiej sceny jazzowej, a także gości z zagranicy.</p>
<p>Zespół wydał swój debiutancki album “Nowoświt” w 2022 roku i promował go na międzynarodowej trasie, która była efektem kwalifikacji zespołu do projektu Footprints Europe 2021. Nowoświt Footprints Tour objął koncerty m. in. podczas Oslo Jazzfestival (Oslo, Norwegia), Umea Jazzfestival (Umea, Szwecja), Cologne Jazzweek / NICA Exchange (Kolonia, Niemcy), w Nasjonal Jazzscene (Oslo, Norwegia), Periscope (Lyon, Francja), Bimhuis (Amsterdam, Niderlandy).</p>
    </div>
      </div>

</div>

<div id="asset-block_6716f242ea4d4" class="asset-block">

  
<figure
  class="asset asset-block__asset"
  data-asset
    >

  
</figure>

</div>

<section id="band-block_6716f242ecbf6" class="band font-sans-title fs-20 lh-1-4 ls-0-4 fs-dt-32 lh-dt-1-04 ls-dt-0">

  <div class="band__column band__column--title">
      <p class="band__title">The band</p>
    </div>

  <div class="band__column band__column--band">
  
    <ul class="unstyled-list band__list">
      
      <li class="band__item">

        <span class="band__name">Amalia Umeda</span>
                <span class="band__description fs-12 lh-1-12 fs-dt-20 lh-dt-1-4 ls-dt-0-4">skrzypce</span>
        
      </li>

      
      <li class="band__item">

        <span class="band__name">Franciszek Raczkowski</span>
                <span class="band__description fs-12 lh-1-12 fs-dt-20 lh-dt-1-4 ls-dt-0-4">fortepian</span>
        
      </li>

      
      <li class="band__item">

        <span class="band__name">Michał Aftyka</span>
                <span class="band__description fs-12 lh-1-12 fs-dt-20 lh-dt-1-4 ls-dt-0-4">kontrabas </span>
        
      </li>

      
      <li class="band__item">

        <span class="band__name">Michał Szeligowski</span>
                <span class="band__description fs-12 lh-1-12 fs-dt-20 lh-dt-1-4 ls-dt-0-4">perkusja</span>
        
      </li>

      
    </ul>

    </div>

</section>

<figure class="wp-block-embed is-type-video is-provider-youtube wp-block-embed-youtube wp-embed-aspect-16-9 wp-has-aspect-ratio"><div class="wp-block-embed__wrapper">
<iframe loading="lazy" title="Amalia Umeda Quartet - NOWOŚWIT (debut album)" width="500" height="281" src="https://www.youtube.com/embed/7z9nqZ0fTQI?feature=oembed" frameborder="0" allow="accelerometer; autoplay; clipboard-write; encrypted-media; gyroscope; picture-in-picture; web-share" referrerpolicy="strict-origin-when-cross-origin" allowfullscreen></iframe>
</div></figure>

<section id="apple-embed-block_6716f242ed71b" class="apple-embed">
  0</section>

<section id="concert-info-block_6716f242eea14" class="concert-info">

  <div class="concert-info__column concert-info__column--info fs-20 lh-1-4 ls-0-4 fs-dt-32 lh-dt-1-04 ls-dt-0">
      <p class="concert-info__info">Door 19:00<br />
Concert 20:30</p>
    </div>

  <div class="concert-info__column concert-info__column--additional fs-20 lh-1-4 ls-0-4">
      <p class="concert-info__additional">We do not take table reservations. <br />
We encourage you to arrive early and secure a spot. <br />
The event is co-financed by the funds of the Capital City of Warsaw.</p>
    </div>

</section>
