{"id":586,"date":"2021-06-23T20:05:00","date_gmt":"2021-06-23T18:05:00","guid":{"rendered":"https:\/\/jassmine.com\/?post_type=events&amp;p=586"},"modified":"2021-06-23T20:05:00","modified_gmt":"2021-06-23T18:05:00","slug":"27-08-maciej-golyzniak-trio","status":"publish","type":"concert","link":"https:\/\/jassmine.com\/en\/concert\/27-08-maciej-golyzniak-trio\/","title":{"rendered":"27\/08: Maciej Go\u0142y\u017aniak Trio"},"content":{"rendered":"\n<p><strong>Maciej Go\u0142y\u017aniak<\/strong> do realizacji swojego autorskiego projektu w trio zaprosi\u0142 znakomitych instrumentalist\u00f3w: <strong>Roberta Szyd\u0142o<\/strong> (bas), <strong>\u0141ukasza Damrycha<\/strong> (piano) oraz go\u015bcinnie <strong>\u0141ukasza Korybalskiego<\/strong> (flugelhorn).<\/p>\n\n\n\n<p>&#8220;Ostatni album \u201eThe Orchid\u201d to nowy tytu\u0142 w serii Polish Jazz! Poruszaj\u0105cy si\u0119 dot\u0105d muzycznie w przebojowym popie, alternatywie i progresywnym rocku Maciej Go\u0142y\u017aniak tym razem przemawia do nas j\u0119zykiem, kt\u00f3ry zawsze gra\u0142 mu w duszy \u2013 to JAZZ!&#8221; \u2013 pisze JazzForum.<\/p>\n\n\n\n<p>\u201eTa p\u0142yta to dla mnie wyj\u0105tkowy konglomerat nastroj\u00f3w i fascynacji. Obecna w naszej kulturze i sztuce nostalgia, ale te\u017c ch\u0142\u00f3d bardzo mi z kolei bliskiej Skandynawii. Poza tym, niezwykle inspiruj\u0105ce mnie nowojorskie my\u015blenie brzmieniem. Z jednej strony ulubione przeze mnie ostinato, wsp\u00f3\u0142czesny hiphopowy groove, ale jednak jazzowe harmonie. I produkcja, kt\u00f3r\u0105 zaanektowa\u0142em na potrzeby tej p\u0142yty z dotychczasowych do\u015bwiadcze\u0144. Praca nad albumem przypomina\u0142a na przemian tygiel wrz\u0105cy eufori\u0105 i spokojny przyb\u00f3j oceanu. To jednak zdecydowanie nostalgiczna p\u0142yta. Muzyczna podr\u00f3\u017c z Polski do Stan\u00f3w z przystankiem w ulubionej Skandynawii\u201d. \u2013 t\u0142umaczy artysta.<\/p>\n\n\n\n<p>Dotychczas Maciej Go\u0142y\u017aniak kojarzony z takimi nazwiskami jak Brodka, Sorry Boys czy Ballady i Romanse stworzy\u0142 projekt, kt\u00f3ry stanowi ca\u0142kiem nowy muzyczny \u015bwiat. Nieoczywiste brzmienie perkusji, doskona\u0142y bas, subtelne klawisze i momentami \u2013 kosmiczne loopy \u2013 wszystko razem opowiada histori\u0119 muzycznej podr\u00f3\u017cy.<\/p>\n\n\n\n<p>Do zobaczenia w Jassmine!<br>Drzwi: 19:00<br>Koncert: 20:30<\/p>\n\n\n\n<p>Jassmine, Wilcza 73, Warszawa<br><a href=\"https:\/\/l.facebook.com\/l.php?u=https%3A%2F%2Fwww.instagram.com%2Fjassminewarsaw%2F%3Ffbclid%3DIwAR1vOqI1eU4mKJbHpxol2PMm6Obfg_1npE-sxUhNmqvDmO1gdiBxWcTYdeU&amp;h=AT21Muvfl2qax9dwKDWrjp-nfQNZ530Fvydxl-Jn-8SDm9G-aAdMWW5JYPWn-aEwH6371Q_Gv5xyoWDqxfRAeKGQYp92Lgo39Rw4_uqr8P2GSUebDop_ULb9BY26iAnNQL6BCkl-MQ&amp;__tn__=q&amp;c[0]=AT25le3-O2lWRItvvM3UE0w3AwnVX40nQFkBrCkN3bn6nUnFk0t3IVWsEt6e_ldKLEnM_erBaZDLlyW3lJbJNwXn3oCQH3IzxOlZvVhpKnLezh55FSp7HS0QFzObuCdHsGQkQgaJMMkZ_kndbgP-c71kUdxlIZbBKowWhlXonvTfG1-z\" rel=\"noreferrer noopener\" target=\"_blank\">https:\/\/www.instagram.com\/jassminewarsaw\/<\/a><br><a href=\"https:\/\/l.facebook.com\/l.php?u=https%3A%2F%2Fwww.youtube.com%2Fc%2FWeAreJassmine%3Ffbclid%3DIwAR27Wr8gnK-ts7fmIBQ6prlQLWnDzDgAGetHKwhvSKjfLLkvPWztSLaTlsg&amp;h=AT3GwDIuA4LNF0ydwLrX-JIG2k4kgM9sc4CcxtVmnc0tUv-nq3e-cqtvvczFgf8sWoyRdIXnAbFMhmQcIHlo7Un63dpqGIZ3duUhusnb4WrOM6dYUfxhEoW89HSmws-2KOMtHFuuug&amp;__tn__=q&amp;c[0]=AT25le3-O2lWRItvvM3UE0w3AwnVX40nQFkBrCkN3bn6nUnFk0t3IVWsEt6e_ldKLEnM_erBaZDLlyW3lJbJNwXn3oCQH3IzxOlZvVhpKnLezh55FSp7HS0QFzObuCdHsGQkQgaJMMkZ_kndbgP-c71kUdxlIZbBKowWhlXonvTfG1-z\" rel=\"noreferrer noopener\" target=\"_blank\">https:\/\/www.youtube.com\/c\/WeAreJassmine<\/a><\/p>\n","protected":false},"template":"","meta":{"_acf_changed":false,"inline_featured_image":false},"class_list":["post-586","concert","type-concert","status-publish","hentry"],"acf":[],"yoast_head":"<!-- This site is optimized with the Yoast SEO plugin v26.4 - https:\/\/yoast.com\/wordpress\/plugins\/seo\/ -->\n<title>27\/08: Maciej Go\u0142y\u017aniak Trio - jassmine<\/title>\n<meta name=\"robots\" content=\"index, follow, max-snippet:-1, max-image-preview:large, max-video-preview:-1\" \/>\n<link rel=\"canonical\" href=\"https:\/\/jassmine.com\/en\/concert\/27-08-maciej-golyzniak-trio\/\" \/>\n<meta property=\"og:locale\" content=\"en_US\" \/>\n<meta property=\"og:type\" content=\"article\" \/>\n<meta property=\"og:title\" content=\"27\/08: Maciej Go\u0142y\u017aniak Trio - jassmine\" \/>\n<meta property=\"og:description\" content=\"Maciej Go\u0142y\u017aniak do realizacji swojego autorskiego projektu w trio zaprosi\u0142 znakomitych instrumentalist\u00f3w: Roberta Szyd\u0142o (bas), \u0141ukasza Damrycha (piano) oraz go\u015bcinnie \u0141ukasza Korybalskiego (flugelhorn). &#8220;Ostatni album \u201eThe Orchid\u201d to nowy tytu\u0142 w serii Polish Jazz! Poruszaj\u0105cy si\u0119 dot\u0105d muzycznie w przebojowym popie, alternatywie i progresywnym rocku Maciej Go\u0142y\u017aniak tym razem przemawia do nas j\u0119zykiem, kt\u00f3ry zawsze [&hellip;]\" \/>\n<meta property=\"og:url\" content=\"https:\/\/jassmine.com\/en\/concert\/27-08-maciej-golyzniak-trio\/\" \/>\n<meta property=\"og:site_name\" content=\"jassmine\" \/>\n<meta name=\"twitter:card\" content=\"summary_large_image\" \/>\n<meta name=\"twitter:label1\" content=\"Est. reading time\" \/>\n\t<meta name=\"twitter:data1\" content=\"1 minute\" \/>\n<script type=\"application\/ld+json\" class=\"yoast-schema-graph\">{\"@context\":\"https:\/\/schema.org\",\"@graph\":[{\"@type\":\"WebPage\",\"@id\":\"https:\/\/jassmine.com\/en\/concert\/27-08-maciej-golyzniak-trio\/\",\"url\":\"https:\/\/jassmine.com\/en\/concert\/27-08-maciej-golyzniak-trio\/\",\"name\":\"27\/08: Maciej Go\u0142y\u017aniak Trio - jassmine\",\"isPartOf\":{\"@id\":\"https:\/\/jassmine.com\/en\/#website\"},\"datePublished\":\"2021-06-23T18:05:00+00:00\",\"breadcrumb\":{\"@id\":\"https:\/\/jassmine.com\/en\/concert\/27-08-maciej-golyzniak-trio\/#breadcrumb\"},\"inLanguage\":\"en-US\",\"potentialAction\":[{\"@type\":\"ReadAction\",\"target\":[\"https:\/\/jassmine.com\/en\/concert\/27-08-maciej-golyzniak-trio\/\"]}]},{\"@type\":\"BreadcrumbList\",\"@id\":\"https:\/\/jassmine.com\/en\/concert\/27-08-maciej-golyzniak-trio\/#breadcrumb\",\"itemListElement\":[{\"@type\":\"ListItem\",\"position\":1,\"name\":\"Home\",\"item\":\"https:\/\/jassmine.com\/en\/\"},{\"@type\":\"ListItem\",\"position\":2,\"name\":\"27\/08: Maciej Go\u0142y\u017aniak Trio\"}]},{\"@type\":\"WebSite\",\"@id\":\"https:\/\/jassmine.com\/en\/#website\",\"url\":\"https:\/\/jassmine.com\/en\/\",\"name\":\"jassmine\",\"description\":\"\",\"potentialAction\":[{\"@type\":\"SearchAction\",\"target\":{\"@type\":\"EntryPoint\",\"urlTemplate\":\"https:\/\/jassmine.com\/en\/?s={search_term_string}\"},\"query-input\":{\"@type\":\"PropertyValueSpecification\",\"valueRequired\":true,\"valueName\":\"search_term_string\"}}],\"inLanguage\":\"en-US\"}]}<\/script>\n<!-- \/ Yoast SEO plugin. -->","yoast_head_json":{"title":"27\/08: Maciej Go\u0142y\u017aniak Trio - jassmine","robots":{"index":"index","follow":"follow","max-snippet":"max-snippet:-1","max-image-preview":"max-image-preview:large","max-video-preview":"max-video-preview:-1"},"canonical":"https:\/\/jassmine.com\/en\/concert\/27-08-maciej-golyzniak-trio\/","og_locale":"en_US","og_type":"article","og_title":"27\/08: Maciej Go\u0142y\u017aniak Trio - jassmine","og_description":"Maciej Go\u0142y\u017aniak do realizacji swojego autorskiego projektu w trio zaprosi\u0142 znakomitych instrumentalist\u00f3w: Roberta Szyd\u0142o (bas), \u0141ukasza Damrycha (piano) oraz go\u015bcinnie \u0141ukasza Korybalskiego (flugelhorn). &#8220;Ostatni album \u201eThe Orchid\u201d to nowy tytu\u0142 w serii Polish Jazz! Poruszaj\u0105cy si\u0119 dot\u0105d muzycznie w przebojowym popie, alternatywie i progresywnym rocku Maciej Go\u0142y\u017aniak tym razem przemawia do nas j\u0119zykiem, kt\u00f3ry zawsze [&hellip;]","og_url":"https:\/\/jassmine.com\/en\/concert\/27-08-maciej-golyzniak-trio\/","og_site_name":"jassmine","twitter_card":"summary_large_image","twitter_misc":{"Est. reading time":"1 minute"},"schema":{"@context":"https:\/\/schema.org","@graph":[{"@type":"WebPage","@id":"https:\/\/jassmine.com\/en\/concert\/27-08-maciej-golyzniak-trio\/","url":"https:\/\/jassmine.com\/en\/concert\/27-08-maciej-golyzniak-trio\/","name":"27\/08: Maciej Go\u0142y\u017aniak Trio - jassmine","isPartOf":{"@id":"https:\/\/jassmine.com\/en\/#website"},"datePublished":"2021-06-23T18:05:00+00:00","breadcrumb":{"@id":"https:\/\/jassmine.com\/en\/concert\/27-08-maciej-golyzniak-trio\/#breadcrumb"},"inLanguage":"en-US","potentialAction":[{"@type":"ReadAction","target":["https:\/\/jassmine.com\/en\/concert\/27-08-maciej-golyzniak-trio\/"]}]},{"@type":"BreadcrumbList","@id":"https:\/\/jassmine.com\/en\/concert\/27-08-maciej-golyzniak-trio\/#breadcrumb","itemListElement":[{"@type":"ListItem","position":1,"name":"Home","item":"https:\/\/jassmine.com\/en\/"},{"@type":"ListItem","position":2,"name":"27\/08: Maciej Go\u0142y\u017aniak Trio"}]},{"@type":"WebSite","@id":"https:\/\/jassmine.com\/en\/#website","url":"https:\/\/jassmine.com\/en\/","name":"jassmine","description":"","potentialAction":[{"@type":"SearchAction","target":{"@type":"EntryPoint","urlTemplate":"https:\/\/jassmine.com\/en\/?s={search_term_string}"},"query-input":{"@type":"PropertyValueSpecification","valueRequired":true,"valueName":"search_term_string"}}],"inLanguage":"en-US"}]}},"_links":{"self":[{"href":"https:\/\/jassmine.com\/en\/wp-json\/wp\/v2\/concert\/586","targetHints":{"allow":["GET"]}}],"collection":[{"href":"https:\/\/jassmine.com\/en\/wp-json\/wp\/v2\/concert"}],"about":[{"href":"https:\/\/jassmine.com\/en\/wp-json\/wp\/v2\/types\/concert"}],"wp:attachment":[{"href":"https:\/\/jassmine.com\/en\/wp-json\/wp\/v2\/media?parent=586"}],"curies":[{"name":"wp","href":"https:\/\/api.w.org\/{rel}","templated":true}]}}

27/08: Maciej Gołyźniak Trio

<p><strong>Maciej Gołyźniak</strong> do realizacji swojego autorskiego projektu w trio zaprosił znakomitych instrumentalistów: <strong>Roberta Szydło</strong> (bas), <strong>Łukasza Damrycha</strong> (piano) oraz gościnnie <strong>Łukasza Korybalskiego</strong> (flugelhorn).</p>



<p>&#8220;Ostatni album „The Orchid” to nowy tytuł w serii Polish Jazz! Poruszający się dotąd muzycznie w przebojowym popie, alternatywie i progresywnym rocku Maciej Gołyźniak tym razem przemawia do nas językiem, który zawsze grał mu w duszy – to JAZZ!&#8221; – pisze JazzForum.</p>



<p>„Ta płyta to dla mnie wyjątkowy konglomerat nastrojów i fascynacji. Obecna w naszej kulturze i sztuce nostalgia, ale też chłód bardzo mi z kolei bliskiej Skandynawii. Poza tym, niezwykle inspirujące mnie nowojorskie myślenie brzmieniem. Z jednej strony ulubione przeze mnie ostinato, współczesny hiphopowy groove, ale jednak jazzowe harmonie. I produkcja, którą zaanektowałem na potrzeby tej płyty z dotychczasowych doświadczeń. Praca nad albumem przypominała na przemian tygiel wrzący euforią i spokojny przybój oceanu. To jednak zdecydowanie nostalgiczna płyta. Muzyczna podróż z Polski do Stanów z przystankiem w ulubionej Skandynawii”. – tłumaczy artysta.</p>



<p>Dotychczas Maciej Gołyźniak kojarzony z takimi nazwiskami jak Brodka, Sorry Boys czy Ballady i Romanse stworzył projekt, który stanowi całkiem nowy muzyczny świat. Nieoczywiste brzmienie perkusji, doskonały bas, subtelne klawisze i momentami – kosmiczne loopy – wszystko razem opowiada historię muzycznej podróży.</p>



<p>Do zobaczenia w Jassmine!<br>Drzwi: 19:00<br>Koncert: 20:30</p>



<p>Jassmine, Wilcza 73, Warszawa<br><a href="https://l.facebook.com/l.php?u=https%3A%2F%2Fwww.instagram.com%2Fjassminewarsaw%2F%3Ffbclid%3DIwAR1vOqI1eU4mKJbHpxol2PMm6Obfg_1npE-sxUhNmqvDmO1gdiBxWcTYdeU&amp;h=AT21Muvfl2qax9dwKDWrjp-nfQNZ530Fvydxl-Jn-8SDm9G-aAdMWW5JYPWn-aEwH6371Q_Gv5xyoWDqxfRAeKGQYp92Lgo39Rw4_uqr8P2GSUebDop_ULb9BY26iAnNQL6BCkl-MQ&amp;__tn__=q&amp;c[0]=AT25le3-O2lWRItvvM3UE0w3AwnVX40nQFkBrCkN3bn6nUnFk0t3IVWsEt6e_ldKLEnM_erBaZDLlyW3lJbJNwXn3oCQH3IzxOlZvVhpKnLezh55FSp7HS0QFzObuCdHsGQkQgaJMMkZ_kndbgP-c71kUdxlIZbBKowWhlXonvTfG1-z" rel="noreferrer noopener" target="_blank">https://www.instagram.com/jassminewarsaw/</a><br><a href="https://l.facebook.com/l.php?u=https%3A%2F%2Fwww.youtube.com%2Fc%2FWeAreJassmine%3Ffbclid%3DIwAR27Wr8gnK-ts7fmIBQ6prlQLWnDzDgAGetHKwhvSKjfLLkvPWztSLaTlsg&amp;h=AT3GwDIuA4LNF0ydwLrX-JIG2k4kgM9sc4CcxtVmnc0tUv-nq3e-cqtvvczFgf8sWoyRdIXnAbFMhmQcIHlo7Un63dpqGIZ3duUhusnb4WrOM6dYUfxhEoW89HSmws-2KOMtHFuuug&amp;__tn__=q&amp;c[0]=AT25le3-O2lWRItvvM3UE0w3AwnVX40nQFkBrCkN3bn6nUnFk0t3IVWsEt6e_ldKLEnM_erBaZDLlyW3lJbJNwXn3oCQH3IzxOlZvVhpKnLezh55FSp7HS0QFzObuCdHsGQkQgaJMMkZ_kndbgP-c71kUdxlIZbBKowWhlXonvTfG1-z" rel="noreferrer noopener" target="_blank">https://www.youtube.com/c/WeAreJassmine</a></p>

<!-- This site is optimized with the Yoast SEO plugin v26.4 - https://yoast.com/wordpress/plugins/seo/ -->
<title>27/08: Maciej Gołyźniak Trio - jassmine</title>
<meta name="robots" content="index, follow, max-snippet:-1, max-image-preview:large, max-video-preview:-1" />
<link rel="canonical" href="https://jassmine.com/en/concert/27-08-maciej-golyzniak-trio/" />
<meta property="og:locale" content="en_US" />
<meta property="og:type" content="article" />
<meta property="og:title" content="27/08: Maciej Gołyźniak Trio - jassmine" />
<meta property="og:description" content="Maciej Gołyźniak do realizacji swojego autorskiego projektu w trio zaprosił znakomitych instrumentalistów: Roberta Szydło (bas), Łukasza Damrycha (piano) oraz gościnnie Łukasza Korybalskiego (flugelhorn). &#8220;Ostatni album „The Orchid” to nowy tytuł w serii Polish Jazz! Poruszający się dotąd muzycznie w przebojowym popie, alternatywie i progresywnym rocku Maciej Gołyźniak tym razem przemawia do nas językiem, który zawsze [&hellip;]" />
<meta property="og:url" content="https://jassmine.com/en/concert/27-08-maciej-golyzniak-trio/" />
<meta property="og:site_name" content="jassmine" />
<meta name="twitter:card" content="summary_large_image" />
<meta name="twitter:label1" content="Est. reading time" />
	<meta name="twitter:data1" content="1 minute" />
<script type="application/ld+json" class="yoast-schema-graph">{"@context":"https://schema.org","@graph":[{"@type":"WebPage","@id":"https://jassmine.com/en/concert/27-08-maciej-golyzniak-trio/","url":"https://jassmine.com/en/concert/27-08-maciej-golyzniak-trio/","name":"27/08: Maciej Gołyźniak Trio - jassmine","isPartOf":{"@id":"https://jassmine.com/en/#website"},"datePublished":"2021-06-23T18:05:00+00:00","breadcrumb":{"@id":"https://jassmine.com/en/concert/27-08-maciej-golyzniak-trio/#breadcrumb"},"inLanguage":"en-US","potentialAction":[{"@type":"ReadAction","target":["https://jassmine.com/en/concert/27-08-maciej-golyzniak-trio/"]}]},{"@type":"BreadcrumbList","@id":"https://jassmine.com/en/concert/27-08-maciej-golyzniak-trio/#breadcrumb","itemListElement":[{"@type":"ListItem","position":1,"name":"Home","item":"https://jassmine.com/en/"},{"@type":"ListItem","position":2,"name":"27/08: Maciej Gołyźniak Trio"}]},{"@type":"WebSite","@id":"https://jassmine.com/en/#website","url":"https://jassmine.com/en/","name":"jassmine","description":"","potentialAction":[{"@type":"SearchAction","target":{"@type":"EntryPoint","urlTemplate":"https://jassmine.com/en/?s={search_term_string}"},"query-input":{"@type":"PropertyValueSpecification","valueRequired":true,"valueName":"search_term_string"}}],"inLanguage":"en-US"}]}</script>
<!-- / Yoast SEO plugin. -->

27/08: Maciej Gołyźniak Trio - jassmine

Maciej Gołyźniak do realizacji swojego autorskiego projektu w trio zaprosił znakomitych instrumentalistów: Roberta Szydło (bas), Łukasza Damrycha (piano) oraz gościnnie Łukasza Korybalskiego (flugelhorn). &#8220;Ostatni album „The Orchid” to nowy tytuł w serii Polish Jazz! Poruszający się dotąd muzycznie w przebojowym popie, alternatywie i progresywnym rocku Maciej Gołyźniak tym razem przemawia do nas językiem, który zawsze [&hellip;]
