{"id":604,"date":"2021-08-20T19:49:00","date_gmt":"2021-08-20T17:49:00","guid":{"rendered":"https:\/\/jassmine.com\/?post_type=events&amp;p=604"},"modified":"2021-08-20T19:49:00","modified_gmt":"2021-08-20T17:49:00","slug":"16-09-szymon-mika-international","status":"publish","type":"concert","link":"https:\/\/jassmine.com\/en\/concert\/16-09-szymon-mika-international\/","title":{"rendered":"16\/09: SZYMON MIKA INTERNATIONAL"},"content":{"rendered":"\n<p>Drzwi \/ Doors: 19:00<\/p>\n\n\n\n<p>Koncert \/ Concert: 20:30<\/p>\n\n\n\n<p>Szymon Mika International \u2013 wyj\u0105tkowy projekt gitarzysty <a href=\"https:\/\/www.facebook.com\/szymonmikamusic\/?__cft__[0]=AZVR8uh8N_KL6X4jDrDkJF5GXKYiqCD1u-7SED3OTJQaRM3s6-wYgz84jcPa1TpnmWKD1UA2WB3ZcKEBGANThn7dysfpTXivnO5yhTokz7LC3m-P1XfdbBI6Z5Zf6kG-t0Iow6QsD0v-TNSHj9oISzBfzUJ7QcLZyCHpYBKKCA4bIA&amp;__tn__=kK-R\"><strong>Szymona Mika<\/strong><\/a> z wokalistk\u0105 \u2013 <a href=\"https:\/\/www.facebook.com\/yumiitomusic?__cft__[0]=AZVR8uh8N_KL6X4jDrDkJF5GXKYiqCD1u-7SED3OTJQaRM3s6-wYgz84jcPa1TpnmWKD1UA2WB3ZcKEBGANThn7dysfpTXivnO5yhTokz7LC3m-P1XfdbBI6Z5Zf6kG-t0Iow6QsD0v-TNSHj9oISzBfzUJ7QcLZyCHpYBKKCA4bIA&amp;__tn__=-]K-R\"><strong>Yumi Ito<\/strong><\/a>, pochodz\u0105c\u0105 ze Szwajcarii, tr\u0119baczem wywodz\u0105cego si\u0119 ze S\u0142owacji \u2013 <strong>Oscara T\u00f6r\u00f6k,<\/strong> kontrabasist\u0119 pochodz\u0105cego z Katowic \u2013 <strong>Maxa Much\u0119<\/strong> i artyst\u0119 z W\u0119gier \u2013 perkusist\u0119 <strong>P\u00e9tera Somos<\/strong>. <img loading=\"lazy\" decoding=\"async\" height=\"16\" width=\"16\" alt=\"\u26a1\" src=\"https:\/\/static.xx.fbcdn.net\/images\/emoji.php\/v9\/tde\/2\/16\/26a1.png\"><\/p>\n\n\n\n<p><br><strong>Szymon Mika<\/strong> jest jednym z najbardziej utalentowanych gitarzyst\u00f3w jazzowych m\u0142odego pokolenia, zdobywc\u0105 Pierwszej Nagrody na Mi\u0119dzynarodowym Jazzowym Konkursie Gitarowym im. Jarka \u015amietany (2015), Grand Prix Indywidualno\u015b\u0107 Jazzowa na festiwalu Jazz nad Odr\u0105 (2012) oraz wielu innych nagr\u00f3d i wyr\u00f3\u017cnie\u0144. <\/p>\n\n\n\n<p>Zachwyca dojrza\u0142\u0105 gr\u0105, dopracowanym brzmieniem i profesjonalnym warsztatem. <\/p>\n\n\n\n<p>Szymon Mika (born 1991) \u2013 one of the most talented guitarists of young generation, prizewinner of International Jarek \u015amietana Jazz Guitar Competition, Grand Prix Jazz Nad Odr\u0105 and many more. Recognized for great technique and sound he also delights audience with uncommon maturity. Great personalities such as Peter Bernstein, Mike Stern and John Abercrombie have expressed their admiration for his talent. Szymon has played on numerous national and international festivals (for example Montreux Jazz Festival, Jazz Fest Wien) and participated in many jazz workshops.<\/p>\n\n\n\n<p>Szymon Mika \u2013 gitara \/ guitar<\/p>\n\n\n\n<p>Yumi Ito \u2013 wokal \/vocal<\/p>\n\n\n\n<p>Oscar T\u00f6r\u00f6k \u2013 tr\u0105bka \/ trumpet<\/p>\n\n\n\n<p>Max Mucha \u2013 kontrabas \/ double bass<\/p>\n\n\n\n<p>P\u00e9ter Somos \u2013 b\u0119bnny \/ percussion<\/p>\n\n\n\n<p>Do zobaczenia! See you soon! <\/p>\n\n\n\n<p>Jassmine, Wilcza 73, Warszawa<br><a href=\"https:\/\/www.instagram.com\/jassminewarsaw\/?fbclid=IwAR3Yyya7Et4T5G9bXjLnn2QHI62H-OZHVAfzBlesi6jIvFlkB-fKylQYhnE\" rel=\"noreferrer noopener\" target=\"_blank\">https:\/\/www.instagram.com\/jassminewarsaw\/<\/a><br><a href=\"https:\/\/www.youtube.com\/c\/WeAreJassmine?fbclid=IwAR1yZMB70C9Yd0ZsPt4qLJq0TGNlJAjcuDMZF4kHReWk6DYp4wOYJ0qauAU\" rel=\"noreferrer noopener\" target=\"_blank\">https:\/\/www.youtube.com\/c\/WeAreJassmine<\/a><\/p>\n","protected":false},"template":"","meta":{"_acf_changed":false,"inline_featured_image":false},"class_list":["post-604","concert","type-concert","status-publish","hentry"],"acf":[],"yoast_head":"<!-- This site is optimized with the Yoast SEO plugin v26.4 - https:\/\/yoast.com\/wordpress\/plugins\/seo\/ -->\n<title>16\/09: SZYMON MIKA INTERNATIONAL - jassmine<\/title>\n<meta name=\"robots\" content=\"index, follow, max-snippet:-1, max-image-preview:large, max-video-preview:-1\" \/>\n<link rel=\"canonical\" href=\"https:\/\/jassmine.com\/en\/concert\/16-09-szymon-mika-international\/\" \/>\n<meta property=\"og:locale\" content=\"en_US\" \/>\n<meta property=\"og:type\" content=\"article\" \/>\n<meta property=\"og:title\" content=\"16\/09: SZYMON MIKA INTERNATIONAL - jassmine\" \/>\n<meta property=\"og:description\" content=\"Drzwi \/ Doors: 19:00 Koncert \/ Concert: 20:30 Szymon Mika International \u2013 wyj\u0105tkowy projekt gitarzysty Szymona Mika z wokalistk\u0105 \u2013 Yumi Ito, pochodz\u0105c\u0105 ze Szwajcarii, tr\u0119baczem wywodz\u0105cego si\u0119 ze S\u0142owacji \u2013 Oscara T\u00f6r\u00f6k, kontrabasist\u0119 pochodz\u0105cego z Katowic \u2013 Maxa Much\u0119 i artyst\u0119 z W\u0119gier \u2013 perkusist\u0119 P\u00e9tera Somos. Szymon Mika jest jednym z najbardziej utalentowanych [&hellip;]\" \/>\n<meta property=\"og:url\" content=\"https:\/\/jassmine.com\/en\/concert\/16-09-szymon-mika-international\/\" \/>\n<meta property=\"og:site_name\" content=\"jassmine\" \/>\n<meta property=\"og:image\" content=\"https:\/\/static.xx.fbcdn.net\/images\/emoji.php\/v9\/tde\/2\/16\/26a1.png\" \/>\n<meta name=\"twitter:card\" content=\"summary_large_image\" \/>\n<meta name=\"twitter:label1\" content=\"Est. reading time\" \/>\n\t<meta name=\"twitter:data1\" content=\"1 minute\" \/>\n<script type=\"application\/ld+json\" class=\"yoast-schema-graph\">{\"@context\":\"https:\/\/schema.org\",\"@graph\":[{\"@type\":\"WebPage\",\"@id\":\"https:\/\/jassmine.com\/en\/concert\/16-09-szymon-mika-international\/\",\"url\":\"https:\/\/jassmine.com\/en\/concert\/16-09-szymon-mika-international\/\",\"name\":\"16\/09: SZYMON MIKA INTERNATIONAL - jassmine\",\"isPartOf\":{\"@id\":\"https:\/\/jassmine.com\/en\/#website\"},\"primaryImageOfPage\":{\"@id\":\"https:\/\/jassmine.com\/en\/concert\/16-09-szymon-mika-international\/#primaryimage\"},\"image\":{\"@id\":\"https:\/\/jassmine.com\/en\/concert\/16-09-szymon-mika-international\/#primaryimage\"},\"thumbnailUrl\":\"https:\/\/static.xx.fbcdn.net\/images\/emoji.php\/v9\/tde\/2\/16\/26a1.png\",\"datePublished\":\"2021-08-20T17:49:00+00:00\",\"breadcrumb\":{\"@id\":\"https:\/\/jassmine.com\/en\/concert\/16-09-szymon-mika-international\/#breadcrumb\"},\"inLanguage\":\"en-US\",\"potentialAction\":[{\"@type\":\"ReadAction\",\"target\":[\"https:\/\/jassmine.com\/en\/concert\/16-09-szymon-mika-international\/\"]}]},{\"@type\":\"ImageObject\",\"inLanguage\":\"en-US\",\"@id\":\"https:\/\/jassmine.com\/en\/concert\/16-09-szymon-mika-international\/#primaryimage\",\"url\":\"https:\/\/static.xx.fbcdn.net\/images\/emoji.php\/v9\/tde\/2\/16\/26a1.png\",\"contentUrl\":\"https:\/\/static.xx.fbcdn.net\/images\/emoji.php\/v9\/tde\/2\/16\/26a1.png\"},{\"@type\":\"BreadcrumbList\",\"@id\":\"https:\/\/jassmine.com\/en\/concert\/16-09-szymon-mika-international\/#breadcrumb\",\"itemListElement\":[{\"@type\":\"ListItem\",\"position\":1,\"name\":\"Home\",\"item\":\"https:\/\/jassmine.com\/en\/\"},{\"@type\":\"ListItem\",\"position\":2,\"name\":\"16\/09: SZYMON MIKA INTERNATIONAL\"}]},{\"@type\":\"WebSite\",\"@id\":\"https:\/\/jassmine.com\/en\/#website\",\"url\":\"https:\/\/jassmine.com\/en\/\",\"name\":\"jassmine\",\"description\":\"\",\"potentialAction\":[{\"@type\":\"SearchAction\",\"target\":{\"@type\":\"EntryPoint\",\"urlTemplate\":\"https:\/\/jassmine.com\/en\/?s={search_term_string}\"},\"query-input\":{\"@type\":\"PropertyValueSpecification\",\"valueRequired\":true,\"valueName\":\"search_term_string\"}}],\"inLanguage\":\"en-US\"}]}<\/script>\n<!-- \/ Yoast SEO plugin. -->","yoast_head_json":{"title":"16\/09: SZYMON MIKA INTERNATIONAL - jassmine","robots":{"index":"index","follow":"follow","max-snippet":"max-snippet:-1","max-image-preview":"max-image-preview:large","max-video-preview":"max-video-preview:-1"},"canonical":"https:\/\/jassmine.com\/en\/concert\/16-09-szymon-mika-international\/","og_locale":"en_US","og_type":"article","og_title":"16\/09: SZYMON MIKA INTERNATIONAL - jassmine","og_description":"Drzwi \/ Doors: 19:00 Koncert \/ Concert: 20:30 Szymon Mika International \u2013 wyj\u0105tkowy projekt gitarzysty Szymona Mika z wokalistk\u0105 \u2013 Yumi Ito, pochodz\u0105c\u0105 ze Szwajcarii, tr\u0119baczem wywodz\u0105cego si\u0119 ze S\u0142owacji \u2013 Oscara T\u00f6r\u00f6k, kontrabasist\u0119 pochodz\u0105cego z Katowic \u2013 Maxa Much\u0119 i artyst\u0119 z W\u0119gier \u2013 perkusist\u0119 P\u00e9tera Somos. Szymon Mika jest jednym z najbardziej utalentowanych [&hellip;]","og_url":"https:\/\/jassmine.com\/en\/concert\/16-09-szymon-mika-international\/","og_site_name":"jassmine","og_image":[{"url":"https:\/\/static.xx.fbcdn.net\/images\/emoji.php\/v9\/tde\/2\/16\/26a1.png","type":"","width":"","height":""}],"twitter_card":"summary_large_image","twitter_misc":{"Est. reading time":"1 minute"},"schema":{"@context":"https:\/\/schema.org","@graph":[{"@type":"WebPage","@id":"https:\/\/jassmine.com\/en\/concert\/16-09-szymon-mika-international\/","url":"https:\/\/jassmine.com\/en\/concert\/16-09-szymon-mika-international\/","name":"16\/09: SZYMON MIKA INTERNATIONAL - jassmine","isPartOf":{"@id":"https:\/\/jassmine.com\/en\/#website"},"primaryImageOfPage":{"@id":"https:\/\/jassmine.com\/en\/concert\/16-09-szymon-mika-international\/#primaryimage"},"image":{"@id":"https:\/\/jassmine.com\/en\/concert\/16-09-szymon-mika-international\/#primaryimage"},"thumbnailUrl":"https:\/\/static.xx.fbcdn.net\/images\/emoji.php\/v9\/tde\/2\/16\/26a1.png","datePublished":"2021-08-20T17:49:00+00:00","breadcrumb":{"@id":"https:\/\/jassmine.com\/en\/concert\/16-09-szymon-mika-international\/#breadcrumb"},"inLanguage":"en-US","potentialAction":[{"@type":"ReadAction","target":["https:\/\/jassmine.com\/en\/concert\/16-09-szymon-mika-international\/"]}]},{"@type":"ImageObject","inLanguage":"en-US","@id":"https:\/\/jassmine.com\/en\/concert\/16-09-szymon-mika-international\/#primaryimage","url":"https:\/\/static.xx.fbcdn.net\/images\/emoji.php\/v9\/tde\/2\/16\/26a1.png","contentUrl":"https:\/\/static.xx.fbcdn.net\/images\/emoji.php\/v9\/tde\/2\/16\/26a1.png"},{"@type":"BreadcrumbList","@id":"https:\/\/jassmine.com\/en\/concert\/16-09-szymon-mika-international\/#breadcrumb","itemListElement":[{"@type":"ListItem","position":1,"name":"Home","item":"https:\/\/jassmine.com\/en\/"},{"@type":"ListItem","position":2,"name":"16\/09: SZYMON MIKA INTERNATIONAL"}]},{"@type":"WebSite","@id":"https:\/\/jassmine.com\/en\/#website","url":"https:\/\/jassmine.com\/en\/","name":"jassmine","description":"","potentialAction":[{"@type":"SearchAction","target":{"@type":"EntryPoint","urlTemplate":"https:\/\/jassmine.com\/en\/?s={search_term_string}"},"query-input":{"@type":"PropertyValueSpecification","valueRequired":true,"valueName":"search_term_string"}}],"inLanguage":"en-US"}]}},"_links":{"self":[{"href":"https:\/\/jassmine.com\/en\/wp-json\/wp\/v2\/concert\/604","targetHints":{"allow":["GET"]}}],"collection":[{"href":"https:\/\/jassmine.com\/en\/wp-json\/wp\/v2\/concert"}],"about":[{"href":"https:\/\/jassmine.com\/en\/wp-json\/wp\/v2\/types\/concert"}],"wp:attachment":[{"href":"https:\/\/jassmine.com\/en\/wp-json\/wp\/v2\/media?parent=604"}],"curies":[{"name":"wp","href":"https:\/\/api.w.org\/{rel}","templated":true}]}}

<p>Drzwi / Doors: 19:00</p>



<p>Koncert / Concert: 20:30</p>



<p>Szymon Mika International – wyjątkowy projekt gitarzysty <a href="https://www.facebook.com/szymonmikamusic/?__cft__[0]=AZVR8uh8N_KL6X4jDrDkJF5GXKYiqCD1u-7SED3OTJQaRM3s6-wYgz84jcPa1TpnmWKD1UA2WB3ZcKEBGANThn7dysfpTXivnO5yhTokz7LC3m-P1XfdbBI6Z5Zf6kG-t0Iow6QsD0v-TNSHj9oISzBfzUJ7QcLZyCHpYBKKCA4bIA&amp;__tn__=kK-R"><strong>Szymona Mika</strong></a> z wokalistką – <a href="https://www.facebook.com/yumiitomusic?__cft__[0]=AZVR8uh8N_KL6X4jDrDkJF5GXKYiqCD1u-7SED3OTJQaRM3s6-wYgz84jcPa1TpnmWKD1UA2WB3ZcKEBGANThn7dysfpTXivnO5yhTokz7LC3m-P1XfdbBI6Z5Zf6kG-t0Iow6QsD0v-TNSHj9oISzBfzUJ7QcLZyCHpYBKKCA4bIA&amp;__tn__=-]K-R"><strong>Yumi Ito</strong></a>, pochodzącą ze Szwajcarii, trębaczem wywodzącego się ze Słowacji – <strong>Oscara Török,</strong> kontrabasistę pochodzącego z Katowic – <strong>Maxa Muchę</strong> i artystę z Węgier – perkusistę <strong>Pétera Somos</strong>. <img loading="lazy" decoding="async" height="16" width="16" alt="⚡" src="https://static.xx.fbcdn.net/images/emoji.php/v9/tde/2/16/26a1.png"></p>



<p><br><strong>Szymon Mika</strong> jest jednym z najbardziej utalentowanych gitarzystów jazzowych młodego pokolenia, zdobywcą Pierwszej Nagrody na Międzynarodowym Jazzowym Konkursie Gitarowym im. Jarka Śmietany (2015), Grand Prix Indywidualność Jazzowa na festiwalu Jazz nad Odrą (2012) oraz wielu innych nagród i wyróżnień. </p>



<p>Zachwyca dojrzałą grą, dopracowanym brzmieniem i profesjonalnym warsztatem. </p>



<p>Szymon Mika (born 1991) – one of the most talented guitarists of young generation, prizewinner of International Jarek Śmietana Jazz Guitar Competition, Grand Prix Jazz Nad Odrą and many more. Recognized for great technique and sound he also delights audience with uncommon maturity. Great personalities such as Peter Bernstein, Mike Stern and John Abercrombie have expressed their admiration for his talent. Szymon has played on numerous national and international festivals (for example Montreux Jazz Festival, Jazz Fest Wien) and participated in many jazz workshops.</p>



<p>Szymon Mika – gitara / guitar</p>



<p>Yumi Ito – wokal /vocal</p>



<p>Oscar Török – trąbka / trumpet</p>



<p>Max Mucha – kontrabas / double bass</p>



<p>Péter Somos – bębnny / percussion</p>



<p>Do zobaczenia! See you soon! </p>



<p>Jassmine, Wilcza 73, Warszawa<br><a href="https://www.instagram.com/jassminewarsaw/?fbclid=IwAR3Yyya7Et4T5G9bXjLnn2QHI62H-OZHVAfzBlesi6jIvFlkB-fKylQYhnE" rel="noreferrer noopener" target="_blank">https://www.instagram.com/jassminewarsaw/</a><br><a href="https://www.youtube.com/c/WeAreJassmine?fbclid=IwAR1yZMB70C9Yd0ZsPt4qLJq0TGNlJAjcuDMZF4kHReWk6DYp4wOYJ0qauAU" rel="noreferrer noopener" target="_blank">https://www.youtube.com/c/WeAreJassmine</a></p>

<!-- This site is optimized with the Yoast SEO plugin v26.4 - https://yoast.com/wordpress/plugins/seo/ -->
<title>16/09: SZYMON MIKA INTERNATIONAL - jassmine</title>
<meta name="robots" content="index, follow, max-snippet:-1, max-image-preview:large, max-video-preview:-1" />
<link rel="canonical" href="https://jassmine.com/en/concert/16-09-szymon-mika-international/" />
<meta property="og:locale" content="en_US" />
<meta property="og:type" content="article" />
<meta property="og:title" content="16/09: SZYMON MIKA INTERNATIONAL - jassmine" />
<meta property="og:description" content="Drzwi / Doors: 19:00 Koncert / Concert: 20:30 Szymon Mika International – wyjątkowy projekt gitarzysty Szymona Mika z wokalistką – Yumi Ito, pochodzącą ze Szwajcarii, trębaczem wywodzącego się ze Słowacji – Oscara Török, kontrabasistę pochodzącego z Katowic – Maxa Muchę i artystę z Węgier – perkusistę Pétera Somos. Szymon Mika jest jednym z najbardziej utalentowanych [&hellip;]" />
<meta property="og:url" content="https://jassmine.com/en/concert/16-09-szymon-mika-international/" />
<meta property="og:site_name" content="jassmine" />
<meta property="og:image" content="https://static.xx.fbcdn.net/images/emoji.php/v9/tde/2/16/26a1.png" />
<meta name="twitter:card" content="summary_large_image" />
<meta name="twitter:label1" content="Est. reading time" />
	<meta name="twitter:data1" content="1 minute" />
<script type="application/ld+json" class="yoast-schema-graph">{"@context":"https://schema.org","@graph":[{"@type":"WebPage","@id":"https://jassmine.com/en/concert/16-09-szymon-mika-international/","url":"https://jassmine.com/en/concert/16-09-szymon-mika-international/","name":"16/09: SZYMON MIKA INTERNATIONAL - jassmine","isPartOf":{"@id":"https://jassmine.com/en/#website"},"primaryImageOfPage":{"@id":"https://jassmine.com/en/concert/16-09-szymon-mika-international/#primaryimage"},"image":{"@id":"https://jassmine.com/en/concert/16-09-szymon-mika-international/#primaryimage"},"thumbnailUrl":"https://static.xx.fbcdn.net/images/emoji.php/v9/tde/2/16/26a1.png","datePublished":"2021-08-20T17:49:00+00:00","breadcrumb":{"@id":"https://jassmine.com/en/concert/16-09-szymon-mika-international/#breadcrumb"},"inLanguage":"en-US","potentialAction":[{"@type":"ReadAction","target":["https://jassmine.com/en/concert/16-09-szymon-mika-international/"]}]},{"@type":"ImageObject","inLanguage":"en-US","@id":"https://jassmine.com/en/concert/16-09-szymon-mika-international/#primaryimage","url":"https://static.xx.fbcdn.net/images/emoji.php/v9/tde/2/16/26a1.png","contentUrl":"https://static.xx.fbcdn.net/images/emoji.php/v9/tde/2/16/26a1.png"},{"@type":"BreadcrumbList","@id":"https://jassmine.com/en/concert/16-09-szymon-mika-international/#breadcrumb","itemListElement":[{"@type":"ListItem","position":1,"name":"Home","item":"https://jassmine.com/en/"},{"@type":"ListItem","position":2,"name":"16/09: SZYMON MIKA INTERNATIONAL"}]},{"@type":"WebSite","@id":"https://jassmine.com/en/#website","url":"https://jassmine.com/en/","name":"jassmine","description":"","potentialAction":[{"@type":"SearchAction","target":{"@type":"EntryPoint","urlTemplate":"https://jassmine.com/en/?s={search_term_string}"},"query-input":{"@type":"PropertyValueSpecification","valueRequired":true,"valueName":"search_term_string"}}],"inLanguage":"en-US"}]}</script>
<!-- / Yoast SEO plugin. -->

Drzwi / Doors: 19:00 Koncert / Concert: 20:30 Szymon Mika International – wyjątkowy projekt gitarzysty Szymona Mika z wokalistką – Yumi Ito, pochodzącą ze Szwajcarii, trębaczem wywodzącego się ze Słowacji – Oscara Török, kontrabasistę pochodzącego z Katowic – Maxa Muchę i artystę z Węgier – perkusistę Pétera Somos. Szymon Mika jest jednym z najbardziej utalentowanych [&hellip;]
