{"id":613,"date":"2021-08-15T13:36:00","date_gmt":"2021-08-15T11:36:00","guid":{"rendered":"https:\/\/jassmine.com\/?post_type=events&amp;p=613"},"modified":"2021-08-15T13:36:00","modified_gmt":"2021-08-15T11:36:00","slug":"02-09-wojtek-mazolewski-yugen","status":"publish","type":"concert","link":"https:\/\/jassmine.com\/en\/concert\/02-09-wojtek-mazolewski-yugen\/","title":{"rendered":"02\/09: Wojtek Mazolewski series: YUGEN"},"content":{"rendered":"\n<p>Drzwi: 19:00<\/p>\n\n\n\n<p>Koncert: 20:30<\/p>\n\n\n\n<p><strong>Wojtka Mazolewskiego<\/strong> przedstawia\u0107 po prostu nie trzeba. Po raz kolejny na scenie Jassmine, jednak tym razem w zupe\u0142nie nowej muzycznej podr\u00f3\u017cy \u2013 <strong>\u201eManifest\u201d<\/strong>. A co manifestuje? Dobre \u017cyczenie na przek\u00f3r dzisiejszym czasom. Ale nie tylko \u2013 manifest to tak\u017ce zapowied\u017a nowego projektu artysty, kt\u00f3ry po wielu latach si\u0119gn\u0105\u0142 do pierwszego instrumentu z kt\u00f3rym zaprzyja\u017ani\u0142 si\u0119 maj\u0105c zaledwie kilka lat \u2013 gitary. Zupe\u0142nie nieoczekiwanie powr\u00f3t do tego instrumentu zapocz\u0105tkowa\u0142 now\u0105 muzyczn\u0105 podr\u00f3\u017c, kt\u00f3ra zamyka si\u0119 w album zatytu\u0142owany \u201eY\u016bgen (\u5e7d\u7384)\u201d.<\/p>\n\n\n\n<p><strong>Wojtek Mazolewski<\/strong> &#8211; gitara, \u015bpiew<\/p>\n\n\n\n<p><strong>Krzysztof Kawa\u0142ko<\/strong> &#8211; gitara<\/p>\n\n\n\n<p><strong>Joanna Duda<\/strong> &#8211; fortepian, bas, \u015bpiew<\/p>\n\n\n\n<p><strong>Tomasz Waldowski <\/strong>&#8211; perkusja<\/p>\n\n\n\n<p>\u201eY\u016bgen (\u5e7d\u7384)\u201d to autentyczno\u015b\u0107 i si\u0142a prawdy bij\u0105ca z d\u017awi\u0119k\u00f3w i s\u0142\u00f3w.<\/p>\n\n\n\n<p>Jak zdradza sam artysta:<\/p>\n\n\n\n<p>\u201eNie planowa\u0142em pisa\u0107 tekstu do tego utworu. Pewnej nocy po nagraniach w studio usiedli\u015bmy z Asi\u0105 u mnie w domu i tekst manifestu sam u\u0142o\u017cy\u0142 si\u0119 do muzyki. To by\u0142a spontaniczna chwila. Ta w\u0142a\u015bciwa. Od tamtej chwili nie zmienili\u015bmy w nim nic. To wysz\u0142o z nas naturalnie i w takiej te\u017c formie chcemy si\u0119 tym z Wami podzieli\u0107.<\/p>\n\n\n\n<p>Jaki\u015b czas temu podczas podro\u017cy do Kalifornii wpad\u0142a mi w r\u0119ce gitara z roku 1969 nale\u017c\u0105ca do jazzowego gitarzysty. Rzecz jasna \u2013 zabra\u0142em j\u0105 ze sob\u0105 do domu. To co wydarzy\u0142o si\u0119 p\u00f3\u017aniej, to moc i si\u0142a prawdy, kt\u00f3r\u0105 zawar\u0142em w d\u017awi\u0119kach i s\u0142owach. Wszystkie utwory na t\u0105 p\u0142yt\u0119 skomponowa\u0142em na tym instrumencie.\u201d<\/p>\n\n\n\n<p>Wojciech Mazolewski &#8211; basista, kompozytor, autor muzyki do audiobook\u00f3w, spektakli teatralnych i film\u00f3w, wsp\u00f3\u0142tw\u00f3rca polskiego yassu. Ze swoim kwintetem od 2011 roku przesuwa granice muzycznych interpretacji i prezentuje s\u0142uchaczom nowy spos\u00f3b postrzegania muzyki jazzowej.<\/p>\n\n\n\n<p>Koncert b\u0119dzie rejestrowany na potrzeby teledysku.<br>Drzwi: 19:00<\/p>\n\n\n\n<p>Koncert: 20:30<\/p>\n\n\n\n<p>Do zobaczenia w Jassmine!<\/p>\n\n\n\n<p>Jassmine, Wilcza 73, Warszawa<\/p>\n","protected":false},"template":"","meta":{"_acf_changed":false,"inline_featured_image":false},"class_list":["post-613","concert","type-concert","status-publish","hentry"],"acf":[],"yoast_head":"<!-- This site is optimized with the Yoast SEO plugin v26.4 - https:\/\/yoast.com\/wordpress\/plugins\/seo\/ -->\n<title>02\/09: Wojtek Mazolewski series: YUGEN - jassmine<\/title>\n<meta name=\"robots\" content=\"index, follow, max-snippet:-1, max-image-preview:large, max-video-preview:-1\" \/>\n<link rel=\"canonical\" href=\"https:\/\/jassmine.com\/en\/concert\/02-09-wojtek-mazolewski-yugen\/\" \/>\n<meta property=\"og:locale\" content=\"en_US\" \/>\n<meta property=\"og:type\" content=\"article\" \/>\n<meta property=\"og:title\" content=\"02\/09: Wojtek Mazolewski series: YUGEN - jassmine\" \/>\n<meta property=\"og:description\" content=\"Drzwi: 19:00 Koncert: 20:30 Wojtka Mazolewskiego przedstawia\u0107 po prostu nie trzeba. Po raz kolejny na scenie Jassmine, jednak tym razem w zupe\u0142nie nowej muzycznej podr\u00f3\u017cy \u2013 \u201eManifest\u201d. A co manifestuje? Dobre \u017cyczenie na przek\u00f3r dzisiejszym czasom. Ale nie tylko \u2013 manifest to tak\u017ce zapowied\u017a nowego projektu artysty, kt\u00f3ry po wielu latach si\u0119gn\u0105\u0142 do pierwszego instrumentu [&hellip;]\" \/>\n<meta property=\"og:url\" content=\"https:\/\/jassmine.com\/en\/concert\/02-09-wojtek-mazolewski-yugen\/\" \/>\n<meta property=\"og:site_name\" content=\"jassmine\" \/>\n<meta name=\"twitter:card\" content=\"summary_large_image\" \/>\n<meta name=\"twitter:label1\" content=\"Est. reading time\" \/>\n\t<meta name=\"twitter:data1\" content=\"2 minutes\" \/>\n<script type=\"application\/ld+json\" class=\"yoast-schema-graph\">{\"@context\":\"https:\/\/schema.org\",\"@graph\":[{\"@type\":\"WebPage\",\"@id\":\"https:\/\/jassmine.com\/en\/concert\/02-09-wojtek-mazolewski-yugen\/\",\"url\":\"https:\/\/jassmine.com\/en\/concert\/02-09-wojtek-mazolewski-yugen\/\",\"name\":\"02\/09: Wojtek Mazolewski series: YUGEN - jassmine\",\"isPartOf\":{\"@id\":\"https:\/\/jassmine.com\/en\/#website\"},\"datePublished\":\"2021-08-15T11:36:00+00:00\",\"breadcrumb\":{\"@id\":\"https:\/\/jassmine.com\/en\/concert\/02-09-wojtek-mazolewski-yugen\/#breadcrumb\"},\"inLanguage\":\"en-US\",\"potentialAction\":[{\"@type\":\"ReadAction\",\"target\":[\"https:\/\/jassmine.com\/en\/concert\/02-09-wojtek-mazolewski-yugen\/\"]}]},{\"@type\":\"BreadcrumbList\",\"@id\":\"https:\/\/jassmine.com\/en\/concert\/02-09-wojtek-mazolewski-yugen\/#breadcrumb\",\"itemListElement\":[{\"@type\":\"ListItem\",\"position\":1,\"name\":\"Home\",\"item\":\"https:\/\/jassmine.com\/en\/\"},{\"@type\":\"ListItem\",\"position\":2,\"name\":\"02\/09: Wojtek Mazolewski series: YUGEN\"}]},{\"@type\":\"WebSite\",\"@id\":\"https:\/\/jassmine.com\/en\/#website\",\"url\":\"https:\/\/jassmine.com\/en\/\",\"name\":\"jassmine\",\"description\":\"\",\"potentialAction\":[{\"@type\":\"SearchAction\",\"target\":{\"@type\":\"EntryPoint\",\"urlTemplate\":\"https:\/\/jassmine.com\/en\/?s={search_term_string}\"},\"query-input\":{\"@type\":\"PropertyValueSpecification\",\"valueRequired\":true,\"valueName\":\"search_term_string\"}}],\"inLanguage\":\"en-US\"}]}<\/script>\n<!-- \/ Yoast SEO plugin. -->","yoast_head_json":{"title":"02\/09: Wojtek Mazolewski series: YUGEN - jassmine","robots":{"index":"index","follow":"follow","max-snippet":"max-snippet:-1","max-image-preview":"max-image-preview:large","max-video-preview":"max-video-preview:-1"},"canonical":"https:\/\/jassmine.com\/en\/concert\/02-09-wojtek-mazolewski-yugen\/","og_locale":"en_US","og_type":"article","og_title":"02\/09: Wojtek Mazolewski series: YUGEN - jassmine","og_description":"Drzwi: 19:00 Koncert: 20:30 Wojtka Mazolewskiego przedstawia\u0107 po prostu nie trzeba. Po raz kolejny na scenie Jassmine, jednak tym razem w zupe\u0142nie nowej muzycznej podr\u00f3\u017cy \u2013 \u201eManifest\u201d. A co manifestuje? Dobre \u017cyczenie na przek\u00f3r dzisiejszym czasom. Ale nie tylko \u2013 manifest to tak\u017ce zapowied\u017a nowego projektu artysty, kt\u00f3ry po wielu latach si\u0119gn\u0105\u0142 do pierwszego instrumentu [&hellip;]","og_url":"https:\/\/jassmine.com\/en\/concert\/02-09-wojtek-mazolewski-yugen\/","og_site_name":"jassmine","twitter_card":"summary_large_image","twitter_misc":{"Est. reading time":"2 minutes"},"schema":{"@context":"https:\/\/schema.org","@graph":[{"@type":"WebPage","@id":"https:\/\/jassmine.com\/en\/concert\/02-09-wojtek-mazolewski-yugen\/","url":"https:\/\/jassmine.com\/en\/concert\/02-09-wojtek-mazolewski-yugen\/","name":"02\/09: Wojtek Mazolewski series: YUGEN - jassmine","isPartOf":{"@id":"https:\/\/jassmine.com\/en\/#website"},"datePublished":"2021-08-15T11:36:00+00:00","breadcrumb":{"@id":"https:\/\/jassmine.com\/en\/concert\/02-09-wojtek-mazolewski-yugen\/#breadcrumb"},"inLanguage":"en-US","potentialAction":[{"@type":"ReadAction","target":["https:\/\/jassmine.com\/en\/concert\/02-09-wojtek-mazolewski-yugen\/"]}]},{"@type":"BreadcrumbList","@id":"https:\/\/jassmine.com\/en\/concert\/02-09-wojtek-mazolewski-yugen\/#breadcrumb","itemListElement":[{"@type":"ListItem","position":1,"name":"Home","item":"https:\/\/jassmine.com\/en\/"},{"@type":"ListItem","position":2,"name":"02\/09: Wojtek Mazolewski series: YUGEN"}]},{"@type":"WebSite","@id":"https:\/\/jassmine.com\/en\/#website","url":"https:\/\/jassmine.com\/en\/","name":"jassmine","description":"","potentialAction":[{"@type":"SearchAction","target":{"@type":"EntryPoint","urlTemplate":"https:\/\/jassmine.com\/en\/?s={search_term_string}"},"query-input":{"@type":"PropertyValueSpecification","valueRequired":true,"valueName":"search_term_string"}}],"inLanguage":"en-US"}]}},"_links":{"self":[{"href":"https:\/\/jassmine.com\/en\/wp-json\/wp\/v2\/concert\/613","targetHints":{"allow":["GET"]}}],"collection":[{"href":"https:\/\/jassmine.com\/en\/wp-json\/wp\/v2\/concert"}],"about":[{"href":"https:\/\/jassmine.com\/en\/wp-json\/wp\/v2\/types\/concert"}],"wp:attachment":[{"href":"https:\/\/jassmine.com\/en\/wp-json\/wp\/v2\/media?parent=613"}],"curies":[{"name":"wp","href":"https:\/\/api.w.org\/{rel}","templated":true}]}}

<p>Drzwi: 19:00</p>



<p>Koncert: 20:30</p>



<p><strong>Wojtka Mazolewskiego</strong> przedstawiać po prostu nie trzeba. Po raz kolejny na scenie Jassmine, jednak tym razem w zupełnie nowej muzycznej podróży – <strong>„Manifest”</strong>. A co manifestuje? Dobre życzenie na przekór dzisiejszym czasom. Ale nie tylko – manifest to także zapowiedź nowego projektu artysty, który po wielu latach sięgnął do pierwszego instrumentu z którym zaprzyjaźnił się mając zaledwie kilka lat – gitary. Zupełnie nieoczekiwanie powrót do tego instrumentu zapoczątkował nową muzyczną podróż, która zamyka się w album zatytułowany „Yūgen (幽玄)”.</p>



<p><strong>Wojtek Mazolewski</strong> &#8211; gitara, śpiew</p>



<p><strong>Krzysztof Kawałko</strong> &#8211; gitara</p>



<p><strong>Joanna Duda</strong> &#8211; fortepian, bas, śpiew</p>



<p><strong>Tomasz Waldowski </strong>&#8211; perkusja</p>



<p>„Yūgen (幽玄)” to autentyczność i siła prawdy bijąca z dźwięków i słów.</p>



<p>Jak zdradza sam artysta:</p>



<p>„Nie planowałem pisać tekstu do tego utworu. Pewnej nocy po nagraniach w studio usiedliśmy z Asią u mnie w domu i tekst manifestu sam ułożył się do muzyki. To była spontaniczna chwila. Ta właściwa. Od tamtej chwili nie zmieniliśmy w nim nic. To wyszło z nas naturalnie i w takiej też formie chcemy się tym z Wami podzielić.</p>



<p>Jakiś czas temu podczas podroży do Kalifornii wpadła mi w ręce gitara z roku 1969 należąca do jazzowego gitarzysty. Rzecz jasna – zabrałem ją ze sobą do domu. To co wydarzyło się później, to moc i siła prawdy, którą zawarłem w dźwiękach i słowach. Wszystkie utwory na tą płytę skomponowałem na tym instrumencie.”</p>



<p>Wojciech Mazolewski &#8211; basista, kompozytor, autor muzyki do audiobooków, spektakli teatralnych i filmów, współtwórca polskiego yassu. Ze swoim kwintetem od 2011 roku przesuwa granice muzycznych interpretacji i prezentuje słuchaczom nowy sposób postrzegania muzyki jazzowej.</p>



<p>Koncert będzie rejestrowany na potrzeby teledysku.<br>Drzwi: 19:00</p>



<p>Koncert: 20:30</p>



<p>Do zobaczenia w Jassmine!</p>



<p>Jassmine, Wilcza 73, Warszawa</p>

<!-- This site is optimized with the Yoast SEO plugin v26.4 - https://yoast.com/wordpress/plugins/seo/ -->
<title>02/09: Wojtek Mazolewski series: YUGEN - jassmine</title>
<meta name="robots" content="index, follow, max-snippet:-1, max-image-preview:large, max-video-preview:-1" />
<link rel="canonical" href="https://jassmine.com/en/concert/02-09-wojtek-mazolewski-yugen/" />
<meta property="og:locale" content="en_US" />
<meta property="og:type" content="article" />
<meta property="og:title" content="02/09: Wojtek Mazolewski series: YUGEN - jassmine" />
<meta property="og:description" content="Drzwi: 19:00 Koncert: 20:30 Wojtka Mazolewskiego przedstawiać po prostu nie trzeba. Po raz kolejny na scenie Jassmine, jednak tym razem w zupełnie nowej muzycznej podróży – „Manifest”. A co manifestuje? Dobre życzenie na przekór dzisiejszym czasom. Ale nie tylko – manifest to także zapowiedź nowego projektu artysty, który po wielu latach sięgnął do pierwszego instrumentu [&hellip;]" />
<meta property="og:url" content="https://jassmine.com/en/concert/02-09-wojtek-mazolewski-yugen/" />
<meta property="og:site_name" content="jassmine" />
<meta name="twitter:card" content="summary_large_image" />
<meta name="twitter:label1" content="Est. reading time" />
	<meta name="twitter:data1" content="2 minutes" />
<script type="application/ld+json" class="yoast-schema-graph">{"@context":"https://schema.org","@graph":[{"@type":"WebPage","@id":"https://jassmine.com/en/concert/02-09-wojtek-mazolewski-yugen/","url":"https://jassmine.com/en/concert/02-09-wojtek-mazolewski-yugen/","name":"02/09: Wojtek Mazolewski series: YUGEN - jassmine","isPartOf":{"@id":"https://jassmine.com/en/#website"},"datePublished":"2021-08-15T11:36:00+00:00","breadcrumb":{"@id":"https://jassmine.com/en/concert/02-09-wojtek-mazolewski-yugen/#breadcrumb"},"inLanguage":"en-US","potentialAction":[{"@type":"ReadAction","target":["https://jassmine.com/en/concert/02-09-wojtek-mazolewski-yugen/"]}]},{"@type":"BreadcrumbList","@id":"https://jassmine.com/en/concert/02-09-wojtek-mazolewski-yugen/#breadcrumb","itemListElement":[{"@type":"ListItem","position":1,"name":"Home","item":"https://jassmine.com/en/"},{"@type":"ListItem","position":2,"name":"02/09: Wojtek Mazolewski series: YUGEN"}]},{"@type":"WebSite","@id":"https://jassmine.com/en/#website","url":"https://jassmine.com/en/","name":"jassmine","description":"","potentialAction":[{"@type":"SearchAction","target":{"@type":"EntryPoint","urlTemplate":"https://jassmine.com/en/?s={search_term_string}"},"query-input":{"@type":"PropertyValueSpecification","valueRequired":true,"valueName":"search_term_string"}}],"inLanguage":"en-US"}]}</script>
<!-- / Yoast SEO plugin. -->

Drzwi: 19:00 Koncert: 20:30 Wojtka Mazolewskiego przedstawiać po prostu nie trzeba. Po raz kolejny na scenie Jassmine, jednak tym razem w zupełnie nowej muzycznej podróży – „Manifest”. A co manifestuje? Dobre życzenie na przekór dzisiejszym czasom. Ale nie tylko – manifest to także zapowiedź nowego projektu artysty, który po wielu latach sięgnął do pierwszego instrumentu [&hellip;]
