{"id":617,"date":"2021-08-19T17:08:00","date_gmt":"2021-08-19T15:08:00","guid":{"rendered":"https:\/\/jassmine.com\/?post_type=events&amp;p=617"},"modified":"2021-08-19T17:08:00","modified_gmt":"2021-08-19T15:08:00","slug":"09-09-milosz-oleniecki-trio","status":"publish","type":"concert","link":"https:\/\/jassmine.com\/en\/concert\/09-09-milosz-oleniecki-trio\/","title":{"rendered":"09\/09: MI\u0141OSZ OLENIECKI TRIO"},"content":{"rendered":"\n<p>Kosmiczna energia wraca do <strong>Jassmine<\/strong> \u2013 tym razem za spraw\u0105 zespo\u0142u <strong>Mi\u0142osz Oleniecki Trio<\/strong>. W sk\u0142ad wchodz\u0105 przedstawiciele m\u0142odego pokolenia sceny jazzowej, czyli <strong>Mi\u0142osz Oleniecki<\/strong> \u2013 lider projektu, <strong>Pawe\u0142 Zwierzy\u0144ski-Pi\u00f3ro<\/strong> oraz <strong>Rafa\u0142 Dutkiewicz<\/strong>.<\/p>\n\n\n\n<p>Ten wyj\u0105tkowy koncert b\u0119dzie premier\u0105 nowego albumu Trio \u2013 \u201eSongs For A.&#8221; <\/p>\n\n\n\n<p>Realizacja albumu zosta\u0142a wsparta przez STOART.<\/p>\n\n\n\n<p><strong>!!! Do ka\u017cdego biletu dodajemy album \u201eSongs For A.&#8221; na p\u0142ycie CD !!!<\/strong><\/p>\n\n\n\n<p>Us\u0142yszymy autorskie kompozycje Mi\u0142osza, \u0142\u0105cz\u0105ce ze sob\u0105 harmonik\u0119 jazzow\u0105 z liryzmem i melodyk\u0105 muzyki ludowej (polskiej, klezmerskiej) oraz swobodn\u0105 improwizacj\u0105.<\/p>\n\n\n\n<p>Mi\u0142osz Oleniecki \u2013 fortepian<\/p>\n\n\n\n<p>Pawe\u0142 Zwierzy\u0144ski-Pi\u00f3ro \u2013 kontrabas<\/p>\n\n\n\n<p>Rafa\u0142a Dutkiewicz \u2013 perkusja<\/p>\n\n\n\n<p>Mi\u0142osz Oleniecki \u2013 pianista, kompozytor, aran\u017cer, producent muzyczny. Absolwent szko\u0142y muzycznej im. K. Szymanowskiego w Warszawie, Wydzia\u0142u Jazzu Pa\u0144stwowej Szko\u0142y Muzycznej im. F. Chopina w Warszawie oraz Wydzia\u0142u Elektroniki i Technik Informacyjnych Politechniki Warszawskiej. Wsp\u00f3\u0142tworzy autorskie projekty: P.Unity, Mi\u0142osz Oleniecki Trio, Opowie\u015bci Improwizowane, Saturn.<\/p>\n\n\n\n<p>Pawe\u0142 Zwierzy\u0144ski-Pi\u00f3ro \u2013 kontrabasista, gitarzysta basowy, absolwent Wydzia\u0142u Jazzu ZPSM im. Fryderyka Chopina w Warszawie oraz student AM im. K. Szymanowskiego w Katowicach.<\/p>\n\n\n\n<p>Rafa\u0142 Dutkiewicz \u2013 absolwent nowojorskiej uczelni Drummers Collective. Zwi\u0105zany m.in. z zespo\u0142em Skalpel, Saturn.<\/p>\n\n\n\n<p>Drzwi \u2013 19:00<\/p>\n\n\n\n<p>Koncert \u2013 20:30<\/p>\n\n\n\n<p>Do zobaczenia w Jassmine!&nbsp;<\/p>\n","protected":false},"template":"","meta":{"_acf_changed":false,"inline_featured_image":false},"class_list":["post-617","concert","type-concert","status-publish","hentry"],"acf":[],"yoast_head":"<!-- This site is optimized with the Yoast SEO plugin v26.4 - https:\/\/yoast.com\/wordpress\/plugins\/seo\/ -->\n<title>09\/09: MI\u0141OSZ OLENIECKI TRIO - jassmine<\/title>\n<meta name=\"robots\" content=\"index, follow, max-snippet:-1, max-image-preview:large, max-video-preview:-1\" \/>\n<link rel=\"canonical\" href=\"https:\/\/jassmine.com\/en\/concert\/09-09-milosz-oleniecki-trio\/\" \/>\n<meta property=\"og:locale\" content=\"en_US\" \/>\n<meta property=\"og:type\" content=\"article\" \/>\n<meta property=\"og:title\" content=\"09\/09: MI\u0141OSZ OLENIECKI TRIO - jassmine\" \/>\n<meta property=\"og:description\" content=\"Kosmiczna energia wraca do Jassmine \u2013 tym razem za spraw\u0105 zespo\u0142u Mi\u0142osz Oleniecki Trio. W sk\u0142ad wchodz\u0105 przedstawiciele m\u0142odego pokolenia sceny jazzowej, czyli Mi\u0142osz Oleniecki \u2013 lider projektu, Pawe\u0142 Zwierzy\u0144ski-Pi\u00f3ro oraz Rafa\u0142 Dutkiewicz. Ten wyj\u0105tkowy koncert b\u0119dzie premier\u0105 nowego albumu Trio \u2013 \u201eSongs For A.&#8221; Realizacja albumu zosta\u0142a wsparta przez STOART. !!! Do ka\u017cdego biletu [&hellip;]\" \/>\n<meta property=\"og:url\" content=\"https:\/\/jassmine.com\/en\/concert\/09-09-milosz-oleniecki-trio\/\" \/>\n<meta property=\"og:site_name\" content=\"jassmine\" \/>\n<meta name=\"twitter:card\" content=\"summary_large_image\" \/>\n<meta name=\"twitter:label1\" content=\"Est. reading time\" \/>\n\t<meta name=\"twitter:data1\" content=\"1 minute\" \/>\n<script type=\"application\/ld+json\" class=\"yoast-schema-graph\">{\"@context\":\"https:\/\/schema.org\",\"@graph\":[{\"@type\":\"WebPage\",\"@id\":\"https:\/\/jassmine.com\/en\/concert\/09-09-milosz-oleniecki-trio\/\",\"url\":\"https:\/\/jassmine.com\/en\/concert\/09-09-milosz-oleniecki-trio\/\",\"name\":\"09\/09: MI\u0141OSZ OLENIECKI TRIO - jassmine\",\"isPartOf\":{\"@id\":\"https:\/\/jassmine.com\/en\/#website\"},\"datePublished\":\"2021-08-19T15:08:00+00:00\",\"breadcrumb\":{\"@id\":\"https:\/\/jassmine.com\/en\/concert\/09-09-milosz-oleniecki-trio\/#breadcrumb\"},\"inLanguage\":\"en-US\",\"potentialAction\":[{\"@type\":\"ReadAction\",\"target\":[\"https:\/\/jassmine.com\/en\/concert\/09-09-milosz-oleniecki-trio\/\"]}]},{\"@type\":\"BreadcrumbList\",\"@id\":\"https:\/\/jassmine.com\/en\/concert\/09-09-milosz-oleniecki-trio\/#breadcrumb\",\"itemListElement\":[{\"@type\":\"ListItem\",\"position\":1,\"name\":\"Home\",\"item\":\"https:\/\/jassmine.com\/en\/\"},{\"@type\":\"ListItem\",\"position\":2,\"name\":\"09\/09: MI\u0141OSZ OLENIECKI TRIO\"}]},{\"@type\":\"WebSite\",\"@id\":\"https:\/\/jassmine.com\/en\/#website\",\"url\":\"https:\/\/jassmine.com\/en\/\",\"name\":\"jassmine\",\"description\":\"\",\"potentialAction\":[{\"@type\":\"SearchAction\",\"target\":{\"@type\":\"EntryPoint\",\"urlTemplate\":\"https:\/\/jassmine.com\/en\/?s={search_term_string}\"},\"query-input\":{\"@type\":\"PropertyValueSpecification\",\"valueRequired\":true,\"valueName\":\"search_term_string\"}}],\"inLanguage\":\"en-US\"}]}<\/script>\n<!-- \/ Yoast SEO plugin. -->","yoast_head_json":{"title":"09\/09: MI\u0141OSZ OLENIECKI TRIO - jassmine","robots":{"index":"index","follow":"follow","max-snippet":"max-snippet:-1","max-image-preview":"max-image-preview:large","max-video-preview":"max-video-preview:-1"},"canonical":"https:\/\/jassmine.com\/en\/concert\/09-09-milosz-oleniecki-trio\/","og_locale":"en_US","og_type":"article","og_title":"09\/09: MI\u0141OSZ OLENIECKI TRIO - jassmine","og_description":"Kosmiczna energia wraca do Jassmine \u2013 tym razem za spraw\u0105 zespo\u0142u Mi\u0142osz Oleniecki Trio. W sk\u0142ad wchodz\u0105 przedstawiciele m\u0142odego pokolenia sceny jazzowej, czyli Mi\u0142osz Oleniecki \u2013 lider projektu, Pawe\u0142 Zwierzy\u0144ski-Pi\u00f3ro oraz Rafa\u0142 Dutkiewicz. Ten wyj\u0105tkowy koncert b\u0119dzie premier\u0105 nowego albumu Trio \u2013 \u201eSongs For A.&#8221; Realizacja albumu zosta\u0142a wsparta przez STOART. !!! Do ka\u017cdego biletu [&hellip;]","og_url":"https:\/\/jassmine.com\/en\/concert\/09-09-milosz-oleniecki-trio\/","og_site_name":"jassmine","twitter_card":"summary_large_image","twitter_misc":{"Est. reading time":"1 minute"},"schema":{"@context":"https:\/\/schema.org","@graph":[{"@type":"WebPage","@id":"https:\/\/jassmine.com\/en\/concert\/09-09-milosz-oleniecki-trio\/","url":"https:\/\/jassmine.com\/en\/concert\/09-09-milosz-oleniecki-trio\/","name":"09\/09: MI\u0141OSZ OLENIECKI TRIO - jassmine","isPartOf":{"@id":"https:\/\/jassmine.com\/en\/#website"},"datePublished":"2021-08-19T15:08:00+00:00","breadcrumb":{"@id":"https:\/\/jassmine.com\/en\/concert\/09-09-milosz-oleniecki-trio\/#breadcrumb"},"inLanguage":"en-US","potentialAction":[{"@type":"ReadAction","target":["https:\/\/jassmine.com\/en\/concert\/09-09-milosz-oleniecki-trio\/"]}]},{"@type":"BreadcrumbList","@id":"https:\/\/jassmine.com\/en\/concert\/09-09-milosz-oleniecki-trio\/#breadcrumb","itemListElement":[{"@type":"ListItem","position":1,"name":"Home","item":"https:\/\/jassmine.com\/en\/"},{"@type":"ListItem","position":2,"name":"09\/09: MI\u0141OSZ OLENIECKI TRIO"}]},{"@type":"WebSite","@id":"https:\/\/jassmine.com\/en\/#website","url":"https:\/\/jassmine.com\/en\/","name":"jassmine","description":"","potentialAction":[{"@type":"SearchAction","target":{"@type":"EntryPoint","urlTemplate":"https:\/\/jassmine.com\/en\/?s={search_term_string}"},"query-input":{"@type":"PropertyValueSpecification","valueRequired":true,"valueName":"search_term_string"}}],"inLanguage":"en-US"}]}},"_links":{"self":[{"href":"https:\/\/jassmine.com\/en\/wp-json\/wp\/v2\/concert\/617","targetHints":{"allow":["GET"]}}],"collection":[{"href":"https:\/\/jassmine.com\/en\/wp-json\/wp\/v2\/concert"}],"about":[{"href":"https:\/\/jassmine.com\/en\/wp-json\/wp\/v2\/types\/concert"}],"wp:attachment":[{"href":"https:\/\/jassmine.com\/en\/wp-json\/wp\/v2\/media?parent=617"}],"curies":[{"name":"wp","href":"https:\/\/api.w.org\/{rel}","templated":true}]}}

09/09: MIŁOSZ OLENIECKI TRIO

<p>Kosmiczna energia wraca do <strong>Jassmine</strong> – tym razem za sprawą zespołu <strong>Miłosz Oleniecki Trio</strong>. W skład wchodzą przedstawiciele młodego pokolenia sceny jazzowej, czyli <strong>Miłosz Oleniecki</strong> – lider projektu, <strong>Paweł Zwierzyński-Pióro</strong> oraz <strong>Rafał Dutkiewicz</strong>.</p>



<p>Ten wyjątkowy koncert będzie premierą nowego albumu Trio – „Songs For A.&#8221; </p>



<p>Realizacja albumu została wsparta przez STOART.</p>



<p><strong>!!! Do każdego biletu dodajemy album „Songs For A.&#8221; na płycie CD !!!</strong></p>



<p>Usłyszymy autorskie kompozycje Miłosza, łączące ze sobą harmonikę jazzową z liryzmem i melodyką muzyki ludowej (polskiej, klezmerskiej) oraz swobodną improwizacją.</p>



<p>Miłosz Oleniecki – fortepian</p>



<p>Paweł Zwierzyński-Pióro – kontrabas</p>



<p>Rafała Dutkiewicz – perkusja</p>



<p>Miłosz Oleniecki – pianista, kompozytor, aranżer, producent muzyczny. Absolwent szkoły muzycznej im. K. Szymanowskiego w Warszawie, Wydziału Jazzu Państwowej Szkoły Muzycznej im. F. Chopina w Warszawie oraz Wydziału Elektroniki i Technik Informacyjnych Politechniki Warszawskiej. Współtworzy autorskie projekty: P.Unity, Miłosz Oleniecki Trio, Opowieści Improwizowane, Saturn.</p>



<p>Paweł Zwierzyński-Pióro – kontrabasista, gitarzysta basowy, absolwent Wydziału Jazzu ZPSM im. Fryderyka Chopina w Warszawie oraz student AM im. K. Szymanowskiego w Katowicach.</p>



<p>Rafał Dutkiewicz – absolwent nowojorskiej uczelni Drummers Collective. Związany m.in. z zespołem Skalpel, Saturn.</p>



<p>Drzwi – 19:00</p>



<p>Koncert – 20:30</p>



<p>Do zobaczenia w Jassmine!&nbsp;</p>

<!-- This site is optimized with the Yoast SEO plugin v26.4 - https://yoast.com/wordpress/plugins/seo/ -->
<title>09/09: MIŁOSZ OLENIECKI TRIO - jassmine</title>
<meta name="robots" content="index, follow, max-snippet:-1, max-image-preview:large, max-video-preview:-1" />
<link rel="canonical" href="https://jassmine.com/en/concert/09-09-milosz-oleniecki-trio/" />
<meta property="og:locale" content="en_US" />
<meta property="og:type" content="article" />
<meta property="og:title" content="09/09: MIŁOSZ OLENIECKI TRIO - jassmine" />
<meta property="og:description" content="Kosmiczna energia wraca do Jassmine – tym razem za sprawą zespołu Miłosz Oleniecki Trio. W skład wchodzą przedstawiciele młodego pokolenia sceny jazzowej, czyli Miłosz Oleniecki – lider projektu, Paweł Zwierzyński-Pióro oraz Rafał Dutkiewicz. Ten wyjątkowy koncert będzie premierą nowego albumu Trio – „Songs For A.&#8221; Realizacja albumu została wsparta przez STOART. !!! Do każdego biletu [&hellip;]" />
<meta property="og:url" content="https://jassmine.com/en/concert/09-09-milosz-oleniecki-trio/" />
<meta property="og:site_name" content="jassmine" />
<meta name="twitter:card" content="summary_large_image" />
<meta name="twitter:label1" content="Est. reading time" />
	<meta name="twitter:data1" content="1 minute" />
<script type="application/ld+json" class="yoast-schema-graph">{"@context":"https://schema.org","@graph":[{"@type":"WebPage","@id":"https://jassmine.com/en/concert/09-09-milosz-oleniecki-trio/","url":"https://jassmine.com/en/concert/09-09-milosz-oleniecki-trio/","name":"09/09: MIŁOSZ OLENIECKI TRIO - jassmine","isPartOf":{"@id":"https://jassmine.com/en/#website"},"datePublished":"2021-08-19T15:08:00+00:00","breadcrumb":{"@id":"https://jassmine.com/en/concert/09-09-milosz-oleniecki-trio/#breadcrumb"},"inLanguage":"en-US","potentialAction":[{"@type":"ReadAction","target":["https://jassmine.com/en/concert/09-09-milosz-oleniecki-trio/"]}]},{"@type":"BreadcrumbList","@id":"https://jassmine.com/en/concert/09-09-milosz-oleniecki-trio/#breadcrumb","itemListElement":[{"@type":"ListItem","position":1,"name":"Home","item":"https://jassmine.com/en/"},{"@type":"ListItem","position":2,"name":"09/09: MIŁOSZ OLENIECKI TRIO"}]},{"@type":"WebSite","@id":"https://jassmine.com/en/#website","url":"https://jassmine.com/en/","name":"jassmine","description":"","potentialAction":[{"@type":"SearchAction","target":{"@type":"EntryPoint","urlTemplate":"https://jassmine.com/en/?s={search_term_string}"},"query-input":{"@type":"PropertyValueSpecification","valueRequired":true,"valueName":"search_term_string"}}],"inLanguage":"en-US"}]}</script>
<!-- / Yoast SEO plugin. -->

09/09: MIŁOSZ OLENIECKI TRIO - jassmine

Kosmiczna energia wraca do Jassmine – tym razem za sprawą zespołu Miłosz Oleniecki Trio. W skład wchodzą przedstawiciele młodego pokolenia sceny jazzowej, czyli Miłosz Oleniecki – lider projektu, Paweł Zwierzyński-Pióro oraz Rafał Dutkiewicz. Ten wyjątkowy koncert będzie premierą nowego albumu Trio – „Songs For A.&#8221; Realizacja albumu została wsparta przez STOART. !!! Do każdego biletu [&hellip;]
