{"id":643,"date":"2021-09-13T09:53:58","date_gmt":"2021-09-13T07:53:58","guid":{"rendered":"https:\/\/jassmine.com\/?post_type=events&amp;p=643"},"modified":"2021-09-13T09:53:58","modified_gmt":"2021-09-13T07:53:58","slug":"25-09-slawek-jaskulke-solo","status":"publish","type":"concert","link":"https:\/\/jassmine.com\/en\/concert\/25-09-slawek-jaskulke-solo\/","title":{"rendered":"25\/09: S\u0142awek Jasku\u0142ke Solo"},"content":{"rendered":"\n<p>Tw\u00f3rczo\u015b\u0107 solowa <strong>S\u0142awka Jasku\u0142ke<\/strong> od wielu lat skupiona jest wok\u00f3\u0142 barwy, koloru i ilustracji w muzyce. <\/p>\n\n\n\n<p>Artysta nagrywa i koncertuje na instrumencie z moderatorem (filc t\u0142umi\u0105cy struny), dzi\u0119ki czemu uzyskuje plastyczny charakter d\u017awi\u0119ku.<\/p>\n\n\n\n<p>\u201eTa plastyczno\u015b\u0107 i koloryt mnie inspiruj\u0105. To jest moje brzmienie, kt\u00f3rego szuka\u0142em wiele lat\u201d &#8211; przyznaje S\u0142awek Jasku\u0142ke. <\/p>\n\n\n\n<p>Pierwsza p\u0142yta nagrana w tej konwencji \u201eSea\u201d z 2015 roku wzbudzi\u0142a zachwyt \u015brodowiska muzycznego i opiniotw\u00f3rczego. Najnowszy album artysty \u201eMusic on canvas\u201d, wydany w 2020 roku jest efektem fascynacji malarstwem Rafa\u0142a Bujnowskiego i obrazami z cyklu \u201eNokturn Graboszyce\u201d. Od 2014 roku p\u0142yty artysty nak\u0142adem wydawnictwa Core Port Inc. Tokyo Japan wydawane s\u0105 na rynek japo\u0144ski, otrzymuj\u0105c lawin\u0119 pozytywnych recenzji i entuzjastyczny odbi\u00f3r publiczno\u015bci.<\/p>\n\n\n\n<p><br>DRZWI &#8211; 19:00<\/p>\n\n\n\n<p>KONCERT &#8211; 20:30<\/p>\n\n\n\n<p>Do zobaczenia w Jassmine!<\/p>\n\n\n\n<p>Jassmine, Wilcza 73, Warszawa<\/p>\n\n\n\n<p><a href=\"https:\/\/l.facebook.com\/l.php?u=https%3A%2F%2Fwww.instagram.com%2Fjassminewarsaw%2F%3Ffbclid%3DIwAR2opXCS9JIXwbYq2ynW7UNUAeJlAYqYUFpAxRsxLI7pyDzZrZZ7MkjQGfU&amp;h=AT0uTCBTjd7SrZ4hBqJPxbuCcEkXDX6kkY4pCu-qguZQVYETRnkKsKU7yr8s76DfHH8Nihv-HaamqEZcCKq93EYuXZ62kYpp8zVnLuEABsBcBtQbRtMIGlQStwSdGE_LAhpFOdltXA&amp;__tn__=q&amp;c[0]=AT3pNh3ia42xv-i9tSiyaLTcigfZbikdNP86fb6Sno958KAAJEo-i2YnPIqZOgVmVA41oxxU8PyDYsVCZ82_z4SL40AVUTU-7acZ2x3_7K_hHUVuJjgL5Fw1nPHITcbskaqdHAV47GGGdEt5BgEM4YUDO_RlkXjhdKLbivnGf_x7yVed\" rel=\"noreferrer noopener\" target=\"_blank\">https:\/\/www.instagram.com\/jassminewarsaw\/<\/a><\/p>\n\n\n\n<p><a href=\"https:\/\/l.facebook.com\/l.php?u=https%3A%2F%2Fwww.youtube.com%2Fc%2FWeAreJassmine%3Ffbclid%3DIwAR0eJA9XnmnEZaqo3VZ9SggNDbGo2GOiHqAZAJLviYqeO2UYe1csWA51KgU&amp;h=AT3Bet7RErXxGYh_LRshyZchBPGdL8YadG4qGhsZUtN63MpQ2YoD5XXQ66-U3jVeBXGPiRMlc7yfUVlPaOzCBxu6_E83V-cq6PtgQUZ_JnBfykbf7rjWkaHAA9DuVD6T5IZEHc1zrA&amp;__tn__=q&amp;c[0]=AT3pNh3ia42xv-i9tSiyaLTcigfZbikdNP86fb6Sno958KAAJEo-i2YnPIqZOgVmVA41oxxU8PyDYsVCZ82_z4SL40AVUTU-7acZ2x3_7K_hHUVuJjgL5Fw1nPHITcbskaqdHAV47GGGdEt5BgEM4YUDO_RlkXjhdKLbivnGf_x7yVed\" rel=\"noreferrer noopener\" target=\"_blank\">https:\/\/www.youtube.com\/c\/WeAreJassmine<\/a><\/p>\n","protected":false},"template":"","meta":{"_acf_changed":false,"inline_featured_image":false},"class_list":["post-643","concert","type-concert","status-publish","hentry"],"acf":[],"yoast_head":"<!-- This site is optimized with the Yoast SEO plugin v26.4 - https:\/\/yoast.com\/wordpress\/plugins\/seo\/ -->\n<title>25\/09: S\u0142awek Jasku\u0142ke Solo - jassmine<\/title>\n<meta name=\"robots\" content=\"index, follow, max-snippet:-1, max-image-preview:large, max-video-preview:-1\" \/>\n<link rel=\"canonical\" href=\"https:\/\/jassmine.com\/en\/concert\/25-09-slawek-jaskulke-solo\/\" \/>\n<meta property=\"og:locale\" content=\"en_US\" \/>\n<meta property=\"og:type\" content=\"article\" \/>\n<meta property=\"og:title\" content=\"25\/09: S\u0142awek Jasku\u0142ke Solo - jassmine\" \/>\n<meta property=\"og:description\" content=\"Tw\u00f3rczo\u015b\u0107 solowa S\u0142awka Jasku\u0142ke od wielu lat skupiona jest wok\u00f3\u0142 barwy, koloru i ilustracji w muzyce. Artysta nagrywa i koncertuje na instrumencie z moderatorem (filc t\u0142umi\u0105cy struny), dzi\u0119ki czemu uzyskuje plastyczny charakter d\u017awi\u0119ku. \u201eTa plastyczno\u015b\u0107 i koloryt mnie inspiruj\u0105. To jest moje brzmienie, kt\u00f3rego szuka\u0142em wiele lat\u201d &#8211; przyznaje S\u0142awek Jasku\u0142ke. Pierwsza p\u0142yta nagrana w [&hellip;]\" \/>\n<meta property=\"og:url\" content=\"https:\/\/jassmine.com\/en\/concert\/25-09-slawek-jaskulke-solo\/\" \/>\n<meta property=\"og:site_name\" content=\"jassmine\" \/>\n<meta name=\"twitter:card\" content=\"summary_large_image\" \/>\n<meta name=\"twitter:label1\" content=\"Est. reading time\" \/>\n\t<meta name=\"twitter:data1\" content=\"1 minute\" \/>\n<script type=\"application\/ld+json\" class=\"yoast-schema-graph\">{\"@context\":\"https:\/\/schema.org\",\"@graph\":[{\"@type\":\"WebPage\",\"@id\":\"https:\/\/jassmine.com\/en\/concert\/25-09-slawek-jaskulke-solo\/\",\"url\":\"https:\/\/jassmine.com\/en\/concert\/25-09-slawek-jaskulke-solo\/\",\"name\":\"25\/09: S\u0142awek Jasku\u0142ke Solo - jassmine\",\"isPartOf\":{\"@id\":\"https:\/\/jassmine.com\/en\/#website\"},\"datePublished\":\"2021-09-13T07:53:58+00:00\",\"breadcrumb\":{\"@id\":\"https:\/\/jassmine.com\/en\/concert\/25-09-slawek-jaskulke-solo\/#breadcrumb\"},\"inLanguage\":\"en-US\",\"potentialAction\":[{\"@type\":\"ReadAction\",\"target\":[\"https:\/\/jassmine.com\/en\/concert\/25-09-slawek-jaskulke-solo\/\"]}]},{\"@type\":\"BreadcrumbList\",\"@id\":\"https:\/\/jassmine.com\/en\/concert\/25-09-slawek-jaskulke-solo\/#breadcrumb\",\"itemListElement\":[{\"@type\":\"ListItem\",\"position\":1,\"name\":\"Home\",\"item\":\"https:\/\/jassmine.com\/en\/\"},{\"@type\":\"ListItem\",\"position\":2,\"name\":\"25\/09: S\u0142awek Jasku\u0142ke Solo\"}]},{\"@type\":\"WebSite\",\"@id\":\"https:\/\/jassmine.com\/en\/#website\",\"url\":\"https:\/\/jassmine.com\/en\/\",\"name\":\"jassmine\",\"description\":\"\",\"potentialAction\":[{\"@type\":\"SearchAction\",\"target\":{\"@type\":\"EntryPoint\",\"urlTemplate\":\"https:\/\/jassmine.com\/en\/?s={search_term_string}\"},\"query-input\":{\"@type\":\"PropertyValueSpecification\",\"valueRequired\":true,\"valueName\":\"search_term_string\"}}],\"inLanguage\":\"en-US\"}]}<\/script>\n<!-- \/ Yoast SEO plugin. -->","yoast_head_json":{"title":"25\/09: S\u0142awek Jasku\u0142ke Solo - jassmine","robots":{"index":"index","follow":"follow","max-snippet":"max-snippet:-1","max-image-preview":"max-image-preview:large","max-video-preview":"max-video-preview:-1"},"canonical":"https:\/\/jassmine.com\/en\/concert\/25-09-slawek-jaskulke-solo\/","og_locale":"en_US","og_type":"article","og_title":"25\/09: S\u0142awek Jasku\u0142ke Solo - jassmine","og_description":"Tw\u00f3rczo\u015b\u0107 solowa S\u0142awka Jasku\u0142ke od wielu lat skupiona jest wok\u00f3\u0142 barwy, koloru i ilustracji w muzyce. Artysta nagrywa i koncertuje na instrumencie z moderatorem (filc t\u0142umi\u0105cy struny), dzi\u0119ki czemu uzyskuje plastyczny charakter d\u017awi\u0119ku. \u201eTa plastyczno\u015b\u0107 i koloryt mnie inspiruj\u0105. To jest moje brzmienie, kt\u00f3rego szuka\u0142em wiele lat\u201d &#8211; przyznaje S\u0142awek Jasku\u0142ke. Pierwsza p\u0142yta nagrana w [&hellip;]","og_url":"https:\/\/jassmine.com\/en\/concert\/25-09-slawek-jaskulke-solo\/","og_site_name":"jassmine","twitter_card":"summary_large_image","twitter_misc":{"Est. reading time":"1 minute"},"schema":{"@context":"https:\/\/schema.org","@graph":[{"@type":"WebPage","@id":"https:\/\/jassmine.com\/en\/concert\/25-09-slawek-jaskulke-solo\/","url":"https:\/\/jassmine.com\/en\/concert\/25-09-slawek-jaskulke-solo\/","name":"25\/09: S\u0142awek Jasku\u0142ke Solo - jassmine","isPartOf":{"@id":"https:\/\/jassmine.com\/en\/#website"},"datePublished":"2021-09-13T07:53:58+00:00","breadcrumb":{"@id":"https:\/\/jassmine.com\/en\/concert\/25-09-slawek-jaskulke-solo\/#breadcrumb"},"inLanguage":"en-US","potentialAction":[{"@type":"ReadAction","target":["https:\/\/jassmine.com\/en\/concert\/25-09-slawek-jaskulke-solo\/"]}]},{"@type":"BreadcrumbList","@id":"https:\/\/jassmine.com\/en\/concert\/25-09-slawek-jaskulke-solo\/#breadcrumb","itemListElement":[{"@type":"ListItem","position":1,"name":"Home","item":"https:\/\/jassmine.com\/en\/"},{"@type":"ListItem","position":2,"name":"25\/09: S\u0142awek Jasku\u0142ke Solo"}]},{"@type":"WebSite","@id":"https:\/\/jassmine.com\/en\/#website","url":"https:\/\/jassmine.com\/en\/","name":"jassmine","description":"","potentialAction":[{"@type":"SearchAction","target":{"@type":"EntryPoint","urlTemplate":"https:\/\/jassmine.com\/en\/?s={search_term_string}"},"query-input":{"@type":"PropertyValueSpecification","valueRequired":true,"valueName":"search_term_string"}}],"inLanguage":"en-US"}]}},"_links":{"self":[{"href":"https:\/\/jassmine.com\/en\/wp-json\/wp\/v2\/concert\/643","targetHints":{"allow":["GET"]}}],"collection":[{"href":"https:\/\/jassmine.com\/en\/wp-json\/wp\/v2\/concert"}],"about":[{"href":"https:\/\/jassmine.com\/en\/wp-json\/wp\/v2\/types\/concert"}],"wp:attachment":[{"href":"https:\/\/jassmine.com\/en\/wp-json\/wp\/v2\/media?parent=643"}],"curies":[{"name":"wp","href":"https:\/\/api.w.org\/{rel}","templated":true}]}}

25/09: Sławek Jaskułke Solo

<p>Twórczość solowa <strong>Sławka Jaskułke</strong> od wielu lat skupiona jest wokół barwy, koloru i ilustracji w muzyce. </p>



<p>Artysta nagrywa i koncertuje na instrumencie z moderatorem (filc tłumiący struny), dzięki czemu uzyskuje plastyczny charakter dźwięku.</p>



<p>„Ta plastyczność i koloryt mnie inspirują. To jest moje brzmienie, którego szukałem wiele lat” &#8211; przyznaje Sławek Jaskułke. </p>



<p>Pierwsza płyta nagrana w tej konwencji „Sea” z 2015 roku wzbudziła zachwyt środowiska muzycznego i opiniotwórczego. Najnowszy album artysty „Music on canvas”, wydany w 2020 roku jest efektem fascynacji malarstwem Rafała Bujnowskiego i obrazami z cyklu „Nokturn Graboszyce”. Od 2014 roku płyty artysty nakładem wydawnictwa Core Port Inc. Tokyo Japan wydawane są na rynek japoński, otrzymując lawinę pozytywnych recenzji i entuzjastyczny odbiór publiczności.</p>



<p><br>DRZWI &#8211; 19:00</p>



<p>KONCERT &#8211; 20:30</p>



<p>Do zobaczenia w Jassmine!</p>



<p>Jassmine, Wilcza 73, Warszawa</p>



<p><a href="https://l.facebook.com/l.php?u=https%3A%2F%2Fwww.instagram.com%2Fjassminewarsaw%2F%3Ffbclid%3DIwAR2opXCS9JIXwbYq2ynW7UNUAeJlAYqYUFpAxRsxLI7pyDzZrZZ7MkjQGfU&amp;h=AT0uTCBTjd7SrZ4hBqJPxbuCcEkXDX6kkY4pCu-qguZQVYETRnkKsKU7yr8s76DfHH8Nihv-HaamqEZcCKq93EYuXZ62kYpp8zVnLuEABsBcBtQbRtMIGlQStwSdGE_LAhpFOdltXA&amp;__tn__=q&amp;c[0]=AT3pNh3ia42xv-i9tSiyaLTcigfZbikdNP86fb6Sno958KAAJEo-i2YnPIqZOgVmVA41oxxU8PyDYsVCZ82_z4SL40AVUTU-7acZ2x3_7K_hHUVuJjgL5Fw1nPHITcbskaqdHAV47GGGdEt5BgEM4YUDO_RlkXjhdKLbivnGf_x7yVed" rel="noreferrer noopener" target="_blank">https://www.instagram.com/jassminewarsaw/</a></p>



<p><a href="https://l.facebook.com/l.php?u=https%3A%2F%2Fwww.youtube.com%2Fc%2FWeAreJassmine%3Ffbclid%3DIwAR0eJA9XnmnEZaqo3VZ9SggNDbGo2GOiHqAZAJLviYqeO2UYe1csWA51KgU&amp;h=AT3Bet7RErXxGYh_LRshyZchBPGdL8YadG4qGhsZUtN63MpQ2YoD5XXQ66-U3jVeBXGPiRMlc7yfUVlPaOzCBxu6_E83V-cq6PtgQUZ_JnBfykbf7rjWkaHAA9DuVD6T5IZEHc1zrA&amp;__tn__=q&amp;c[0]=AT3pNh3ia42xv-i9tSiyaLTcigfZbikdNP86fb6Sno958KAAJEo-i2YnPIqZOgVmVA41oxxU8PyDYsVCZ82_z4SL40AVUTU-7acZ2x3_7K_hHUVuJjgL5Fw1nPHITcbskaqdHAV47GGGdEt5BgEM4YUDO_RlkXjhdKLbivnGf_x7yVed" rel="noreferrer noopener" target="_blank">https://www.youtube.com/c/WeAreJassmine</a></p>

<!-- This site is optimized with the Yoast SEO plugin v26.4 - https://yoast.com/wordpress/plugins/seo/ -->
<title>25/09: Sławek Jaskułke Solo - jassmine</title>
<meta name="robots" content="index, follow, max-snippet:-1, max-image-preview:large, max-video-preview:-1" />
<link rel="canonical" href="https://jassmine.com/en/concert/25-09-slawek-jaskulke-solo/" />
<meta property="og:locale" content="en_US" />
<meta property="og:type" content="article" />
<meta property="og:title" content="25/09: Sławek Jaskułke Solo - jassmine" />
<meta property="og:description" content="Twórczość solowa Sławka Jaskułke od wielu lat skupiona jest wokół barwy, koloru i ilustracji w muzyce. Artysta nagrywa i koncertuje na instrumencie z moderatorem (filc tłumiący struny), dzięki czemu uzyskuje plastyczny charakter dźwięku. „Ta plastyczność i koloryt mnie inspirują. To jest moje brzmienie, którego szukałem wiele lat” &#8211; przyznaje Sławek Jaskułke. Pierwsza płyta nagrana w [&hellip;]" />
<meta property="og:url" content="https://jassmine.com/en/concert/25-09-slawek-jaskulke-solo/" />
<meta property="og:site_name" content="jassmine" />
<meta name="twitter:card" content="summary_large_image" />
<meta name="twitter:label1" content="Est. reading time" />
	<meta name="twitter:data1" content="1 minute" />
<script type="application/ld+json" class="yoast-schema-graph">{"@context":"https://schema.org","@graph":[{"@type":"WebPage","@id":"https://jassmine.com/en/concert/25-09-slawek-jaskulke-solo/","url":"https://jassmine.com/en/concert/25-09-slawek-jaskulke-solo/","name":"25/09: Sławek Jaskułke Solo - jassmine","isPartOf":{"@id":"https://jassmine.com/en/#website"},"datePublished":"2021-09-13T07:53:58+00:00","breadcrumb":{"@id":"https://jassmine.com/en/concert/25-09-slawek-jaskulke-solo/#breadcrumb"},"inLanguage":"en-US","potentialAction":[{"@type":"ReadAction","target":["https://jassmine.com/en/concert/25-09-slawek-jaskulke-solo/"]}]},{"@type":"BreadcrumbList","@id":"https://jassmine.com/en/concert/25-09-slawek-jaskulke-solo/#breadcrumb","itemListElement":[{"@type":"ListItem","position":1,"name":"Home","item":"https://jassmine.com/en/"},{"@type":"ListItem","position":2,"name":"25/09: Sławek Jaskułke Solo"}]},{"@type":"WebSite","@id":"https://jassmine.com/en/#website","url":"https://jassmine.com/en/","name":"jassmine","description":"","potentialAction":[{"@type":"SearchAction","target":{"@type":"EntryPoint","urlTemplate":"https://jassmine.com/en/?s={search_term_string}"},"query-input":{"@type":"PropertyValueSpecification","valueRequired":true,"valueName":"search_term_string"}}],"inLanguage":"en-US"}]}</script>
<!-- / Yoast SEO plugin. -->

25/09: Sławek Jaskułke Solo - jassmine

Twórczość solowa Sławka Jaskułke od wielu lat skupiona jest wokół barwy, koloru i ilustracji w muzyce. Artysta nagrywa i koncertuje na instrumencie z moderatorem (filc tłumiący struny), dzięki czemu uzyskuje plastyczny charakter dźwięku. „Ta plastyczność i koloryt mnie inspirują. To jest moje brzmienie, którego szukałem wiele lat” &#8211; przyznaje Sławek Jaskułke. Pierwsza płyta nagrana w [&hellip;]
