{"id":667,"date":"2021-09-14T13:19:00","date_gmt":"2021-09-14T11:19:00","guid":{"rendered":"https:\/\/jassmine.com\/?post_type=events&amp;p=667"},"modified":"2021-09-14T13:19:00","modified_gmt":"2021-09-14T11:19:00","slug":"05-10-adam-pieronczyk-feat-majid-bekkas-jean-paul-bourelly","status":"publish","type":"concert","link":"https:\/\/jassmine.com\/en\/concert\/05-10-adam-pieronczyk-feat-majid-bekkas-jean-paul-bourelly\/","title":{"rendered":"05\/10: ADAM PIERO\u0143CZYK feat. MAJID BEKKAS; JEAN-PAUL BOURELLY"},"content":{"rendered":"\n<p>ADAM PIERO\u0143CZYK feat. MAJID BEKKAS; JEAN-PAUL BOURELLY w warszawskim klubie Jassmine!<\/p>\n\n\n\n<p><br>Trzy kontynenty, trzy r\u00f3\u017cne g\u0142osy reprezentuj\u0105ce odmienne kultury i tradycje muzyczne.<br>Polska \/ Europa, USA \/ Ameryka P\u00f3\u0142nocna i Maroko \/ Afryka \u2013 oto nowy, premierowy projekt Adama Piero\u0144czyka, czo\u0142owego polskiego saksofonisty jazzowego, w kt\u00f3rym spotkaj\u0105 si\u0119: maroka\u0144czyk Majid Bekkas, mistrz afryka\u0144skiej muzyki Gnaoua, multiinstrumentalista, wokalista oraz Jean-Paul Bourelly, fenomenalny i niezwykle oryginalny, ameryka\u0144ski gitarzysta i wokalista o haita\u0144skich korzeniach.<br><\/p>\n\n\n\n<p>Tradycyjne, etniczne brzmienia w po\u0142\u0105czeniu z improwizacjami jazzowymi.<br>Trzech wirtuoz\u00f3w na jednej scenie.<\/p>\n\n\n\n<p>Adam Piero\u0144czyk (PL) &#8211; saksofon sopranowy i tenorowy<br>Majid Bekkas (Maroko) &#8211; wokal, kalimba, guembri, instrumenty perkusyjne<br>Jean-Paul Bourelly (USA) &#8211; wokal, gitara<\/p>\n\n\n\n<p><br>DRZWI OTWIERAMY \u2013 19:00<\/p>\n\n\n\n<p>KONCERT \u2013 20:30<\/p>\n\n\n\n<p>DO ZOBACZENIA W JASSMINE!<\/p>\n\n\n\n<p>Jassmine, Wilcza 73, Warszawa<\/p>\n\n\n\n<p><a href=\"https:\/\/l.facebook.com\/l.php?u=https%3A%2F%2Fwww.instagram.com%2Fjassminewarsaw%2F%3Ffbclid%3DIwAR3Q_RO0wHxRSJSjmaY065EDMgpKmOepOUodpwHaNq97c5ZithEDJ9e2kIQ&amp;h=AT2CKTtBCXRHvyancwHe0hBqVNUR5VQ7VUUu1cC1zBp8-7oDY2WmHf4uVAFHB2980e7LNlgohRYVHWDfqPFvZoDoLTSq8UR_q37pU3TilEc9ty58xByutCQbdbnqVGepJ-6cWMBHTg&amp;__tn__=q&amp;c[0]=AT0lhuDjIKFHMc7luZawPHgbsbepdpW5TV227_tgZS-oLfHxhz8K-A8f6Xz__FtTYkbvrPGtcOSzFs9__qbBn8lilOPRCs40qxzbwE-UhSF4aCKhRyErzGQqfhm141IBuaObjuIfsb54gOwKIJhJYXBeA6izy3lZ0topPf8L98rkg7uI\" rel=\"noreferrer noopener\" target=\"_blank\">https:\/\/www.instagram.com\/jassminewarsaw\/<\/a><\/p>\n\n\n\n<p><a href=\"https:\/\/www.youtube.com\/c\/WeAreJassmine?fbclid=IwAR3C3FunD2lymbunS6prD66BP0PqA52w4lvaatWM5C2ce3ZsCYmT7zBGbXI\" rel=\"noreferrer noopener\" target=\"_blank\">https:\/\/www.youtube.com\/c\/WeAreJassmine<\/a><\/p>\n","protected":false},"template":"","meta":{"_acf_changed":false,"inline_featured_image":false},"class_list":["post-667","concert","type-concert","status-publish","hentry"],"acf":[],"yoast_head":"<!-- This site is optimized with the Yoast SEO plugin v26.4 - https:\/\/yoast.com\/wordpress\/plugins\/seo\/ -->\n<title>05\/10: ADAM PIERO\u0143CZYK feat. MAJID BEKKAS; JEAN-PAUL BOURELLY - jassmine<\/title>\n<meta name=\"robots\" content=\"index, follow, max-snippet:-1, max-image-preview:large, max-video-preview:-1\" \/>\n<link rel=\"canonical\" href=\"https:\/\/jassmine.com\/en\/concert\/05-10-adam-pieronczyk-feat-majid-bekkas-jean-paul-bourelly\/\" \/>\n<meta property=\"og:locale\" content=\"en_US\" \/>\n<meta property=\"og:type\" content=\"article\" \/>\n<meta property=\"og:title\" content=\"05\/10: ADAM PIERO\u0143CZYK feat. MAJID BEKKAS; JEAN-PAUL BOURELLY - jassmine\" \/>\n<meta property=\"og:description\" content=\"ADAM PIERO\u0143CZYK feat. MAJID BEKKAS; JEAN-PAUL BOURELLY w warszawskim klubie Jassmine! Trzy kontynenty, trzy r\u00f3\u017cne g\u0142osy reprezentuj\u0105ce odmienne kultury i tradycje muzyczne.Polska \/ Europa, USA \/ Ameryka P\u00f3\u0142nocna i Maroko \/ Afryka \u2013 oto nowy, premierowy projekt Adama Piero\u0144czyka, czo\u0142owego polskiego saksofonisty jazzowego, w kt\u00f3rym spotkaj\u0105 si\u0119: maroka\u0144czyk Majid Bekkas, mistrz afryka\u0144skiej muzyki Gnaoua, multiinstrumentalista, [&hellip;]\" \/>\n<meta property=\"og:url\" content=\"https:\/\/jassmine.com\/en\/concert\/05-10-adam-pieronczyk-feat-majid-bekkas-jean-paul-bourelly\/\" \/>\n<meta property=\"og:site_name\" content=\"jassmine\" \/>\n<meta name=\"twitter:card\" content=\"summary_large_image\" \/>\n<meta name=\"twitter:label1\" content=\"Est. reading time\" \/>\n\t<meta name=\"twitter:data1\" content=\"1 minute\" \/>\n<script type=\"application\/ld+json\" class=\"yoast-schema-graph\">{\"@context\":\"https:\/\/schema.org\",\"@graph\":[{\"@type\":\"WebPage\",\"@id\":\"https:\/\/jassmine.com\/en\/concert\/05-10-adam-pieronczyk-feat-majid-bekkas-jean-paul-bourelly\/\",\"url\":\"https:\/\/jassmine.com\/en\/concert\/05-10-adam-pieronczyk-feat-majid-bekkas-jean-paul-bourelly\/\",\"name\":\"05\/10: ADAM PIERO\u0143CZYK feat. MAJID BEKKAS; JEAN-PAUL BOURELLY - jassmine\",\"isPartOf\":{\"@id\":\"https:\/\/jassmine.com\/en\/#website\"},\"datePublished\":\"2021-09-14T11:19:00+00:00\",\"breadcrumb\":{\"@id\":\"https:\/\/jassmine.com\/en\/concert\/05-10-adam-pieronczyk-feat-majid-bekkas-jean-paul-bourelly\/#breadcrumb\"},\"inLanguage\":\"en-US\",\"potentialAction\":[{\"@type\":\"ReadAction\",\"target\":[\"https:\/\/jassmine.com\/en\/concert\/05-10-adam-pieronczyk-feat-majid-bekkas-jean-paul-bourelly\/\"]}]},{\"@type\":\"BreadcrumbList\",\"@id\":\"https:\/\/jassmine.com\/en\/concert\/05-10-adam-pieronczyk-feat-majid-bekkas-jean-paul-bourelly\/#breadcrumb\",\"itemListElement\":[{\"@type\":\"ListItem\",\"position\":1,\"name\":\"Home\",\"item\":\"https:\/\/jassmine.com\/en\/\"},{\"@type\":\"ListItem\",\"position\":2,\"name\":\"05\/10: ADAM PIERO\u0143CZYK feat. MAJID BEKKAS; JEAN-PAUL BOURELLY\"}]},{\"@type\":\"WebSite\",\"@id\":\"https:\/\/jassmine.com\/en\/#website\",\"url\":\"https:\/\/jassmine.com\/en\/\",\"name\":\"jassmine\",\"description\":\"\",\"potentialAction\":[{\"@type\":\"SearchAction\",\"target\":{\"@type\":\"EntryPoint\",\"urlTemplate\":\"https:\/\/jassmine.com\/en\/?s={search_term_string}\"},\"query-input\":{\"@type\":\"PropertyValueSpecification\",\"valueRequired\":true,\"valueName\":\"search_term_string\"}}],\"inLanguage\":\"en-US\"}]}<\/script>\n<!-- \/ Yoast SEO plugin. -->","yoast_head_json":{"title":"05\/10: ADAM PIERO\u0143CZYK feat. MAJID BEKKAS; JEAN-PAUL BOURELLY - jassmine","robots":{"index":"index","follow":"follow","max-snippet":"max-snippet:-1","max-image-preview":"max-image-preview:large","max-video-preview":"max-video-preview:-1"},"canonical":"https:\/\/jassmine.com\/en\/concert\/05-10-adam-pieronczyk-feat-majid-bekkas-jean-paul-bourelly\/","og_locale":"en_US","og_type":"article","og_title":"05\/10: ADAM PIERO\u0143CZYK feat. MAJID BEKKAS; JEAN-PAUL BOURELLY - jassmine","og_description":"ADAM PIERO\u0143CZYK feat. MAJID BEKKAS; JEAN-PAUL BOURELLY w warszawskim klubie Jassmine! Trzy kontynenty, trzy r\u00f3\u017cne g\u0142osy reprezentuj\u0105ce odmienne kultury i tradycje muzyczne.Polska \/ Europa, USA \/ Ameryka P\u00f3\u0142nocna i Maroko \/ Afryka \u2013 oto nowy, premierowy projekt Adama Piero\u0144czyka, czo\u0142owego polskiego saksofonisty jazzowego, w kt\u00f3rym spotkaj\u0105 si\u0119: maroka\u0144czyk Majid Bekkas, mistrz afryka\u0144skiej muzyki Gnaoua, multiinstrumentalista, [&hellip;]","og_url":"https:\/\/jassmine.com\/en\/concert\/05-10-adam-pieronczyk-feat-majid-bekkas-jean-paul-bourelly\/","og_site_name":"jassmine","twitter_card":"summary_large_image","twitter_misc":{"Est. reading time":"1 minute"},"schema":{"@context":"https:\/\/schema.org","@graph":[{"@type":"WebPage","@id":"https:\/\/jassmine.com\/en\/concert\/05-10-adam-pieronczyk-feat-majid-bekkas-jean-paul-bourelly\/","url":"https:\/\/jassmine.com\/en\/concert\/05-10-adam-pieronczyk-feat-majid-bekkas-jean-paul-bourelly\/","name":"05\/10: ADAM PIERO\u0143CZYK feat. MAJID BEKKAS; JEAN-PAUL BOURELLY - jassmine","isPartOf":{"@id":"https:\/\/jassmine.com\/en\/#website"},"datePublished":"2021-09-14T11:19:00+00:00","breadcrumb":{"@id":"https:\/\/jassmine.com\/en\/concert\/05-10-adam-pieronczyk-feat-majid-bekkas-jean-paul-bourelly\/#breadcrumb"},"inLanguage":"en-US","potentialAction":[{"@type":"ReadAction","target":["https:\/\/jassmine.com\/en\/concert\/05-10-adam-pieronczyk-feat-majid-bekkas-jean-paul-bourelly\/"]}]},{"@type":"BreadcrumbList","@id":"https:\/\/jassmine.com\/en\/concert\/05-10-adam-pieronczyk-feat-majid-bekkas-jean-paul-bourelly\/#breadcrumb","itemListElement":[{"@type":"ListItem","position":1,"name":"Home","item":"https:\/\/jassmine.com\/en\/"},{"@type":"ListItem","position":2,"name":"05\/10: ADAM PIERO\u0143CZYK feat. MAJID BEKKAS; JEAN-PAUL BOURELLY"}]},{"@type":"WebSite","@id":"https:\/\/jassmine.com\/en\/#website","url":"https:\/\/jassmine.com\/en\/","name":"jassmine","description":"","potentialAction":[{"@type":"SearchAction","target":{"@type":"EntryPoint","urlTemplate":"https:\/\/jassmine.com\/en\/?s={search_term_string}"},"query-input":{"@type":"PropertyValueSpecification","valueRequired":true,"valueName":"search_term_string"}}],"inLanguage":"en-US"}]}},"_links":{"self":[{"href":"https:\/\/jassmine.com\/en\/wp-json\/wp\/v2\/concert\/667","targetHints":{"allow":["GET"]}}],"collection":[{"href":"https:\/\/jassmine.com\/en\/wp-json\/wp\/v2\/concert"}],"about":[{"href":"https:\/\/jassmine.com\/en\/wp-json\/wp\/v2\/types\/concert"}],"wp:attachment":[{"href":"https:\/\/jassmine.com\/en\/wp-json\/wp\/v2\/media?parent=667"}],"curies":[{"name":"wp","href":"https:\/\/api.w.org\/{rel}","templated":true}]}}

05/10: ADAM PIEROŃCZYK feat. MAJID BEKKAS; JEAN-PAUL BOURELLY

<p>ADAM PIEROŃCZYK feat. MAJID BEKKAS; JEAN-PAUL BOURELLY w warszawskim klubie Jassmine!</p>



<p><br>Trzy kontynenty, trzy różne głosy reprezentujące odmienne kultury i tradycje muzyczne.<br>Polska / Europa, USA / Ameryka Północna i Maroko / Afryka – oto nowy, premierowy projekt Adama Pierończyka, czołowego polskiego saksofonisty jazzowego, w którym spotkają się: marokańczyk Majid Bekkas, mistrz afrykańskiej muzyki Gnaoua, multiinstrumentalista, wokalista oraz Jean-Paul Bourelly, fenomenalny i niezwykle oryginalny, amerykański gitarzysta i wokalista o haitańskich korzeniach.<br></p>



<p>Tradycyjne, etniczne brzmienia w połączeniu z improwizacjami jazzowymi.<br>Trzech wirtuozów na jednej scenie.</p>



<p>Adam Pierończyk (PL) &#8211; saksofon sopranowy i tenorowy<br>Majid Bekkas (Maroko) &#8211; wokal, kalimba, guembri, instrumenty perkusyjne<br>Jean-Paul Bourelly (USA) &#8211; wokal, gitara</p>



<p><br>DRZWI OTWIERAMY – 19:00</p>



<p>KONCERT – 20:30</p>



<p>DO ZOBACZENIA W JASSMINE!</p>



<p>Jassmine, Wilcza 73, Warszawa</p>



<p><a href="https://l.facebook.com/l.php?u=https%3A%2F%2Fwww.instagram.com%2Fjassminewarsaw%2F%3Ffbclid%3DIwAR3Q_RO0wHxRSJSjmaY065EDMgpKmOepOUodpwHaNq97c5ZithEDJ9e2kIQ&amp;h=AT2CKTtBCXRHvyancwHe0hBqVNUR5VQ7VUUu1cC1zBp8-7oDY2WmHf4uVAFHB2980e7LNlgohRYVHWDfqPFvZoDoLTSq8UR_q37pU3TilEc9ty58xByutCQbdbnqVGepJ-6cWMBHTg&amp;__tn__=q&amp;c[0]=AT0lhuDjIKFHMc7luZawPHgbsbepdpW5TV227_tgZS-oLfHxhz8K-A8f6Xz__FtTYkbvrPGtcOSzFs9__qbBn8lilOPRCs40qxzbwE-UhSF4aCKhRyErzGQqfhm141IBuaObjuIfsb54gOwKIJhJYXBeA6izy3lZ0topPf8L98rkg7uI" rel="noreferrer noopener" target="_blank">https://www.instagram.com/jassminewarsaw/</a></p>



<p><a href="https://www.youtube.com/c/WeAreJassmine?fbclid=IwAR3C3FunD2lymbunS6prD66BP0PqA52w4lvaatWM5C2ce3ZsCYmT7zBGbXI" rel="noreferrer noopener" target="_blank">https://www.youtube.com/c/WeAreJassmine</a></p>

<!-- This site is optimized with the Yoast SEO plugin v26.4 - https://yoast.com/wordpress/plugins/seo/ -->
<title>05/10: ADAM PIEROŃCZYK feat. MAJID BEKKAS; JEAN-PAUL BOURELLY - jassmine</title>
<meta name="robots" content="index, follow, max-snippet:-1, max-image-preview:large, max-video-preview:-1" />
<link rel="canonical" href="https://jassmine.com/en/concert/05-10-adam-pieronczyk-feat-majid-bekkas-jean-paul-bourelly/" />
<meta property="og:locale" content="en_US" />
<meta property="og:type" content="article" />
<meta property="og:title" content="05/10: ADAM PIEROŃCZYK feat. MAJID BEKKAS; JEAN-PAUL BOURELLY - jassmine" />
<meta property="og:description" content="ADAM PIEROŃCZYK feat. MAJID BEKKAS; JEAN-PAUL BOURELLY w warszawskim klubie Jassmine! Trzy kontynenty, trzy różne głosy reprezentujące odmienne kultury i tradycje muzyczne.Polska / Europa, USA / Ameryka Północna i Maroko / Afryka – oto nowy, premierowy projekt Adama Pierończyka, czołowego polskiego saksofonisty jazzowego, w którym spotkają się: marokańczyk Majid Bekkas, mistrz afrykańskiej muzyki Gnaoua, multiinstrumentalista, [&hellip;]" />
<meta property="og:url" content="https://jassmine.com/en/concert/05-10-adam-pieronczyk-feat-majid-bekkas-jean-paul-bourelly/" />
<meta property="og:site_name" content="jassmine" />
<meta name="twitter:card" content="summary_large_image" />
<meta name="twitter:label1" content="Est. reading time" />
	<meta name="twitter:data1" content="1 minute" />
<script type="application/ld+json" class="yoast-schema-graph">{"@context":"https://schema.org","@graph":[{"@type":"WebPage","@id":"https://jassmine.com/en/concert/05-10-adam-pieronczyk-feat-majid-bekkas-jean-paul-bourelly/","url":"https://jassmine.com/en/concert/05-10-adam-pieronczyk-feat-majid-bekkas-jean-paul-bourelly/","name":"05/10: ADAM PIEROŃCZYK feat. MAJID BEKKAS; JEAN-PAUL BOURELLY - jassmine","isPartOf":{"@id":"https://jassmine.com/en/#website"},"datePublished":"2021-09-14T11:19:00+00:00","breadcrumb":{"@id":"https://jassmine.com/en/concert/05-10-adam-pieronczyk-feat-majid-bekkas-jean-paul-bourelly/#breadcrumb"},"inLanguage":"en-US","potentialAction":[{"@type":"ReadAction","target":["https://jassmine.com/en/concert/05-10-adam-pieronczyk-feat-majid-bekkas-jean-paul-bourelly/"]}]},{"@type":"BreadcrumbList","@id":"https://jassmine.com/en/concert/05-10-adam-pieronczyk-feat-majid-bekkas-jean-paul-bourelly/#breadcrumb","itemListElement":[{"@type":"ListItem","position":1,"name":"Home","item":"https://jassmine.com/en/"},{"@type":"ListItem","position":2,"name":"05/10: ADAM PIEROŃCZYK feat. MAJID BEKKAS; JEAN-PAUL BOURELLY"}]},{"@type":"WebSite","@id":"https://jassmine.com/en/#website","url":"https://jassmine.com/en/","name":"jassmine","description":"","potentialAction":[{"@type":"SearchAction","target":{"@type":"EntryPoint","urlTemplate":"https://jassmine.com/en/?s={search_term_string}"},"query-input":{"@type":"PropertyValueSpecification","valueRequired":true,"valueName":"search_term_string"}}],"inLanguage":"en-US"}]}</script>
<!-- / Yoast SEO plugin. -->

05/10: ADAM PIEROŃCZYK feat. MAJID BEKKAS; JEAN-PAUL BOURELLY - jassmine

ADAM PIEROŃCZYK feat. MAJID BEKKAS; JEAN-PAUL BOURELLY w warszawskim klubie Jassmine! Trzy kontynenty, trzy różne głosy reprezentujące odmienne kultury i tradycje muzyczne.Polska / Europa, USA / Ameryka Północna i Maroko / Afryka – oto nowy, premierowy projekt Adama Pierończyka, czołowego polskiego saksofonisty jazzowego, w którym spotkają się: marokańczyk Majid Bekkas, mistrz afrykańskiej muzyki Gnaoua, multiinstrumentalista, [&hellip;]
