{"id":8023,"date":"2025-06-19T10:28:35","date_gmt":"2025-06-19T10:28:35","guid":{"rendered":"https:\/\/jassmine.com\/?post_type=concert&#038;p=8023"},"modified":"2025-08-19T08:14:02","modified_gmt":"2025-08-19T08:14:02","slug":"aga-zaryan-summertime","status":"publish","type":"concert","link":"https:\/\/jassmine.com\/en\/concert\/aga-zaryan-summertime\/","title":{"rendered":"AGA ZARYAN \u2013 Summertime"},"content":{"rendered":"\n<div id=\"heading-text-block_6853e6536da35\" class=\"heading-text\">\n\n  <div>\n        <h2 class=\"heading-text__heading font-serif fs-24 lh-1-28 fs-dt-40 lh-1-2\">Tw\u00f3rczo\u015b\u0107 Agi Zaryan to kwintesencja tego, co najlepsze w historii jazzu, to kontynuacja tradycji legendarnych dokona\u0144 wokalistek jazzowych. \u015awiatowe uznanie Artystka zawdzi\u0119cza wyj\u0105tkowemu stylowi z charakterystyczn\u0105 lekko\u015bci\u0105 frazowania i ciep\u0142ym matowym tonem g\u0142osu.<\/h2>\n      <\/div>\n\n  <div>\n        <div class=\"heading-text__content fs-20 ls-0-4 lh-1-4\">\n      <p><span style=\"font-weight: 400;\">Jako pierwsza polska Artystka wydawa\u0142a p\u0142yty pod szyldem legendarnej wytw\u00f3rni Blue Note Records z Nowego Jorku. Tym samym artystka do\u0142\u0105czy\u0142a do takich nazwisk jak: Norah Jones, Nina Simone, Miles Davis czy Bobby McFerrin. Aga Zaryan jest laureatk\u0105 najwa\u017cniejszych nagr\u00f3d w \u015bwiecie muzycznym, uznana za jedn\u0105 z najlepszych wokalistek jazzowych w Polsce (kilkunastokrotna zwyci\u0119\u017cczyni ankiety Jazz Top \u2013 w kategorii wokalistka jazzowa roku magazynu Jazz Forum).<\/span><\/p>\n<p><span style=\"font-weight: 400;\">W 2022 roku artystka wyda\u0142a sw\u00f3j jedenasty album zatytu\u0142owany \u201eSARA\u201d kt\u00f3ry sk\u0142oni\u0142 krytyk\u00f3w do przyznania Adze tytu\u0142u najlepszej polskiej wokalistki jazzowej roku \u2013 JAZZ TOP 2022. Artystka z albumem \u201eSARA\u201d dosta\u0142a r\u00f3wnie\u017c nominacj\u0119 do Fryderyk\u00f3w w 2023.<\/span><\/p>\n    <\/div>\n      <\/div>\n\n<\/div>\n\n\n\n<div id=\"asset-block_6853e6536eca7\" class=\"asset-block\">\n\n  \n<figure\n  class=\"asset asset-block__asset\"\n  data-asset\n    >\n\n  \n<\/figure>\n\n<\/div>\n\n\n\n<section id=\"band-block_6853e65370169\" class=\"band font-sans-title fs-20 lh-1-4 ls-0-4 fs-dt-32 lh-dt-1-04 ls-dt-0\">\n\n  <div class=\"band__column band__column--title\">\n      <p class=\"band__title\">Zesp\u00f3\u0142 &#8211; tba<\/p>\n    <\/div>\n\n  <div class=\"band__column band__column--band\">\n    <\/div>\n\n<\/section>\n\n\n\n<figure class=\"wp-block-embed is-type-video is-provider-youtube wp-block-embed-youtube wp-embed-aspect-16-9 wp-has-aspect-ratio\"><div class=\"wp-block-embed__wrapper\">\n<iframe loading=\"lazy\" title=\"Aga Zaryan - Central Park at Dusk [Official Music Video]\" width=\"500\" height=\"281\" src=\"https:\/\/www.youtube.com\/embed\/vcnawaqogaE?feature=oembed\" frameborder=\"0\" allow=\"accelerometer; autoplay; clipboard-write; encrypted-media; gyroscope; picture-in-picture; web-share\" referrerpolicy=\"strict-origin-when-cross-origin\" allowfullscreen><\/iframe>\n<\/div><\/figure>\n\n\n\n<section id=\"apple-embed-block_6853e653707ea\" class=\"apple-embed\">\n  <iframe allow=\"autoplay *; encrypted-media *;\" frameborder=\"0\" height=\"450\" style=\"width:100%;max-width:660px;overflow:hidden;background:transparent;\" sandbox=\"allow-forms allow-popups allow-same-origin allow-scripts allow-storage-access-by-user-activation allow-top-navigation-by-user-activation\" src=\"https:\/\/embed.music.apple.com\/pl\/album\/sara\/1649733349?l=pl\"><\/iframe><\/section>\n\n\n\n<section id=\"concert-info-block_6853e653716aa\" class=\"concert-info\">\n\n  <div class=\"concert-info__column concert-info__column--info fs-20 lh-1-4 ls-0-4 fs-dt-32 lh-dt-1-04 ls-dt-0\">\n      <p class=\"concert-info__info\">Drzwi 19:00<br \/>\r\nKoncert 20:30<\/p>\n    <\/div>\n\n  <div class=\"concert-info__column concert-info__column--additional fs-20 lh-1-4 ls-0-4\">\n      <p class=\"concert-info__additional\">Nie prowadzimy rezerwacji stolik\u00f3w.<br \/>\r\nZach\u0119camy do wcze\u015bniejszego przybycia i zaj\u0119cia miejsc.<\/p>\n    <\/div>\n\n<\/section>\n","protected":false},"template":"","meta":{"_acf_changed":true,"inline_featured_image":false},"class_list":["post-8023","concert","type-concert","status-publish","hentry"],"acf":[],"yoast_head":"<!-- This site is optimized with the Yoast SEO plugin v26.4 - https:\/\/yoast.com\/wordpress\/plugins\/seo\/ -->\n<title>AGA ZARYAN \u2013 Summertime - jassmine<\/title>\n<meta name=\"robots\" content=\"index, follow, max-snippet:-1, max-image-preview:large, max-video-preview:-1\" \/>\n<link rel=\"canonical\" href=\"https:\/\/jassmine.com\/en\/concert\/aga-zaryan-summertime\/\" \/>\n<meta property=\"og:locale\" content=\"en_US\" \/>\n<meta property=\"og:type\" content=\"article\" \/>\n<meta property=\"og:title\" content=\"AGA ZARYAN \u2013 Summertime - jassmine\" \/>\n<meta property=\"og:url\" content=\"https:\/\/jassmine.com\/en\/concert\/aga-zaryan-summertime\/\" \/>\n<meta property=\"og:site_name\" content=\"jassmine\" \/>\n<meta property=\"article:modified_time\" content=\"2025-08-19T08:14:02+00:00\" \/>\n<meta name=\"twitter:card\" content=\"summary_large_image\" \/>\n<meta name=\"twitter:label1\" content=\"Est. reading time\" \/>\n\t<meta name=\"twitter:data1\" content=\"1 minute\" \/>\n<script type=\"application\/ld+json\" class=\"yoast-schema-graph\">{\"@context\":\"https:\/\/schema.org\",\"@graph\":[{\"@type\":\"WebPage\",\"@id\":\"https:\/\/jassmine.com\/en\/concert\/aga-zaryan-summertime\/\",\"url\":\"https:\/\/jassmine.com\/en\/concert\/aga-zaryan-summertime\/\",\"name\":\"AGA ZARYAN \u2013 Summertime - jassmine\",\"isPartOf\":{\"@id\":\"https:\/\/jassmine.com\/en\/#website\"},\"datePublished\":\"2025-06-19T10:28:35+00:00\",\"dateModified\":\"2025-08-19T08:14:02+00:00\",\"breadcrumb\":{\"@id\":\"https:\/\/jassmine.com\/en\/concert\/aga-zaryan-summertime\/#breadcrumb\"},\"inLanguage\":\"en-US\",\"potentialAction\":[{\"@type\":\"ReadAction\",\"target\":[\"https:\/\/jassmine.com\/en\/concert\/aga-zaryan-summertime\/\"]}]},{\"@type\":\"BreadcrumbList\",\"@id\":\"https:\/\/jassmine.com\/en\/concert\/aga-zaryan-summertime\/#breadcrumb\",\"itemListElement\":[{\"@type\":\"ListItem\",\"position\":1,\"name\":\"Home\",\"item\":\"https:\/\/jassmine.com\/en\/\"},{\"@type\":\"ListItem\",\"position\":2,\"name\":\"AGA ZARYAN \u2013 Summertime\"}]},{\"@type\":\"WebSite\",\"@id\":\"https:\/\/jassmine.com\/en\/#website\",\"url\":\"https:\/\/jassmine.com\/en\/\",\"name\":\"jassmine\",\"description\":\"\",\"potentialAction\":[{\"@type\":\"SearchAction\",\"target\":{\"@type\":\"EntryPoint\",\"urlTemplate\":\"https:\/\/jassmine.com\/en\/?s={search_term_string}\"},\"query-input\":{\"@type\":\"PropertyValueSpecification\",\"valueRequired\":true,\"valueName\":\"search_term_string\"}}],\"inLanguage\":\"en-US\"}]}<\/script>\n<!-- \/ Yoast SEO plugin. -->","yoast_head_json":{"title":"AGA ZARYAN \u2013 Summertime - jassmine","robots":{"index":"index","follow":"follow","max-snippet":"max-snippet:-1","max-image-preview":"max-image-preview:large","max-video-preview":"max-video-preview:-1"},"canonical":"https:\/\/jassmine.com\/en\/concert\/aga-zaryan-summertime\/","og_locale":"en_US","og_type":"article","og_title":"AGA ZARYAN \u2013 Summertime - jassmine","og_url":"https:\/\/jassmine.com\/en\/concert\/aga-zaryan-summertime\/","og_site_name":"jassmine","article_modified_time":"2025-08-19T08:14:02+00:00","twitter_card":"summary_large_image","twitter_misc":{"Est. reading time":"1 minute"},"schema":{"@context":"https:\/\/schema.org","@graph":[{"@type":"WebPage","@id":"https:\/\/jassmine.com\/en\/concert\/aga-zaryan-summertime\/","url":"https:\/\/jassmine.com\/en\/concert\/aga-zaryan-summertime\/","name":"AGA ZARYAN \u2013 Summertime - jassmine","isPartOf":{"@id":"https:\/\/jassmine.com\/en\/#website"},"datePublished":"2025-06-19T10:28:35+00:00","dateModified":"2025-08-19T08:14:02+00:00","breadcrumb":{"@id":"https:\/\/jassmine.com\/en\/concert\/aga-zaryan-summertime\/#breadcrumb"},"inLanguage":"en-US","potentialAction":[{"@type":"ReadAction","target":["https:\/\/jassmine.com\/en\/concert\/aga-zaryan-summertime\/"]}]},{"@type":"BreadcrumbList","@id":"https:\/\/jassmine.com\/en\/concert\/aga-zaryan-summertime\/#breadcrumb","itemListElement":[{"@type":"ListItem","position":1,"name":"Home","item":"https:\/\/jassmine.com\/en\/"},{"@type":"ListItem","position":2,"name":"AGA ZARYAN \u2013 Summertime"}]},{"@type":"WebSite","@id":"https:\/\/jassmine.com\/en\/#website","url":"https:\/\/jassmine.com\/en\/","name":"jassmine","description":"","potentialAction":[{"@type":"SearchAction","target":{"@type":"EntryPoint","urlTemplate":"https:\/\/jassmine.com\/en\/?s={search_term_string}"},"query-input":{"@type":"PropertyValueSpecification","valueRequired":true,"valueName":"search_term_string"}}],"inLanguage":"en-US"}]}},"_links":{"self":[{"href":"https:\/\/jassmine.com\/en\/wp-json\/wp\/v2\/concert\/8023","targetHints":{"allow":["GET"]}}],"collection":[{"href":"https:\/\/jassmine.com\/en\/wp-json\/wp\/v2\/concert"}],"about":[{"href":"https:\/\/jassmine.com\/en\/wp-json\/wp\/v2\/types\/concert"}],"wp:attachment":[{"href":"https:\/\/jassmine.com\/en\/wp-json\/wp\/v2\/media?parent=8023"}],"curies":[{"name":"wp","href":"https:\/\/api.w.org\/{rel}","templated":true}]}}

<div id="heading-text-block_6853e6536da35" class="heading-text">

  <div>
        <h2 class="heading-text__heading font-serif fs-24 lh-1-28 fs-dt-40 lh-1-2">Twórczość Agi Zaryan to kwintesencja tego, co najlepsze w historii jazzu, to kontynuacja tradycji legendarnych dokonań wokalistek jazzowych. Światowe uznanie Artystka zawdzięcza wyjątkowemu stylowi z charakterystyczną lekkością frazowania i ciepłym matowym tonem głosu.</h2>
      </div>

  <div>
        <div class="heading-text__content fs-20 ls-0-4 lh-1-4">
      <p><span style="font-weight: 400;">Jako pierwsza polska Artystka wydawała płyty pod szyldem legendarnej wytwórni Blue Note Records z Nowego Jorku. Tym samym artystka dołączyła do takich nazwisk jak: Norah Jones, Nina Simone, Miles Davis czy Bobby McFerrin. Aga Zaryan jest laureatką najważniejszych nagród w świecie muzycznym, uznana za jedną z najlepszych wokalistek jazzowych w Polsce (kilkunastokrotna zwyciężczyni ankiety Jazz Top – w kategorii wokalistka jazzowa roku magazynu Jazz Forum).</span></p>
<p><span style="font-weight: 400;">W 2022 roku artystka wydała swój jedenasty album zatytułowany „SARA” który skłonił krytyków do przyznania Adze tytułu najlepszej polskiej wokalistki jazzowej roku – JAZZ TOP 2022. Artystka z albumem „SARA” dostała również nominację do Fryderyków w 2023.</span></p>
    </div>
      </div>

</div>



<div id="asset-block_6853e6536eca7" class="asset-block">

  
<figure
  class="asset asset-block__asset"
  data-asset
    >

  
</figure>

</div>



<section id="band-block_6853e65370169" class="band font-sans-title fs-20 lh-1-4 ls-0-4 fs-dt-32 lh-dt-1-04 ls-dt-0">

  <div class="band__column band__column--title">
      <p class="band__title">Zespół &#8211; tba</p>
    </div>

  <div class="band__column band__column--band">
    </div>

</section>



<figure class="wp-block-embed is-type-video is-provider-youtube wp-block-embed-youtube wp-embed-aspect-16-9 wp-has-aspect-ratio"><div class="wp-block-embed__wrapper">
<iframe loading="lazy" title="Aga Zaryan - Central Park at Dusk [Official Music Video]" width="500" height="281" src="https://www.youtube.com/embed/vcnawaqogaE?feature=oembed" frameborder="0" allow="accelerometer; autoplay; clipboard-write; encrypted-media; gyroscope; picture-in-picture; web-share" referrerpolicy="strict-origin-when-cross-origin" allowfullscreen></iframe>
</div></figure>



<section id="apple-embed-block_6853e653707ea" class="apple-embed">
  <iframe allow="autoplay *; encrypted-media *;" frameborder="0" height="450" style="width:100%;max-width:660px;overflow:hidden;background:transparent;" sandbox="allow-forms allow-popups allow-same-origin allow-scripts allow-storage-access-by-user-activation allow-top-navigation-by-user-activation" src="https://embed.music.apple.com/pl/album/sara/1649733349?l=pl"></iframe></section>



<section id="concert-info-block_6853e653716aa" class="concert-info">

  <div class="concert-info__column concert-info__column--info fs-20 lh-1-4 ls-0-4 fs-dt-32 lh-dt-1-04 ls-dt-0">
      <p class="concert-info__info">Drzwi 19:00<br />
Koncert 20:30</p>
    </div>

  <div class="concert-info__column concert-info__column--additional fs-20 lh-1-4 ls-0-4">
      <p class="concert-info__additional">Nie prowadzimy rezerwacji stolików.<br />
Zachęcamy do wcześniejszego przybycia i zajęcia miejsc.</p>
    </div>

</section>
