{"id":8422,"date":"2025-06-05T16:52:03","date_gmt":"2025-06-05T16:52:03","guid":{"rendered":"https:\/\/jassmine.com\/concert\/bastarda-njoao-de-sousa-fado\/"},"modified":"2025-08-19T23:03:12","modified_gmt":"2025-08-19T23:03:12","slug":"bastarda-njoao-de-sousa-fado","status":"publish","type":"concert","link":"https:\/\/jassmine.com\/en\/concert\/bastarda-njoao-de-sousa-fado\/","title":{"rendered":"Bastarda &#038;nJoao de Sousa \u201eFado\u201d"},"content":{"rendered":"\n<div id=\"heading-text-block_68976c6642d2e\" class=\"heading-text\">\n\n  <div>\n        <h2 class=\"heading-text__heading font-serif fs-24 lh-1-28 fs-dt-40 lh-1-2\">Trio Bastarda wsp\u00f3lnie z Jo\u00e3o de Sousa odnosz\u0105c si\u0119 do tradycyjnych utwor\u00f3w Fado stworzyli now\u0105, oryginaln\u0105 opowie\u015b\u0107 muzyczn\u0105. Wsp\u00f3\u0142czesne, autorskie aran\u017cacje i opracowania tych niezwyk\u0142ych, melancholijnych pie\u015bni da\u0142y artystom mo\u017cliwo\u015b\u0107 swobodnej wypowiedzi, kreacji muzycznej oraz pozwoli\u0142y na szczery, pe\u0142en emocji przekaz. Owocem tego spotkania jest p\u0142yta &#8220;Fado&#8221;.<\/h2>\n      <\/div>\n\n  <div>\n        <div class=\"heading-text__content fs-20 ls-0-4 lh-1-4\">\n      <p><span style=\"font-weight: 400;\">Jo\u00e3o de Sousa \u2013 portugalski wokalista, gitarzysta i kompozytor mieszkaj\u0105cy w Polsce od 2006 roku. Tworzy muzyk\u0119 inspirowan\u0105 kultur\u0105 luzofo\u0144sk\u0105, ale czerpie te\u017c z jazzu, world music, elektroniki czy hip-hopu. Wsp\u00f3\u0142pracowa\u0142 m.in. z Andrzejem Smolikiem i Mikromusic. Ma na koncie trzy albumy: <\/span><i><span style=\"font-weight: 400;\">Fado Polaco<\/span><\/i><span style=\"font-weight: 400;\">, <\/span><i><span style=\"font-weight: 400;\">Luta<\/span><\/i><span style=\"font-weight: 400;\">, <\/span><i><span style=\"font-weight: 400;\">Ideal<\/span><\/i><span style=\"font-weight: 400;\">.<\/span><\/p>\n<p><span style=\"font-weight: 400;\">BASTARDA \u2013 trio (Pawe\u0142 Szamburski, Tomasz Pokrzywi\u0144ski, Micha\u0142 G\u00f3rczy\u0144ski) reinterpretuj\u0105ce muzyk\u0119 dawn\u0105 w oryginalny, wsp\u00f3\u0142czesny spos\u00f3b. Ich tw\u00f3rczo\u015b\u0107 \u0142\u0105czy improwizacj\u0119, minimalizm i duchowo\u015b\u0107 \u015bredniowiecznych melodii. Zwi\u0105zani z wytw\u00f3rni\u0105 Lado ABC i projektem badawczym HERA.<\/span><\/p>\n    <\/div>\n      <\/div>\n\n<\/div>\n\n<div id=\"asset-block_68976c6645dc6\" class=\"asset-block\">\n\n  \n<figure\n  class=\"asset asset-block__asset\"\n  data-asset\n    >\n\n  <img decoding=\"async\" width=\"2560\" height=\"1707\" src=\"https:\/\/jassmine.com\/wp-content\/uploads\/2025\/06\/DSCF2169-scaled.jpg\" class=\"asset__image dt-only\" alt=\"\" loading=\"lazy\" srcset=\"https:\/\/jassmine.com\/wp-content\/uploads\/2025\/06\/DSCF2169-scaled.jpg 2560w, https:\/\/jassmine.com\/wp-content\/uploads\/2025\/06\/DSCF2169-960x640.jpg 960w, https:\/\/jassmine.com\/wp-content\/uploads\/2025\/06\/DSCF2169-1280x853.jpg 1280w, https:\/\/jassmine.com\/wp-content\/uploads\/2025\/06\/DSCF2169-540x360.jpg 540w, https:\/\/jassmine.com\/wp-content\/uploads\/2025\/06\/DSCF2169-768x512.jpg 768w, https:\/\/jassmine.com\/wp-content\/uploads\/2025\/06\/DSCF2169-1536x1024.jpg 1536w, https:\/\/jassmine.com\/wp-content\/uploads\/2025\/06\/DSCF2169-2048x1365.jpg 2048w\" sizes=\"auto, (max-width: 2560px) 100vw, 2560px\" \/><img decoding=\"async\" width=\"2560\" height=\"1707\" src=\"https:\/\/jassmine.com\/wp-content\/uploads\/2025\/06\/DSCF2169-scaled.jpg\" class=\"asset__image asset__image--mob mob-only\" alt=\"\" loading=\"lazy\" srcset=\"https:\/\/jassmine.com\/wp-content\/uploads\/2025\/06\/DSCF2169-scaled.jpg 2560w, https:\/\/jassmine.com\/wp-content\/uploads\/2025\/06\/DSCF2169-960x640.jpg 960w, https:\/\/jassmine.com\/wp-content\/uploads\/2025\/06\/DSCF2169-1280x853.jpg 1280w, https:\/\/jassmine.com\/wp-content\/uploads\/2025\/06\/DSCF2169-540x360.jpg 540w, https:\/\/jassmine.com\/wp-content\/uploads\/2025\/06\/DSCF2169-768x512.jpg 768w, https:\/\/jassmine.com\/wp-content\/uploads\/2025\/06\/DSCF2169-1536x1024.jpg 1536w, https:\/\/jassmine.com\/wp-content\/uploads\/2025\/06\/DSCF2169-2048x1365.jpg 2048w\" sizes=\"auto, (max-width: 2560px) 100vw, 2560px\" \/>\n<\/figure>\n\n<\/div>\n\n<section id=\"band-block_68976c6645e2a\" class=\"band font-sans-title fs-20 lh-1-4 ls-0-4 fs-dt-32 lh-dt-1-04 ls-dt-0\">\n\n  <div class=\"band__column band__column--title\">\n      <p class=\"band__title\">The band<\/p>\n    <\/div>\n\n  <div class=\"band__column band__column--band\">\n  \n    <ul class=\"unstyled-list band__list\">\n      \n      <li class=\"band__item\">\n\n        <span class=\"band__name\">Pawe\u0142 Szamburski <\/span>\n                <span class=\"band__description fs-12 lh-1-12 fs-dt-20 lh-dt-1-4 ls-dt-0-4\">clarinet<\/span>\n        \n      <\/li>\n\n      \n      <li class=\"band__item\">\n\n        <span class=\"band__name\">Tomasz Pokrzywi\u0144ski <\/span>\n                <span class=\"band__description fs-12 lh-1-12 fs-dt-20 lh-dt-1-4 ls-dt-0-4\">cello<\/span>\n        \n      <\/li>\n\n      \n      <li class=\"band__item\">\n\n        <span class=\"band__name\">Micha\u0142 G\u00f3rczy\u0144ski <\/span>\n                <span class=\"band__description fs-12 lh-1-12 fs-dt-20 lh-dt-1-4 ls-dt-0-4\">contrabass clarinet<\/span>\n        \n      <\/li>\n\n      \n      <li class=\"band__item\">\n\n        <span class=\"band__name\">Joao de Sousa<\/span>\n                <span class=\"band__description fs-12 lh-1-12 fs-dt-20 lh-dt-1-4 ls-dt-0-4\">vocals and guitar<\/span>\n        \n      <\/li>\n\n      \n    <\/ul>\n\n    <\/div>\n\n<\/section>\n\n<figure class=\"wp-block-embed is-type-video is-provider-youtube wp-block-embed-youtube wp-embed-aspect-16-9 wp-has-aspect-ratio\"><div class=\"wp-block-embed__wrapper\">\r\n<iframe loading=\"lazy\" title=\"Bastarda &amp; Jo\u00e3o de Sousa \/\/ Live in Ladom\" width=\"500\" height=\"281\" src=\"https:\/\/www.youtube.com\/embed\/kW8Z5MS2Y-M?feature=oembed\" frameborder=\"0\" allow=\"accelerometer; autoplay; clipboard-write; encrypted-media; gyroscope; picture-in-picture; web-share\" referrerpolicy=\"strict-origin-when-cross-origin\" allowfullscreen><\/iframe>\r\n<\/div><\/figure>\r\n\n<section id=\"apple-embed-block_68976c6645e6b\" class=\"apple-embed\">\n  <iframe allow=\"autoplay *; encrypted-media *;\" frameborder=\"0\" height=\"450\" style=\"width:100%;max-width:660px;overflow:hidden;background:transparent;\" sandbox=\"allow-forms allow-popups allow-same-origin allow-scripts allow-storage-access-by-user-activation allow-top-navigation-by-user-activation\" src=\"https:\/\/embed.music.apple.com\/pl\/album\/fado-feat-tomasz-pokrzywinski-micha%C5%82-g%C3%B3rczy%C5%84ski\/1564403633?l=pl\"><\/iframe><\/section>\n\n<section id=\"concert-info-block_68976c6645e9c\" class=\"concert-info\">\n\n  <div class=\"concert-info__column concert-info__column--info fs-20 lh-1-4 ls-0-4 fs-dt-32 lh-dt-1-04 ls-dt-0\">\n      <p class=\"concert-info__info\">Door 19:00<br \/>\r\nConcert 20:30<\/p>\n    <\/div>\n\n  <div class=\"concert-info__column concert-info__column--additional fs-20 lh-1-4 ls-0-4\">\n      <p class=\"concert-info__additional\">We do not take table reservations.<br \/>\r\nWe encourage you to arrive early and choose your seats.<br \/>\r\n<\/p>\n    <\/div>\n\n<\/section>\n","protected":false},"template":"","meta":{"_acf_changed":false,"inline_featured_image":false},"class_list":["post-8422","concert","type-concert","status-publish","hentry"],"acf":[],"yoast_head":"<!-- This site is optimized with the Yoast SEO plugin v26.4 - https:\/\/yoast.com\/wordpress\/plugins\/seo\/ -->\n<title>Bastarda &amp;nJoao de Sousa \u201eFado\u201d - jassmine<\/title>\n<meta name=\"robots\" content=\"index, follow, max-snippet:-1, max-image-preview:large, max-video-preview:-1\" \/>\n<link rel=\"canonical\" href=\"https:\/\/jassmine.com\/en\/concert\/bastarda-njoao-de-sousa-fado\/\" \/>\n<meta property=\"og:locale\" content=\"en_US\" \/>\n<meta property=\"og:type\" content=\"article\" \/>\n<meta property=\"og:title\" content=\"Bastarda &amp;nJoao de Sousa \u201eFado\u201d - jassmine\" \/>\n<meta property=\"og:url\" content=\"https:\/\/jassmine.com\/en\/concert\/bastarda-njoao-de-sousa-fado\/\" \/>\n<meta property=\"og:site_name\" content=\"jassmine\" \/>\n<meta property=\"article:modified_time\" content=\"2025-08-19T23:03:12+00:00\" \/>\n<meta name=\"twitter:card\" content=\"summary_large_image\" \/>\n<script type=\"application\/ld+json\" class=\"yoast-schema-graph\">{\"@context\":\"https:\/\/schema.org\",\"@graph\":[{\"@type\":\"WebPage\",\"@id\":\"https:\/\/jassmine.com\/en\/concert\/bastarda-njoao-de-sousa-fado\/\",\"url\":\"https:\/\/jassmine.com\/en\/concert\/bastarda-njoao-de-sousa-fado\/\",\"name\":\"Bastarda &nJoao de Sousa \u201eFado\u201d - jassmine\",\"isPartOf\":{\"@id\":\"https:\/\/jassmine.com\/en\/#website\"},\"datePublished\":\"2025-06-05T16:52:03+00:00\",\"dateModified\":\"2025-08-19T23:03:12+00:00\",\"breadcrumb\":{\"@id\":\"https:\/\/jassmine.com\/en\/concert\/bastarda-njoao-de-sousa-fado\/#breadcrumb\"},\"inLanguage\":\"en-US\",\"potentialAction\":[{\"@type\":\"ReadAction\",\"target\":[\"https:\/\/jassmine.com\/en\/concert\/bastarda-njoao-de-sousa-fado\/\"]}]},{\"@type\":\"BreadcrumbList\",\"@id\":\"https:\/\/jassmine.com\/en\/concert\/bastarda-njoao-de-sousa-fado\/#breadcrumb\",\"itemListElement\":[{\"@type\":\"ListItem\",\"position\":1,\"name\":\"Home\",\"item\":\"https:\/\/jassmine.com\/en\/\"},{\"@type\":\"ListItem\",\"position\":2,\"name\":\"Bastarda &#038;nJoao de Sousa \u201eFado\u201d\"}]},{\"@type\":\"WebSite\",\"@id\":\"https:\/\/jassmine.com\/en\/#website\",\"url\":\"https:\/\/jassmine.com\/en\/\",\"name\":\"jassmine\",\"description\":\"\",\"potentialAction\":[{\"@type\":\"SearchAction\",\"target\":{\"@type\":\"EntryPoint\",\"urlTemplate\":\"https:\/\/jassmine.com\/en\/?s={search_term_string}\"},\"query-input\":{\"@type\":\"PropertyValueSpecification\",\"valueRequired\":true,\"valueName\":\"search_term_string\"}}],\"inLanguage\":\"en-US\"}]}<\/script>\n<!-- \/ Yoast SEO plugin. -->","yoast_head_json":{"title":"Bastarda &nJoao de Sousa \u201eFado\u201d - jassmine","robots":{"index":"index","follow":"follow","max-snippet":"max-snippet:-1","max-image-preview":"max-image-preview:large","max-video-preview":"max-video-preview:-1"},"canonical":"https:\/\/jassmine.com\/en\/concert\/bastarda-njoao-de-sousa-fado\/","og_locale":"en_US","og_type":"article","og_title":"Bastarda &nJoao de Sousa \u201eFado\u201d - jassmine","og_url":"https:\/\/jassmine.com\/en\/concert\/bastarda-njoao-de-sousa-fado\/","og_site_name":"jassmine","article_modified_time":"2025-08-19T23:03:12+00:00","twitter_card":"summary_large_image","schema":{"@context":"https:\/\/schema.org","@graph":[{"@type":"WebPage","@id":"https:\/\/jassmine.com\/en\/concert\/bastarda-njoao-de-sousa-fado\/","url":"https:\/\/jassmine.com\/en\/concert\/bastarda-njoao-de-sousa-fado\/","name":"Bastarda &nJoao de Sousa \u201eFado\u201d - jassmine","isPartOf":{"@id":"https:\/\/jassmine.com\/en\/#website"},"datePublished":"2025-06-05T16:52:03+00:00","dateModified":"2025-08-19T23:03:12+00:00","breadcrumb":{"@id":"https:\/\/jassmine.com\/en\/concert\/bastarda-njoao-de-sousa-fado\/#breadcrumb"},"inLanguage":"en-US","potentialAction":[{"@type":"ReadAction","target":["https:\/\/jassmine.com\/en\/concert\/bastarda-njoao-de-sousa-fado\/"]}]},{"@type":"BreadcrumbList","@id":"https:\/\/jassmine.com\/en\/concert\/bastarda-njoao-de-sousa-fado\/#breadcrumb","itemListElement":[{"@type":"ListItem","position":1,"name":"Home","item":"https:\/\/jassmine.com\/en\/"},{"@type":"ListItem","position":2,"name":"Bastarda &#038;nJoao de Sousa \u201eFado\u201d"}]},{"@type":"WebSite","@id":"https:\/\/jassmine.com\/en\/#website","url":"https:\/\/jassmine.com\/en\/","name":"jassmine","description":"","potentialAction":[{"@type":"SearchAction","target":{"@type":"EntryPoint","urlTemplate":"https:\/\/jassmine.com\/en\/?s={search_term_string}"},"query-input":{"@type":"PropertyValueSpecification","valueRequired":true,"valueName":"search_term_string"}}],"inLanguage":"en-US"}]}},"_links":{"self":[{"href":"https:\/\/jassmine.com\/en\/wp-json\/wp\/v2\/concert\/8422","targetHints":{"allow":["GET"]}}],"collection":[{"href":"https:\/\/jassmine.com\/en\/wp-json\/wp\/v2\/concert"}],"about":[{"href":"https:\/\/jassmine.com\/en\/wp-json\/wp\/v2\/types\/concert"}],"wp:attachment":[{"href":"https:\/\/jassmine.com\/en\/wp-json\/wp\/v2\/media?parent=8422"}],"curies":[{"name":"wp","href":"https:\/\/api.w.org\/{rel}","templated":true}]}}

<div id="heading-text-block_68976c6642d2e" class="heading-text">

  <div>
        <h2 class="heading-text__heading font-serif fs-24 lh-1-28 fs-dt-40 lh-1-2">Trio Bastarda wspólnie z João de Sousa odnosząc się do tradycyjnych utworów Fado stworzyli nową, oryginalną opowieść muzyczną. Współczesne, autorskie aranżacje i opracowania tych niezwykłych, melancholijnych pieśni dały artystom możliwość swobodnej wypowiedzi, kreacji muzycznej oraz pozwoliły na szczery, pełen emocji przekaz. Owocem tego spotkania jest płyta &#8220;Fado&#8221;.</h2>
      </div>

  <div>
        <div class="heading-text__content fs-20 ls-0-4 lh-1-4">
      <p><span style="font-weight: 400;">João de Sousa – portugalski wokalista, gitarzysta i kompozytor mieszkający w Polsce od 2006 roku. Tworzy muzykę inspirowaną kulturą luzofońską, ale czerpie też z jazzu, world music, elektroniki czy hip-hopu. Współpracował m.in. z Andrzejem Smolikiem i Mikromusic. Ma na koncie trzy albumy: </span><i><span style="font-weight: 400;">Fado Polaco</span></i><span style="font-weight: 400;">, </span><i><span style="font-weight: 400;">Luta</span></i><span style="font-weight: 400;">, </span><i><span style="font-weight: 400;">Ideal</span></i><span style="font-weight: 400;">.</span></p>
<p><span style="font-weight: 400;">BASTARDA – trio (Paweł Szamburski, Tomasz Pokrzywiński, Michał Górczyński) reinterpretujące muzykę dawną w oryginalny, współczesny sposób. Ich twórczość łączy improwizację, minimalizm i duchowość średniowiecznych melodii. Związani z wytwórnią Lado ABC i projektem badawczym HERA.</span></p>
    </div>
      </div>

</div>

<div id="asset-block_68976c6645dc6" class="asset-block">

  
<figure
  class="asset asset-block__asset"
  data-asset
    >

  <img decoding="async" width="2560" height="1707" src="https://jassmine.com/wp-content/uploads/2025/06/DSCF2169-scaled.jpg" class="asset__image dt-only" alt="" loading="lazy" srcset="https://jassmine.com/wp-content/uploads/2025/06/DSCF2169-scaled.jpg 2560w, https://jassmine.com/wp-content/uploads/2025/06/DSCF2169-960x640.jpg 960w, https://jassmine.com/wp-content/uploads/2025/06/DSCF2169-1280x853.jpg 1280w, https://jassmine.com/wp-content/uploads/2025/06/DSCF2169-540x360.jpg 540w, https://jassmine.com/wp-content/uploads/2025/06/DSCF2169-768x512.jpg 768w, https://jassmine.com/wp-content/uploads/2025/06/DSCF2169-1536x1024.jpg 1536w, https://jassmine.com/wp-content/uploads/2025/06/DSCF2169-2048x1365.jpg 2048w" sizes="auto, (max-width: 2560px) 100vw, 2560px" /><img decoding="async" width="2560" height="1707" src="https://jassmine.com/wp-content/uploads/2025/06/DSCF2169-scaled.jpg" class="asset__image asset__image--mob mob-only" alt="" loading="lazy" srcset="https://jassmine.com/wp-content/uploads/2025/06/DSCF2169-scaled.jpg 2560w, https://jassmine.com/wp-content/uploads/2025/06/DSCF2169-960x640.jpg 960w, https://jassmine.com/wp-content/uploads/2025/06/DSCF2169-1280x853.jpg 1280w, https://jassmine.com/wp-content/uploads/2025/06/DSCF2169-540x360.jpg 540w, https://jassmine.com/wp-content/uploads/2025/06/DSCF2169-768x512.jpg 768w, https://jassmine.com/wp-content/uploads/2025/06/DSCF2169-1536x1024.jpg 1536w, https://jassmine.com/wp-content/uploads/2025/06/DSCF2169-2048x1365.jpg 2048w" sizes="auto, (max-width: 2560px) 100vw, 2560px" />
</figure>

</div>

<section id="band-block_68976c6645e2a" class="band font-sans-title fs-20 lh-1-4 ls-0-4 fs-dt-32 lh-dt-1-04 ls-dt-0">

  <div class="band__column band__column--title">
      <p class="band__title">The band</p>
    </div>

  <div class="band__column band__column--band">
  
    <ul class="unstyled-list band__list">
      
      <li class="band__item">

        <span class="band__name">Paweł Szamburski </span>
                <span class="band__description fs-12 lh-1-12 fs-dt-20 lh-dt-1-4 ls-dt-0-4">clarinet</span>
        
      </li>

      
      <li class="band__item">

        <span class="band__name">Tomasz Pokrzywiński </span>
                <span class="band__description fs-12 lh-1-12 fs-dt-20 lh-dt-1-4 ls-dt-0-4">cello</span>
        
      </li>

      
      <li class="band__item">

        <span class="band__name">Michał Górczyński </span>
                <span class="band__description fs-12 lh-1-12 fs-dt-20 lh-dt-1-4 ls-dt-0-4">contrabass clarinet</span>
        
      </li>

      
      <li class="band__item">

        <span class="band__name">Joao de Sousa</span>
                <span class="band__description fs-12 lh-1-12 fs-dt-20 lh-dt-1-4 ls-dt-0-4">vocals and guitar</span>
        
      </li>

      
    </ul>

    </div>

</section>

<figure class="wp-block-embed is-type-video is-provider-youtube wp-block-embed-youtube wp-embed-aspect-16-9 wp-has-aspect-ratio"><div class="wp-block-embed__wrapper">
<iframe loading="lazy" title="Bastarda &amp; João de Sousa // Live in Ladom" width="500" height="281" src="https://www.youtube.com/embed/kW8Z5MS2Y-M?feature=oembed" frameborder="0" allow="accelerometer; autoplay; clipboard-write; encrypted-media; gyroscope; picture-in-picture; web-share" referrerpolicy="strict-origin-when-cross-origin" allowfullscreen></iframe>
</div></figure>

<section id="apple-embed-block_68976c6645e6b" class="apple-embed">
  <iframe allow="autoplay *; encrypted-media *;" frameborder="0" height="450" style="width:100%;max-width:660px;overflow:hidden;background:transparent;" sandbox="allow-forms allow-popups allow-same-origin allow-scripts allow-storage-access-by-user-activation allow-top-navigation-by-user-activation" src="https://embed.music.apple.com/pl/album/fado-feat-tomasz-pokrzywinski-micha%C5%82-g%C3%B3rczy%C5%84ski/1564403633?l=pl"></iframe></section>

<section id="concert-info-block_68976c6645e9c" class="concert-info">

  <div class="concert-info__column concert-info__column--info fs-20 lh-1-4 ls-0-4 fs-dt-32 lh-dt-1-04 ls-dt-0">
      <p class="concert-info__info">Door 19:00<br />
Concert 20:30</p>
    </div>

  <div class="concert-info__column concert-info__column--additional fs-20 lh-1-4 ls-0-4">
      <p class="concert-info__additional">We do not take table reservations.<br />
We encourage you to arrive early and choose your seats.<br />
</p>
    </div>

</section>
