{"id":8626,"date":"2025-09-03T13:21:26","date_gmt":"2025-09-03T13:21:26","guid":{"rendered":"https:\/\/jassmine.com\/concert\/festiwal-jazz-po-polsku-andrzej-swies-trio-vincent-meissner-trio-adam-jarzmik-quintet\/"},"modified":"2025-10-26T11:37:04","modified_gmt":"2025-10-26T11:37:04","slug":"festiwal-jazz-po-polsku-andrzej-swies-trio-vincent-meissner-trio-adam-jarzmik-quintet","status":"publish","type":"concert","link":"https:\/\/jassmine.com\/en\/concert\/festiwal-jazz-po-polsku-andrzej-swies-trio-vincent-meissner-trio-adam-jarzmik-quintet\/","title":{"rendered":"Festiwal JAZZ PO POLSKU"},"content":{"rendered":"\n<div id=\"heading-text-block_68fe07df9510c\" class=\"heading-text\">\n\n  <div>\n        <h2 class=\"heading-text__heading font-serif fs-24 lh-1-28 fs-dt-40 lh-1-2\">Andrzej \u015awi\u0119s Trio \/ Vincent Meissner Trio \/ Adam Jarzmik Quintet\r\n\r\nOn October 19 and 26, the second edition of the JAZZ PO POLSKU Festival will take place at Jassmine. The event will feature Polish artists \u2014 Andrzej \u015awi\u0119s Trio, Piotr Wyle\u017co\u0142 Trio, Adam Jarzmik Quintet, and Lunam\u00eb \u2014 as well as international guests: Germany\u2019s Vincent Meissner Trio and the multinational ensemble Herak \/ Bulatkin \u201cElysium\u201d, joined by saxophonist Jakub \u0141\u0119pa. The festival program will also include a film screening and workshops.<\/h2>\n      <\/div>\n\n  <div>\n        <div class=\"heading-text__content fs-20 ls-0-4 lh-1-4\">\n      <p><strong>On the second day of the Festival, October 26<\/strong>, more bands will perform: <strong>Adam Jarzmik Quintet<\/strong>, <strong>Vincent Meissner Trio (Germany)<\/strong>, and <strong>Andrzej \u015awi\u0119s Trio<\/strong>.<br \/>\nThe evening will begin at <strong>6:00 PM<\/strong> with a <strong>workshop on \u201cContemporary Composition Techniques in Jazz and Avant-Garde Music,\u201d<\/strong> led by <strong>Rafa\u0142 Sarnecki<\/strong>, one of Poland\u2019s most acclaimed jazz guitarists and composers.<\/p>\n<p><strong>October 26, 2025 \u2013 Day 2<\/strong><br \/>\n<strong>18:00<\/strong> \u2013 Workshop: <em>\u201cContemporary Composition Techniques in Jazz and Avant-Garde Music\u201d<\/em><br \/>\nLed by: <strong>Rafa\u0142 Sarnecki<\/strong><\/p>\n<p><strong>19:30<\/strong> \u2013 <strong>Adam Jarzmik Quintet<\/strong><br \/>\nAdam Jarzmik \u2013 piano<br \/>\nJakub \u0141\u0119pa \u2013 tenor saxophone<br \/>\nMarcin Elszkowski \u2013 trumpet<br \/>\nTymon Tr\u0105bczy\u0144ski \u2013 double bass<br \/>\nPiotr Maria Budniak \u2013 drums<\/p>\n<p><strong>20:45<\/strong> \u2013 <strong>Vincent Meissner Trio<\/strong><br \/>\nVincent Meissner \u2013 piano<br \/>\nJakob Obleser \u2013 double bass<br \/>\nHenri Reichmann \u2013 drums <em>(Germany)<\/em><\/p>\n<p><strong>22:00<\/strong> \u2013 <strong>Andrzej \u015awi\u0119s Trio<\/strong><br \/>\nAndrzej \u015awi\u0119s \u2013 bass<br \/>\nRafa\u0142 Sarnecki \u2013 guitar<br \/>\nPawe\u0142 Dobrowolski \u2013 drums<\/p>\n    <\/div>\n      <\/div>\n\n<\/div>\n\n\n\n<div id=\"asset-block_68fe07df95163\" class=\"asset-block\">\n\n  \n<figure\n  class=\"asset asset-block__asset\"\n  data-asset\n    >\n\n  \n<\/figure>\n\n<\/div>\n\n\n\n<figure class=\"wp-block-embed is-type-video is-provider-youtube wp-block-embed-youtube wp-embed-aspect-16-9 wp-has-aspect-ratio\"><div class=\"wp-block-embed__wrapper\">\n<iframe loading=\"lazy\" title=\"FESTIWAL JAZZ PO POLSKU 2024\" width=\"500\" height=\"281\" src=\"https:\/\/www.youtube.com\/embed\/q8tethyE1Xw?feature=oembed\" frameborder=\"0\" allow=\"accelerometer; autoplay; clipboard-write; encrypted-media; gyroscope; picture-in-picture; web-share\" referrerpolicy=\"strict-origin-when-cross-origin\" allowfullscreen><\/iframe>\n<\/div><\/figure>\n\n\n\n<section id=\"concert-info-block_68fe07df9518c\" class=\"concert-info\">\n\n  <div class=\"concert-info__column concert-info__column--info fs-20 lh-1-4 ls-0-4 fs-dt-32 lh-dt-1-04 ls-dt-0\">\n      <p class=\"concert-info__info\">Door 17:30<br \/>\r\nStart 18:00<\/p>\n    <\/div>\n\n  <div class=\"concert-info__column concert-info__column--additional fs-20 lh-1-4 ls-0-4\">\n      <p class=\"concert-info__additional\">The JAZZ PO POLSKU Festival is organized by the JAZZ PO POLSKU Foundation and co-financed under the \u2018Music\u2019 Program of the Minister of Culture and National Heritage, implemented by the National Institute of Music and Dance. The event partner is the Jassmine club. The event is held under the honorary patronage of the Mayor of the Capital City of Warsaw.<br \/>\r\nWe do not take table reservations.<br \/>\r\nWe encourage you to arrive early and secure your seats<\/p>\n    <\/div>\n\n<\/section>\n","protected":false},"template":"","meta":{"_acf_changed":true,"inline_featured_image":false},"class_list":["post-8626","concert","type-concert","status-publish","hentry"],"acf":[],"yoast_head":"<!-- This site is optimized with the Yoast SEO plugin v26.4 - https:\/\/yoast.com\/wordpress\/plugins\/seo\/ -->\n<title>Festiwal JAZZ PO POLSKU - jassmine<\/title>\n<meta name=\"robots\" content=\"index, follow, max-snippet:-1, max-image-preview:large, max-video-preview:-1\" \/>\n<link rel=\"canonical\" href=\"https:\/\/jassmine.com\/en\/concert\/festiwal-jazz-po-polsku-andrzej-swies-trio-vincent-meissner-trio-adam-jarzmik-quintet\/\" \/>\n<meta property=\"og:locale\" content=\"en_US\" \/>\n<meta property=\"og:type\" content=\"article\" \/>\n<meta property=\"og:title\" content=\"Festiwal JAZZ PO POLSKU - jassmine\" \/>\n<meta property=\"og:url\" content=\"https:\/\/jassmine.com\/en\/concert\/festiwal-jazz-po-polsku-andrzej-swies-trio-vincent-meissner-trio-adam-jarzmik-quintet\/\" \/>\n<meta property=\"og:site_name\" content=\"jassmine\" \/>\n<meta property=\"article:modified_time\" content=\"2025-10-26T11:37:04+00:00\" \/>\n<meta name=\"twitter:card\" content=\"summary_large_image\" \/>\n<meta name=\"twitter:label1\" content=\"Est. reading time\" \/>\n\t<meta name=\"twitter:data1\" content=\"1 minute\" \/>\n<script type=\"application\/ld+json\" class=\"yoast-schema-graph\">{\"@context\":\"https:\/\/schema.org\",\"@graph\":[{\"@type\":\"WebPage\",\"@id\":\"https:\/\/jassmine.com\/en\/concert\/festiwal-jazz-po-polsku-andrzej-swies-trio-vincent-meissner-trio-adam-jarzmik-quintet\/\",\"url\":\"https:\/\/jassmine.com\/en\/concert\/festiwal-jazz-po-polsku-andrzej-swies-trio-vincent-meissner-trio-adam-jarzmik-quintet\/\",\"name\":\"Festiwal JAZZ PO POLSKU - jassmine\",\"isPartOf\":{\"@id\":\"https:\/\/jassmine.com\/en\/#website\"},\"datePublished\":\"2025-09-03T13:21:26+00:00\",\"dateModified\":\"2025-10-26T11:37:04+00:00\",\"breadcrumb\":{\"@id\":\"https:\/\/jassmine.com\/en\/concert\/festiwal-jazz-po-polsku-andrzej-swies-trio-vincent-meissner-trio-adam-jarzmik-quintet\/#breadcrumb\"},\"inLanguage\":\"en-US\",\"potentialAction\":[{\"@type\":\"ReadAction\",\"target\":[\"https:\/\/jassmine.com\/en\/concert\/festiwal-jazz-po-polsku-andrzej-swies-trio-vincent-meissner-trio-adam-jarzmik-quintet\/\"]}]},{\"@type\":\"BreadcrumbList\",\"@id\":\"https:\/\/jassmine.com\/en\/concert\/festiwal-jazz-po-polsku-andrzej-swies-trio-vincent-meissner-trio-adam-jarzmik-quintet\/#breadcrumb\",\"itemListElement\":[{\"@type\":\"ListItem\",\"position\":1,\"name\":\"Home\",\"item\":\"https:\/\/jassmine.com\/en\/\"},{\"@type\":\"ListItem\",\"position\":2,\"name\":\"Festiwal JAZZ PO POLSKU\"}]},{\"@type\":\"WebSite\",\"@id\":\"https:\/\/jassmine.com\/en\/#website\",\"url\":\"https:\/\/jassmine.com\/en\/\",\"name\":\"jassmine\",\"description\":\"\",\"potentialAction\":[{\"@type\":\"SearchAction\",\"target\":{\"@type\":\"EntryPoint\",\"urlTemplate\":\"https:\/\/jassmine.com\/en\/?s={search_term_string}\"},\"query-input\":{\"@type\":\"PropertyValueSpecification\",\"valueRequired\":true,\"valueName\":\"search_term_string\"}}],\"inLanguage\":\"en-US\"}]}<\/script>\n<!-- \/ Yoast SEO plugin. -->","yoast_head_json":{"title":"Festiwal JAZZ PO POLSKU - jassmine","robots":{"index":"index","follow":"follow","max-snippet":"max-snippet:-1","max-image-preview":"max-image-preview:large","max-video-preview":"max-video-preview:-1"},"canonical":"https:\/\/jassmine.com\/en\/concert\/festiwal-jazz-po-polsku-andrzej-swies-trio-vincent-meissner-trio-adam-jarzmik-quintet\/","og_locale":"en_US","og_type":"article","og_title":"Festiwal JAZZ PO POLSKU - jassmine","og_url":"https:\/\/jassmine.com\/en\/concert\/festiwal-jazz-po-polsku-andrzej-swies-trio-vincent-meissner-trio-adam-jarzmik-quintet\/","og_site_name":"jassmine","article_modified_time":"2025-10-26T11:37:04+00:00","twitter_card":"summary_large_image","twitter_misc":{"Est. reading time":"1 minute"},"schema":{"@context":"https:\/\/schema.org","@graph":[{"@type":"WebPage","@id":"https:\/\/jassmine.com\/en\/concert\/festiwal-jazz-po-polsku-andrzej-swies-trio-vincent-meissner-trio-adam-jarzmik-quintet\/","url":"https:\/\/jassmine.com\/en\/concert\/festiwal-jazz-po-polsku-andrzej-swies-trio-vincent-meissner-trio-adam-jarzmik-quintet\/","name":"Festiwal JAZZ PO POLSKU - jassmine","isPartOf":{"@id":"https:\/\/jassmine.com\/en\/#website"},"datePublished":"2025-09-03T13:21:26+00:00","dateModified":"2025-10-26T11:37:04+00:00","breadcrumb":{"@id":"https:\/\/jassmine.com\/en\/concert\/festiwal-jazz-po-polsku-andrzej-swies-trio-vincent-meissner-trio-adam-jarzmik-quintet\/#breadcrumb"},"inLanguage":"en-US","potentialAction":[{"@type":"ReadAction","target":["https:\/\/jassmine.com\/en\/concert\/festiwal-jazz-po-polsku-andrzej-swies-trio-vincent-meissner-trio-adam-jarzmik-quintet\/"]}]},{"@type":"BreadcrumbList","@id":"https:\/\/jassmine.com\/en\/concert\/festiwal-jazz-po-polsku-andrzej-swies-trio-vincent-meissner-trio-adam-jarzmik-quintet\/#breadcrumb","itemListElement":[{"@type":"ListItem","position":1,"name":"Home","item":"https:\/\/jassmine.com\/en\/"},{"@type":"ListItem","position":2,"name":"Festiwal JAZZ PO POLSKU"}]},{"@type":"WebSite","@id":"https:\/\/jassmine.com\/en\/#website","url":"https:\/\/jassmine.com\/en\/","name":"jassmine","description":"","potentialAction":[{"@type":"SearchAction","target":{"@type":"EntryPoint","urlTemplate":"https:\/\/jassmine.com\/en\/?s={search_term_string}"},"query-input":{"@type":"PropertyValueSpecification","valueRequired":true,"valueName":"search_term_string"}}],"inLanguage":"en-US"}]}},"_links":{"self":[{"href":"https:\/\/jassmine.com\/en\/wp-json\/wp\/v2\/concert\/8626","targetHints":{"allow":["GET"]}}],"collection":[{"href":"https:\/\/jassmine.com\/en\/wp-json\/wp\/v2\/concert"}],"about":[{"href":"https:\/\/jassmine.com\/en\/wp-json\/wp\/v2\/types\/concert"}],"wp:attachment":[{"href":"https:\/\/jassmine.com\/en\/wp-json\/wp\/v2\/media?parent=8626"}],"curies":[{"name":"wp","href":"https:\/\/api.w.org\/{rel}","templated":true}]}}

<div id="heading-text-block_68fe07df9510c" class="heading-text">

  <div>
        <h2 class="heading-text__heading font-serif fs-24 lh-1-28 fs-dt-40 lh-1-2">Andrzej Święs Trio / Vincent Meissner Trio / Adam Jarzmik Quintet

On October 19 and 26, the second edition of the JAZZ PO POLSKU Festival will take place at Jassmine. The event will feature Polish artists — Andrzej Święs Trio, Piotr Wyleżoł Trio, Adam Jarzmik Quintet, and Lunamë — as well as international guests: Germany’s Vincent Meissner Trio and the multinational ensemble Herak / Bulatkin “Elysium”, joined by saxophonist Jakub Łępa. The festival program will also include a film screening and workshops.</h2>
      </div>

  <div>
        <div class="heading-text__content fs-20 ls-0-4 lh-1-4">
      <p><strong>On the second day of the Festival, October 26</strong>, more bands will perform: <strong>Adam Jarzmik Quintet</strong>, <strong>Vincent Meissner Trio (Germany)</strong>, and <strong>Andrzej Święs Trio</strong>.<br />
The evening will begin at <strong>6:00 PM</strong> with a <strong>workshop on “Contemporary Composition Techniques in Jazz and Avant-Garde Music,”</strong> led by <strong>Rafał Sarnecki</strong>, one of Poland’s most acclaimed jazz guitarists and composers.</p>
<p><strong>October 26, 2025 – Day 2</strong><br />
<strong>18:00</strong> – Workshop: <em>“Contemporary Composition Techniques in Jazz and Avant-Garde Music”</em><br />
Led by: <strong>Rafał Sarnecki</strong></p>
<p><strong>19:30</strong> – <strong>Adam Jarzmik Quintet</strong><br />
Adam Jarzmik – piano<br />
Jakub Łępa – tenor saxophone<br />
Marcin Elszkowski – trumpet<br />
Tymon Trąbczyński – double bass<br />
Piotr Maria Budniak – drums</p>
<p><strong>20:45</strong> – <strong>Vincent Meissner Trio</strong><br />
Vincent Meissner – piano<br />
Jakob Obleser – double bass<br />
Henri Reichmann – drums <em>(Germany)</em></p>
<p><strong>22:00</strong> – <strong>Andrzej Święs Trio</strong><br />
Andrzej Święs – bass<br />
Rafał Sarnecki – guitar<br />
Paweł Dobrowolski – drums</p>
    </div>
      </div>

</div>



<div id="asset-block_68fe07df95163" class="asset-block">

  
<figure
  class="asset asset-block__asset"
  data-asset
    >

  
</figure>

</div>



<figure class="wp-block-embed is-type-video is-provider-youtube wp-block-embed-youtube wp-embed-aspect-16-9 wp-has-aspect-ratio"><div class="wp-block-embed__wrapper">
<iframe loading="lazy" title="FESTIWAL JAZZ PO POLSKU 2024" width="500" height="281" src="https://www.youtube.com/embed/q8tethyE1Xw?feature=oembed" frameborder="0" allow="accelerometer; autoplay; clipboard-write; encrypted-media; gyroscope; picture-in-picture; web-share" referrerpolicy="strict-origin-when-cross-origin" allowfullscreen></iframe>
</div></figure>



<section id="concert-info-block_68fe07df9518c" class="concert-info">

  <div class="concert-info__column concert-info__column--info fs-20 lh-1-4 ls-0-4 fs-dt-32 lh-dt-1-04 ls-dt-0">
      <p class="concert-info__info">Door 17:30<br />
Start 18:00</p>
    </div>

  <div class="concert-info__column concert-info__column--additional fs-20 lh-1-4 ls-0-4">
      <p class="concert-info__additional">The JAZZ PO POLSKU Festival is organized by the JAZZ PO POLSKU Foundation and co-financed under the ‘Music’ Program of the Minister of Culture and National Heritage, implemented by the National Institute of Music and Dance. The event partner is the Jassmine club. The event is held under the honorary patronage of the Mayor of the Capital City of Warsaw.<br />
We do not take table reservations.<br />
We encourage you to arrive early and secure your seats</p>
    </div>

</section>
