{"id":9800,"date":"2026-01-17T18:37:10","date_gmt":"2026-01-17T18:37:10","guid":{"rendered":"https:\/\/jassmine.com\/concert\/michal-urbaniaks-birthday\/"},"modified":"2026-01-18T13:10:24","modified_gmt":"2026-01-18T13:10:24","slug":"michal-urbaniaks-birthday","status":"publish","type":"concert","link":"https:\/\/jassmine.com\/en\/concert\/michal-urbaniaks-birthday\/","title":{"rendered":"Micha\u0142 Urbaniak&#8217;s Birthday"},"content":{"rendered":"\n<div id=\"heading-text-block_696bd7bbe5462\" class=\"heading-text\">\n\n  <div>\n        <h2 class=\"heading-text__heading font-serif fs-24 lh-1-28 fs-dt-40 lh-1-2\">W dniu urodzin Micha\u0142a Urbaniaka spotkamy si\u0119 w Jassmine, by uczci\u0107 cz\u0142owieka, artyst\u0119 i niezwyk\u0142\u0105 osobowo\u015b\u0107. <\/h2>\n      <\/div>\n\n  <div>\n        <div class=\"heading-text__content fs-20 ls-0-4 lh-1-4\">\n      <p><span style=\"font-weight: 400;\">Cho\u0107 nie ma go ju\u017c w\u015br\u00f3d nas, jego muzyka i energia wci\u0105\u017c brzmi\u0105. To b\u0119dzie wiecz\u00f3r wdzi\u0119czno\u015bci i pami\u0119ci. Celebracja kariery pe\u0142nej pasji, niepokorno\u015bci i tw\u00f3rczej wolno\u015bci, ale te\u017c charakteru, kt\u00f3ry potrafi\u0142 jednoczy\u0107, porusza\u0107 i zostawia\u0107 trwa\u0142y \u015blad. Po koncercie odb\u0119dzie si\u0119 jam session.\u00a0<\/span><\/p>\n    <\/div>\n      <\/div>\n\n<\/div>\n\n<section id=\"band-block_696bd7bbe6e43\" class=\"band font-sans-title fs-20 lh-1-4 ls-0-4 fs-dt-32 lh-dt-1-04 ls-dt-0\">\n\n  <div class=\"band__column band__column--title\">\n      <p class=\"band__title\">The band<\/p>\n    <\/div>\n\n  <div class=\"band__column band__column--band\">\n  \n    <ul class=\"unstyled-list band__list\">\n      \n      <li class=\"band__item\">\n\n        <span class=\"band__name\">Frank Parker <\/span>\n                <span class=\"band__description fs-12 lh-1-12 fs-dt-20 lh-dt-1-4 ls-dt-0-4\">drums<\/span>\n        \n      <\/li>\n\n      \n      <li class=\"band__item\">\n\n        <span class=\"band__name\">Kajetan Galas<\/span>\n                <span class=\"band__description fs-12 lh-1-12 fs-dt-20 lh-dt-1-4 ls-dt-0-4\">Hammond Organs<\/span>\n        \n      <\/li>\n\n      \n      <li class=\"band__item\">\n\n        <span class=\"band__name\">Gabriel Niedziela<\/span>\n                <span class=\"band__description fs-12 lh-1-12 fs-dt-20 lh-dt-1-4 ls-dt-0-4\">guitar<\/span>\n        \n      <\/li>\n\n      \n      <li class=\"band__item\">\n\n        <span class=\"band__name\">Wojtek Kaletka<\/span>\n                <span class=\"band__description fs-12 lh-1-12 fs-dt-20 lh-dt-1-4 ls-dt-0-4\">sax<\/span>\n        \n      <\/li>\n\n      \n      <li class=\"band__item\">\n\n        <span class=\"band__name\">Piotr Wojtasik<\/span>\n                <span class=\"band__description fs-12 lh-1-12 fs-dt-20 lh-dt-1-4 ls-dt-0-4\">trumpet<\/span>\n        \n      <\/li>\n\n      \n    <\/ul>\n\n    <\/div>\n\n<\/section>\n\n<figure class=\"wp-block-embed is-type-video is-provider-youtube wp-block-embed-youtube wp-embed-aspect-4-3 wp-has-aspect-ratio\"><div class=\"wp-block-embed__wrapper\">\r\n<iframe loading=\"lazy\" title=\"Michal Urbaniak ft  Urszula Dudziak  ~ A Day In The Park\" width=\"500\" height=\"375\" src=\"https:\/\/www.youtube.com\/embed\/B3vB2UVW5nU?feature=oembed\" frameborder=\"0\" allow=\"accelerometer; autoplay; clipboard-write; encrypted-media; gyroscope; picture-in-picture; web-share\" referrerpolicy=\"strict-origin-when-cross-origin\" allowfullscreen><\/iframe>\r\n<\/div><\/figure><br>\n\n<section id=\"apple-embed-block_696bd7bbe7525\" class=\"apple-embed\">\n  <iframe allow=\"autoplay *; encrypted-media *;\" frameborder=\"0\" height=\"450\" style=\"width:100%;max-width:660px;overflow:hidden;background:transparent;\" sandbox=\"allow-forms allow-popups allow-same-origin allow-scripts allow-storage-access-by-user-activation allow-top-navigation-by-user-activation\" src=\"https:\/\/embed.music.apple.com\/pl\/album\/fusion\/162248843?l=pl\"><\/iframe><\/section>\n\n<section id=\"concert-info-block_696bd7bbe812e\" class=\"concert-info\">\n\n  <div class=\"concert-info__column concert-info__column--info fs-20 lh-1-4 ls-0-4 fs-dt-32 lh-dt-1-04 ls-dt-0\">\n      <p class=\"concert-info__info\">Door 19:00<br \/>\r\nConcert 20:30<\/p>\n    <\/div>\n\n  <div class=\"concert-info__column concert-info__column--additional fs-20 lh-1-4 ls-0-4\">\n      <p class=\"concert-info__additional\">We do not take table reservations.<br \/>\r\nWe encourage you to arrive early and take a seat.<\/p>\n    <\/div>\n\n<\/section>\n","protected":false},"template":"","meta":{"_acf_changed":false,"inline_featured_image":false},"class_list":["post-9800","concert","type-concert","status-publish","hentry"],"acf":[],"yoast_head":"<!-- This site is optimized with the Yoast SEO plugin v26.4 - https:\/\/yoast.com\/wordpress\/plugins\/seo\/ -->\n<title>Micha\u0142 Urbaniak&#039;s Birthday - jassmine<\/title>\n<meta name=\"robots\" content=\"index, follow, max-snippet:-1, max-image-preview:large, max-video-preview:-1\" \/>\n<link rel=\"canonical\" href=\"https:\/\/jassmine.com\/en\/concert\/michal-urbaniaks-birthday\/\" \/>\n<meta property=\"og:locale\" content=\"en_US\" \/>\n<meta property=\"og:type\" content=\"article\" \/>\n<meta property=\"og:title\" content=\"Micha\u0142 Urbaniak&#039;s Birthday - jassmine\" \/>\n<meta property=\"og:url\" content=\"https:\/\/jassmine.com\/en\/concert\/michal-urbaniaks-birthday\/\" \/>\n<meta property=\"og:site_name\" content=\"jassmine\" \/>\n<meta property=\"article:modified_time\" content=\"2026-01-18T13:10:24+00:00\" \/>\n<meta name=\"twitter:card\" content=\"summary_large_image\" \/>\n<script type=\"application\/ld+json\" class=\"yoast-schema-graph\">{\"@context\":\"https:\/\/schema.org\",\"@graph\":[{\"@type\":\"WebPage\",\"@id\":\"https:\/\/jassmine.com\/en\/concert\/michal-urbaniaks-birthday\/\",\"url\":\"https:\/\/jassmine.com\/en\/concert\/michal-urbaniaks-birthday\/\",\"name\":\"Micha\u0142 Urbaniak's Birthday - jassmine\",\"isPartOf\":{\"@id\":\"https:\/\/jassmine.com\/en\/#website\"},\"datePublished\":\"2026-01-17T18:37:10+00:00\",\"dateModified\":\"2026-01-18T13:10:24+00:00\",\"breadcrumb\":{\"@id\":\"https:\/\/jassmine.com\/en\/concert\/michal-urbaniaks-birthday\/#breadcrumb\"},\"inLanguage\":\"en-US\",\"potentialAction\":[{\"@type\":\"ReadAction\",\"target\":[\"https:\/\/jassmine.com\/en\/concert\/michal-urbaniaks-birthday\/\"]}]},{\"@type\":\"BreadcrumbList\",\"@id\":\"https:\/\/jassmine.com\/en\/concert\/michal-urbaniaks-birthday\/#breadcrumb\",\"itemListElement\":[{\"@type\":\"ListItem\",\"position\":1,\"name\":\"Home\",\"item\":\"https:\/\/jassmine.com\/en\/\"},{\"@type\":\"ListItem\",\"position\":2,\"name\":\"Micha\u0142 Urbaniak&#8217;s Birthday\"}]},{\"@type\":\"WebSite\",\"@id\":\"https:\/\/jassmine.com\/en\/#website\",\"url\":\"https:\/\/jassmine.com\/en\/\",\"name\":\"jassmine\",\"description\":\"\",\"potentialAction\":[{\"@type\":\"SearchAction\",\"target\":{\"@type\":\"EntryPoint\",\"urlTemplate\":\"https:\/\/jassmine.com\/en\/?s={search_term_string}\"},\"query-input\":{\"@type\":\"PropertyValueSpecification\",\"valueRequired\":true,\"valueName\":\"search_term_string\"}}],\"inLanguage\":\"en-US\"}]}<\/script>\n<!-- \/ Yoast SEO plugin. -->","yoast_head_json":{"title":"Micha\u0142 Urbaniak's Birthday - jassmine","robots":{"index":"index","follow":"follow","max-snippet":"max-snippet:-1","max-image-preview":"max-image-preview:large","max-video-preview":"max-video-preview:-1"},"canonical":"https:\/\/jassmine.com\/en\/concert\/michal-urbaniaks-birthday\/","og_locale":"en_US","og_type":"article","og_title":"Micha\u0142 Urbaniak's Birthday - jassmine","og_url":"https:\/\/jassmine.com\/en\/concert\/michal-urbaniaks-birthday\/","og_site_name":"jassmine","article_modified_time":"2026-01-18T13:10:24+00:00","twitter_card":"summary_large_image","schema":{"@context":"https:\/\/schema.org","@graph":[{"@type":"WebPage","@id":"https:\/\/jassmine.com\/en\/concert\/michal-urbaniaks-birthday\/","url":"https:\/\/jassmine.com\/en\/concert\/michal-urbaniaks-birthday\/","name":"Micha\u0142 Urbaniak's Birthday - jassmine","isPartOf":{"@id":"https:\/\/jassmine.com\/en\/#website"},"datePublished":"2026-01-17T18:37:10+00:00","dateModified":"2026-01-18T13:10:24+00:00","breadcrumb":{"@id":"https:\/\/jassmine.com\/en\/concert\/michal-urbaniaks-birthday\/#breadcrumb"},"inLanguage":"en-US","potentialAction":[{"@type":"ReadAction","target":["https:\/\/jassmine.com\/en\/concert\/michal-urbaniaks-birthday\/"]}]},{"@type":"BreadcrumbList","@id":"https:\/\/jassmine.com\/en\/concert\/michal-urbaniaks-birthday\/#breadcrumb","itemListElement":[{"@type":"ListItem","position":1,"name":"Home","item":"https:\/\/jassmine.com\/en\/"},{"@type":"ListItem","position":2,"name":"Micha\u0142 Urbaniak&#8217;s Birthday"}]},{"@type":"WebSite","@id":"https:\/\/jassmine.com\/en\/#website","url":"https:\/\/jassmine.com\/en\/","name":"jassmine","description":"","potentialAction":[{"@type":"SearchAction","target":{"@type":"EntryPoint","urlTemplate":"https:\/\/jassmine.com\/en\/?s={search_term_string}"},"query-input":{"@type":"PropertyValueSpecification","valueRequired":true,"valueName":"search_term_string"}}],"inLanguage":"en-US"}]}},"_links":{"self":[{"href":"https:\/\/jassmine.com\/en\/wp-json\/wp\/v2\/concert\/9800","targetHints":{"allow":["GET"]}}],"collection":[{"href":"https:\/\/jassmine.com\/en\/wp-json\/wp\/v2\/concert"}],"about":[{"href":"https:\/\/jassmine.com\/en\/wp-json\/wp\/v2\/types\/concert"}],"wp:attachment":[{"href":"https:\/\/jassmine.com\/en\/wp-json\/wp\/v2\/media?parent=9800"}],"curies":[{"name":"wp","href":"https:\/\/api.w.org\/{rel}","templated":true}]}}

Michał Urbaniak&#8217;s Birthday

<div id="heading-text-block_696bd7bbe5462" class="heading-text">

  <div>
        <h2 class="heading-text__heading font-serif fs-24 lh-1-28 fs-dt-40 lh-1-2">W dniu urodzin Michała Urbaniaka spotkamy się w Jassmine, by uczcić człowieka, artystę i niezwykłą osobowość. </h2>
      </div>

  <div>
        <div class="heading-text__content fs-20 ls-0-4 lh-1-4">
      <p><span style="font-weight: 400;">Choć nie ma go już wśród nas, jego muzyka i energia wciąż brzmią. To będzie wieczór wdzięczności i pamięci. Celebracja kariery pełnej pasji, niepokorności i twórczej wolności, ale też charakteru, który potrafił jednoczyć, poruszać i zostawiać trwały ślad. Po koncercie odbędzie się jam session. </span></p>
    </div>
      </div>

</div>

<section id="band-block_696bd7bbe6e43" class="band font-sans-title fs-20 lh-1-4 ls-0-4 fs-dt-32 lh-dt-1-04 ls-dt-0">

  <div class="band__column band__column--title">
      <p class="band__title">The band</p>
    </div>

  <div class="band__column band__column--band">
  
    <ul class="unstyled-list band__list">
      
      <li class="band__item">

        <span class="band__name">Frank Parker </span>
                <span class="band__description fs-12 lh-1-12 fs-dt-20 lh-dt-1-4 ls-dt-0-4">drums</span>
        
      </li>

      
      <li class="band__item">

        <span class="band__name">Kajetan Galas</span>
                <span class="band__description fs-12 lh-1-12 fs-dt-20 lh-dt-1-4 ls-dt-0-4">Hammond Organs</span>
        
      </li>

      
      <li class="band__item">

        <span class="band__name">Gabriel Niedziela</span>
                <span class="band__description fs-12 lh-1-12 fs-dt-20 lh-dt-1-4 ls-dt-0-4">guitar</span>
        
      </li>

      
      <li class="band__item">

        <span class="band__name">Wojtek Kaletka</span>
                <span class="band__description fs-12 lh-1-12 fs-dt-20 lh-dt-1-4 ls-dt-0-4">sax</span>
        
      </li>

      
      <li class="band__item">

        <span class="band__name">Piotr Wojtasik</span>
                <span class="band__description fs-12 lh-1-12 fs-dt-20 lh-dt-1-4 ls-dt-0-4">trumpet</span>
        
      </li>

      
    </ul>

    </div>

</section>

<figure class="wp-block-embed is-type-video is-provider-youtube wp-block-embed-youtube wp-embed-aspect-4-3 wp-has-aspect-ratio"><div class="wp-block-embed__wrapper">
<iframe loading="lazy" title="Michal Urbaniak ft  Urszula Dudziak  ~ A Day In The Park" width="500" height="375" src="https://www.youtube.com/embed/B3vB2UVW5nU?feature=oembed" frameborder="0" allow="accelerometer; autoplay; clipboard-write; encrypted-media; gyroscope; picture-in-picture; web-share" referrerpolicy="strict-origin-when-cross-origin" allowfullscreen></iframe>
</div></figure><br>

<section id="apple-embed-block_696bd7bbe7525" class="apple-embed">
  <iframe allow="autoplay *; encrypted-media *;" frameborder="0" height="450" style="width:100%;max-width:660px;overflow:hidden;background:transparent;" sandbox="allow-forms allow-popups allow-same-origin allow-scripts allow-storage-access-by-user-activation allow-top-navigation-by-user-activation" src="https://embed.music.apple.com/pl/album/fusion/162248843?l=pl"></iframe></section>

<section id="concert-info-block_696bd7bbe812e" class="concert-info">

  <div class="concert-info__column concert-info__column--info fs-20 lh-1-4 ls-0-4 fs-dt-32 lh-dt-1-04 ls-dt-0">
      <p class="concert-info__info">Door 19:00<br />
Concert 20:30</p>
    </div>

  <div class="concert-info__column concert-info__column--additional fs-20 lh-1-4 ls-0-4">
      <p class="concert-info__additional">We do not take table reservations.<br />
We encourage you to arrive early and take a seat.</p>
    </div>

</section>

<!-- This site is optimized with the Yoast SEO plugin v26.4 - https://yoast.com/wordpress/plugins/seo/ -->
<title>Michał Urbaniak&#039;s Birthday - jassmine</title>
<meta name="robots" content="index, follow, max-snippet:-1, max-image-preview:large, max-video-preview:-1" />
<link rel="canonical" href="https://jassmine.com/en/concert/michal-urbaniaks-birthday/" />
<meta property="og:locale" content="en_US" />
<meta property="og:type" content="article" />
<meta property="og:title" content="Michał Urbaniak&#039;s Birthday - jassmine" />
<meta property="og:url" content="https://jassmine.com/en/concert/michal-urbaniaks-birthday/" />
<meta property="og:site_name" content="jassmine" />
<meta property="article:modified_time" content="2026-01-18T13:10:24+00:00" />
<meta name="twitter:card" content="summary_large_image" />
<script type="application/ld+json" class="yoast-schema-graph">{"@context":"https://schema.org","@graph":[{"@type":"WebPage","@id":"https://jassmine.com/en/concert/michal-urbaniaks-birthday/","url":"https://jassmine.com/en/concert/michal-urbaniaks-birthday/","name":"Michał Urbaniak's Birthday - jassmine","isPartOf":{"@id":"https://jassmine.com/en/#website"},"datePublished":"2026-01-17T18:37:10+00:00","dateModified":"2026-01-18T13:10:24+00:00","breadcrumb":{"@id":"https://jassmine.com/en/concert/michal-urbaniaks-birthday/#breadcrumb"},"inLanguage":"en-US","potentialAction":[{"@type":"ReadAction","target":["https://jassmine.com/en/concert/michal-urbaniaks-birthday/"]}]},{"@type":"BreadcrumbList","@id":"https://jassmine.com/en/concert/michal-urbaniaks-birthday/#breadcrumb","itemListElement":[{"@type":"ListItem","position":1,"name":"Home","item":"https://jassmine.com/en/"},{"@type":"ListItem","position":2,"name":"Michał Urbaniak&#8217;s Birthday"}]},{"@type":"WebSite","@id":"https://jassmine.com/en/#website","url":"https://jassmine.com/en/","name":"jassmine","description":"","potentialAction":[{"@type":"SearchAction","target":{"@type":"EntryPoint","urlTemplate":"https://jassmine.com/en/?s={search_term_string}"},"query-input":{"@type":"PropertyValueSpecification","valueRequired":true,"valueName":"search_term_string"}}],"inLanguage":"en-US"}]}</script>
<!-- / Yoast SEO plugin. -->

Michał Urbaniak's Birthday - jassmine
